948
CXUS55 KCYS 011010
CF6CYS
PRELIMINARY LOCAL CLIMATOLOGICAL DATA (WS FORM: F-6) ...CORRECTED...
STATION: CHEYENNE WYOMING AIRPORT
MONTH: JULY
YEAR: 2020
LATITUDE: 41 9 N
LONGITUDE: 104 49 W
TEMPERATURE IN F: :PCPN: SNOW: WIND :SUNSHINE: SKY :PK WND
================================================================================
1 2 3 4 5 6A 6B 7 8 9 10 11 12 13 14 15 16 17 18
12Z AVG MX 2MIN
DY MAX MIN AVG DEP HDD CDD WTR SNW DPTH SPD SPD DIR MIN PSBL S-S WX SPD DR
================================================================================
1 83 48 66 -1 0 1 0.00 0.0 0 13.3 24 180 M M 0 36 170
2 91 59 75 7 0 10 0.00 0.0 0 11.6 23 150 M M 0 8 32 140
3 91 57 74 6 0 9 0.13 0.0 0 12.5 30 130 M M 0 38 44 150
4 85 57 71 3 0 6 T 0.0 0 10.6 25 240 M M 1 3 35 230
5 89 53 71 3 0 6 0.14 0.0 0 8.6 23 120 M M 0 3 32 10
6 91 53 72 4 0 7 0.00 0.0 0 8.9 28 350 M M 1 3 38 350
7 96 53 75 6 0 10 0.00 0.0 0 10.4 30 160 M M 0 3 43 160
8 93 56 75 6 0 10 0.00 0.0 0 9.1 24 210 M M 0 8 34 270
9 86 57 72 3 0 7 0.00 0.0 0 9.5 23 80 M M 1 30 80
10 96 60 78 9 0 13 0.00 0.0 0 12.7 28 280 M M 1 1 38 280
11 92 56 74 5 0 9 0.00 0.0 0 8.4 26 120 M M 0 35 120
12 96 54 75 5 0 10 T 0.0 0 9.4 33 270 M M 0 3 52 350
13 93 59 76 6 0 11 0.13 0.0 0 12.4 43 290 M M 1 3 61 280
14 75 51 63 -7 2 0 T 0.0 0 12.0 22 170 M M 4 3 30 340
15 76 52 64 -6 1 0 0.00 0.0 0 12.1 25 170 M M 5 1 33 80
16 89 56 73 3 0 8 0.00 0.0 0 10.8 26 170 M M 0 3 37 170
17 94 58 76 6 0 11 0.00 0.0 0 11.0 22 320 M M 1 33 320
18 93 62 78 8 0 13 T 0.0 0 11.1 24 10 M M 0 3 36 310
19 90 62 76 6 0 11 T 0.0 0 12.4 29 210 M M 4 1 39 220
20 84 52 68 -2 0 3 0.10 0.0 0 9.0 25 20 M M 2 3 37 20
21 84 55 70 0 0 5 0.45 T T 8.5 35 80 M M 3 135 48 70
22 89 56 73 3 0 8 0.38 T 0 10.0 25 280 M M 1 35 32 280
23 86 63 75 5 0 10 0.17 0.0 0 10.8 26 230 M M 3 3 39 230
24 80 62 71 1 0 6 T 0.0 0 9.1 23 320 M M 3 31 330
25 83 61 72 2 0 7 T 0.0 0 6.9 23 210 M M 5 33 200
26 76 59 68 -2 0 3 0.00 0.0 0 7.9 17 50 M M 5 23 360
27 83 59 71 1 0 6 0.00 0.0 0 10.4 21 150 M M 4 1 30 150
28 81 55 68 -2 0 3 0.16 0.0 0 8.1 24 290 M M 0 3 35 290
29 82 56 69 -1 0 4 T 0.0 0 12.2 25 10 M M 2 3 43 360
30 72 54 63 -7 2 0 0.01 0.0 0 9.4 22 360 M M 3 31 60
31 83 52 68 -2 0 3 0.00 0.0 0 9.6 22 350 M M 0 33 360
================================================================================
SM 2682 1747 5 210 1.67 T 318.7 M 50
================================================================================
AV 86.5 56.4 10.3 FASTST M M 2 MAX(MPH)
MISC ----> # 43 290 # 61 280
================================================================================
NOTES:
# LAST OF SEVERAL OCCURRENCES
COLUMN 17 PEAK WIND IN M.P.H.
PRELIMINARY LOCAL CLIMATOLOGICAL DATA (WS FORM: F-6) , PAGE 2
STATION: CHEYENNE WYOMING AIRPORT
MONTH: JULY
YEAR: 2020
LATITUDE: 41 9 N
LONGITUDE: 104 49 W
[TEMPERATURE DATA] [PRECIPITATION DATA] SYMBOLS USED IN COLUMN 16
AVERAGE MONTHLY: 71.4 TOTAL FOR MONTH: 1.67 1 = FOG OR MIST
DPTR FM NORMAL: 2.0 DPTR FM NORMAL: -0.52 2 = FOG REDUCING VISIBILITY
HIGHEST: 96 ON 12,10 GRTST 24HR 0.45 ON 21-21 TO 1/4 MILE OR LESS
LOWEST: 48 ON 1 3 = THUNDER
SNOW, ICE PELLETS, HAIL 4 = ICE PELLETS
TOTAL MONTH: T 5 = HAIL
GRTST 24HR T ON 22-22 6 = FREEZING RAIN OR DRIZZLE
GRTST DEPTH: T 7 = DUSTSTORM OR SANDSTORM:
VSBY 1/2 MILE OR LESS
8 = SMOKE OR HAZE
[NO. OF DAYS WITH] [WEATHER - DAYS WITH] 9 = BLOWING SNOW
X = TORNADO
MAX 32 OR BELOW: 0 0.01 INCH OR MORE: 9
MAX 90 OR ABOVE: 12 0.10 INCH OR MORE: 8
MIN 32 OR BELOW: 0 0.50 INCH OR MORE: 0
MIN 0 OR BELOW: 0 1.00 INCH OR MORE: 0
[HDD (BASE 65) ]
TOTAL THIS MO. 5 CLEAR (SCALE 0-3) 22
DPTR FM NORMAL -17 PTCLDY (SCALE 4-7) 9
TOTAL FM JUL 1 5 CLOUDY (SCALE 8-10) 0
DPTR FM NORMAL -17
[CDD (BASE 65) ]
TOTAL THIS MO. 210
DPTR FM NORMAL 50 [PRESSURE DATA]
TOTAL FM JAN 1 320 HIGHEST SLP 30.22 ON 30
DPTR FM NORMAL 110 LOWEST SLP 29.62 ON 13
[REMARKS]
JULY 12TH...RECORD HIGH 96 DEGREES (PREVIOUS 95 DEGREES IN 1971).
#FINAL-07-20#