000
CXUS53 KMPX 011335
CLMSTC
CLIMATE REPORT
NATIONAL WEATHER SERVICE TWIN CITIES/CHANHASSEN MN
835 AM CDT SAT JUL 01 2023
...................................
...THE ST CLOUD MN CLIMATE SUMMARY FOR THE MONTH OF JUNE 2023...
CLIMATE NORMAL PERIOD 1991 TO 2020
CLIMATE RECORD PERIOD 1893 TO 2023
WEATHER OBSERVED NORMAL DEPART LAST YEAR`S
VALUE DATE(S) VALUE FROM VALUE DATE(S)
NORMAL
................................................................
TEMPERATURE (F)
RECORD
HIGH 102 06/24/1988
06/28/1931
LOW 32 06/01/1993
HIGHEST 92 06/20 88 4 101 06/20
06/22
LOWEST 44 06/16 46 -2 44 06/04
AVG. MAXIMUM 84.5 77.2 7.3 81.6
AVG. MINIMUM 58.6 54.8 3.8 57.0
MEAN 71.5 66.0 5.5 69.3
DAYS MAX >= 90 8 1.7 6.3 4
DAYS MAX <= 32 0 0.0 0.0 0
DAYS MIN <= 32 0 0.0 0.0 0
DAYS MIN <= 0 0 0.0 0.0 0
PRECIPITATION (INCHES)
RECORD
MAXIMUM 10.56 1920
MINIMUM 0.05 1988
TOTALS 0.67 3.75 -3.08 5.44
DAILY AVG. 0.02 0.13 -0.11 0.18
DAYS >= .01 8 12.3 -4.3 10
DAYS >= .10 1 7.6 -6.6 5
DAYS >= .50 0 2.3 -2.3 3
DAYS >= 1.00 0 0.8 -0.8 1
GREATEST
24 HR. TOTAL 0.48 06/25 TO 06/25
SNOWFALL (INCHES)
RECORDS
TOTAL T 2011
TOTALS 0.0 0.0 0.0 0.0
SINCE 7/1 88.2 47.9 40.3 MM
SNOWDEPTH AVG. 0 0
DAYS >= 1.0 0 0.0 0.0 0
GREATEST
SNOW DEPTH 0 0 MM
24 HR TOTAL 0.0
DEGREE DAYS
HEATING TOTAL 13 67 -54 33
SINCE 7/1 8132 8490 -358 MM
COOLING TOTAL 217 97 120 168
SINCE 1/1 273 122 151 MM
................................................................
WIND (MPH)
AVERAGE WIND SPEED 6.3
HIGHEST WIND SPEED/DIRECTION 24/120 DATE 06/01
24/300 06/29
HIGHEST GUST SPEED/DIRECTION 38/140 DATE 06/01
SKY COVER
POSSIBLE SUNSHINE (PERCENT) MM
AVERAGE SKY COVER 0.23
NUMBER OF DAYS FAIR 21
NUMBER OF DAYS PC 8
NUMBER OF DAYS CLOUDY 1
AVERAGE RH (PERCENT) 62
WEATHER CONDITIONS. NUMBER OF DAYS WITH
THUNDERSTORM 4 MIXED PRECIP 0
HEAVY RAIN 1 RAIN 2
LIGHT RAIN 7 FREEZING RAIN 0
LT FREEZING RAIN 0 HAIL 0
HEAVY SNOW 0 SNOW 0
LIGHT SNOW 0 SLEET 0
FOG 4 FOG W/VIS <= 1/4 MILE 2
HAZE 6
- INDICATES NEGATIVE NUMBERS.
R INDICATES RECORD WAS SET OR TIED.
MM INDICATES DATA IS MISSING.
T INDICATES TRACE AMOUNT.
$$