000
CXUS55 KABR 281400
CF6ABR
PRELIMINARY LOCAL CLIMATOLOGICAL DATA (WS FORM: F-6)

                                          STATION:   ABERDEEN SD
                                          MONTH:     JANUARY
                                          YEAR:      2015
                                          LATITUDE:   45 27 N
                                          LONGITUDE:  98 26 W

  TEMPERATURE IN F:       :PCPN:    SNOW:  WIND      :SUNSHINE: SKY     :PK WND
================================================================================
1   2   3   4   5  6A  6B    7    8   9   10  11  12  13   14  15   16   17  18
                                     12Z  AVG MX 2MIN
DY MAX MIN AVG DEP HDD CDD  WTR  SNW DPTH SPD SPD DIR MIN PSBL S-S WX    SPD DR
================================================================================

 1  34  12  23  11  42   0 0.00  0.0    T 10.5 24 280   M    M   8        30 270
 2  36  20  28  16  37   0 0.00  0.0    T 12.6 22 170   M    M   5        29 170
 3  25  -5  10  -2  55   0    T    T    T 22.2 35 350   M    M   6 8      44 350
 4   4  -9  -2 -14  67   0 0.00  0.0    T 12.5 22 330   M    M   2        28 320
 5   4 -18  -7 -19  72   0 0.21  2.7    T  8.8 16  70   M    M   4 18     18 170
 6   8 -18  -5 -17  70   0 0.00  0.0    3 17.3 30 330   M    M   2 8      34 330
 7   2 -17  -7 -19  72   0 0.00  0.0    3 11.3 23 160   M    M   0        27 160
 8  20   1  11  -1  54   0 0.02  0.2    3 25.1 45 320   M    M   7 89     58 330
 9   8 -13  -2 -14  67   0 0.00  0.0    3 11.1 30 320   M    M   2        38 320
10  15 -10   3  -9  62   0 0.00  0.0    3  5.8 13 360   M    M   1        14 360
11  15  -2   7  -5  58   0 0.00  0.0    1  7.1 10  10   M    M   7        13  30
12   4 -19  -7 -19  72   0 0.00  0.0    1  7.0 20 360   M    M   0        23 360
13  19 -16   2 -10  63   0    T    T    1   M   M   M   M    M   5 1       M  M
14  30   2  16   4  49   0 0.00  0.0    1  6.7 14 210   M    M   2        22 220
15  39  14  27  15  38   0 0.00  0.0    1  7.8 14 240   M    M   0        18 320
16  34  14  24  12  41   0 0.03  0.0    1  6.9 14 100   M    M   4 1268   17 110
17  43  27  35  23  30   0    T  0.0    T 17.3 29 310   M    M   4        40 330
18  48  18  33  21  32   0 0.00  0.0    T  5.3 14 290   M    M   1        17 290
19  47  27  37  25  28   0 0.13  0.0    T 10.5 23 300   M    M   5        29 300
20  38  28  33  21  32   0 0.11  1.2    0 10.0 18 330   M    M  10 1      20 330
21  28  11  20   8  45   0 0.01  0.1    1  7.3 17 340   M    M   9 1      20 350
22  33  13  23  11  42   0 0.00  0.0    1 10.4 20 190   M    M   2        23 190
23  43  16  30  18  35   0 0.00  0.0    1  8.3 16 310   M    M   1        20 310
24  40  25  33  21  32   0 0.16  0.3    T  7.5 21 350   M    M   5 1      26  10
25  32  27  30  18  35   0 0.01  0.1    T  7.8 18 350   M    M   9 1      22 350
26  48  28  38  26  27   0 0.00  0.0    0  9.6 20 330   M    M   1        24 330
27  44  25  35  23  30   0 0.00  0.0    0  9.5 21 160   M    M   0 1      26 160
================================================================================
SM  741  181      1287   0  0.68     4.6 276.2          M      102
================================================================================
AV 27.4  6.7                              10.6 FASTST   M    M   4    MAX(MPH)
                                 MISC ---->  # 45 320               # 58  330
================================================================================
NOTES:
# LAST OF SEVERAL OCCURRENCES

COLUMN 17 PEAK WIND IN M.P.H.

PRELIMINARY LOCAL CLIMATOLOGICAL DATA (WS FORM: F-6) , PAGE 2

                                          STATION:  ABERDEEN SD
                                          MONTH:    JANUARY
                                          YEAR:     2015
                                          LATITUDE:   45 27 N
                                          LONGITUDE:  98 26 W

[TEMPERATURE DATA]      [PRECIPITATION DATA]       SYMBOLS USED IN COLUMN 16

AVERAGE MONTHLY: 17.1   TOTAL FOR MONTH:   0.68    1 = FOG OR MIST
DPTR FM NORMAL:   5.1   DPTR FM NORMAL:    0.26    2 = FOG REDUCING VISIBILITY
HIGHEST:    48 ON 26,18 GRTST 24HR  0.21 ON  5- 5      TO 1/4 MILE OR LESS
LOWEST:    -19 ON 12                               3 = THUNDER
                        SNOW, ICE PELLETS, HAIL    4 = ICE PELLETS
                        TOTAL MONTH:   4.6 INCHES  5 = HAIL
                        GRTST 24HR   2.7 ON   M    6 = FREEZING RAIN OR DRIZZLE
                        GRTST DEPTH:   3 ON 10, 9  7 = DUSTSTORM OR SANDSTORM:
                                                       VSBY 1/2 MILE OR LESS
                                                   8 = SMOKE OR HAZE
[NO. OF DAYS WITH]      [WEATHER - DAYS WITH]      9 = BLOWING SNOW
                                                   X = TORNADO
MAX 32 OR BELOW:  14    0.01 INCH OR MORE:   8
MAX 90 OR ABOVE:   0    0.10 INCH OR MORE:   4
MIN 32 OR BELOW:  27    0.50 INCH OR MORE:   0
MIN  0 OR BELOW:  10    1.00 INCH OR MORE:   0

[HDD (BASE 65) ]
TOTAL THIS MO.  1287    CLEAR  (SCALE 0-3)  13
DPTR FM NORMAL  -143    PTCLDY (SCALE 4-7)  10
TOTAL FM JUL 1  4646    CLOUDY (SCALE 8-10)  4
DPTR FM NORMAL  -275

[CDD (BASE 65) ]
TOTAL THIS MO.     0
DPTR FM NORMAL     0    [PRESSURE DATA]
TOTAL FM JAN 1     0    HIGHEST SLP M ON M
DPTR FM NORMAL     0    LOWEST  SLP 29.57 ON 17

[REMARKS]
