000
CXUS51 KALY 010721
CLSPSF

CLIMATE REPORT - SEASONAL
NATIONAL WEATHER SERVICE ALBANY NY
213 AM EST TUE DEC 1 2015

...................................

...THE PITTSFIELD MA CLIMATE SUMMARY FOR THE SEASON, FROM
9/1/2015 TO 11/30/2015...

CLIMATE NORMAL PERIOD 1981 TO 2010
CLIMATE RECORD PERIOD 9999 TO 9999

WEATHER         OBSERVED          NORMAL  DEPART  LAST YEAR`S
                 VALUE   DATE(S)  VALUE   FROM    VALUE  DATE(S)
                                          NORMAL
................................................................
TEMPERATURE (F)
HIGHEST            88   09/08                         85  09/06
                        09/07
LOWEST             16   11/24                         11  11/29
AVG. MAXIMUM     61.6              57.9     3.7     57.5
AVG. MINIMUM     39.5              38.0     1.5     38.7
MEAN             50.6              48.0     2.6     48.1
DAYS MAX >= 90      0               0.2    -0.2        0
DAYS MAX <= 32      0               2.2    -2.2        6
DAYS MIN <= 32     24              29.5    -5.5       29
DAYS MIN <= 0       0               0.0     0.0        0

PRECIPITATION (INCHES)
TOTALS           9.71             12.60   -2.89     9.50
DAILY AVG.       0.11              0.14   -0.03     0.11
DAYS >= .01        28                                 36
DAYS >= .10        17                                 18
DAYS >= .50         7                                  6
DAYS >= 1.00        3                                  2
GREATEST
 24 HR. TOTAL    2.48   09/29 TO 09/30

DEGREE_DAYS
HEATING TOTAL    1345              1573    -228
 SINCE 7/1       1373              1651    -278
COOLING TOTAL      53                20      33
 SINCE 1/1        361               290      71

FREEZE DATES
EARLIEST                        10/04
LATEST                          05/07
.................................................................

WIND (MPH)
AVERAGE WIND SPEED              5.7
HIGHEST WIND SPEED/DIRECTION    35/250    DATE  10/29
HIGHEST GUST SPEED/DIRECTION    45/260    DATE  10/29


WEATHER CONDITIONS. NUMBER OF DAYS WITH
THUNDERSTORM              2     MIXED PRECIP               0
HEAVY RAIN               10     RAIN                      15
LIGHT RAIN               34     FREEZING RAIN              0
LT FREEZING RAIN          0     HAIL                       0
HEAVY SNOW                0     SNOW                       0
LIGHT SNOW                2     SLEET                      0
FOG                      55     FOG W/VIS <= 1/4 MILE     21
HAZE                      7

-  INDICATES NEGATIVE NUMBERS.
R  INDICATES RECORD WAS SET OR TIED.
MM INDICATES DATA IS MISSING.
T  INDICATES TRACE AMOUNT.

$$
