000
CXUS55 KCYS 011610
CF6TOR
PRELIMINARY LOCAL CLIMATOLOGICAL DATA (WS FORM: F-6)
STATION: TORRINGTON WY AIRPORT
MONTH: MAY
YEAR: 2023
LATITUDE: 42 3 N
LONGITUDE: 104 9 W
TEMPERATURE IN F: :PCPN: SNOW: WIND :SUNSHINE: SKY :PK WND
================================================================================
1 2 3 4 5 6A 6B 7 8 9 10 11 12 13 14 15 16 17 18
12Z AVG MX 2MIN
DY MAX MIN AVG DEP HDD CDD WTR SNW DPTH SPD SPD DIR MIN PSBL S-S WX SPD DR
================================================================================
1 71 32 52 2 13 0 0.00 M M 9.1 16 90 M M 0 29 110
2 75 31 53 2 12 0 0.00 M M 13.5 26 150 M M 0 34 130
3 83 41 62 11 3 0 0.00 M M 8.4 26 60 M M 0 36 50
4 83 41 62 11 3 0 T M M 9.4 30 30 M M 3 3 40 70
5 77 41 59 7 6 0 0.08 M M 8.3 26 260 M M 3 3 38 260
6 72 38 55 3 10 0 0.00 M M 9.8 25 280 M M 3 12 40 300
7 69 43 56 4 9 0 T M M 9.6 30 190 M M 3 43 190
8 77 46 62 9 3 0 T M M 11.2 23 220 M M 2 3 34 210
9 78 43 61 8 4 0 0.26 M M 9.3 30 150 M M 1 3 42 160
10 74 52 63 9 2 0 0.31 M M 13.8 40 170 M M 5 138 52 160
11 65 52 59 5 6 0 0.37 M M 10.4 22 350 M M 8 1 37 330
12 55 50 53 -1 12 0 1.24 M M 20.3 32 330 M M 10 1 48 340
13 60 50 55 0 10 0 0.09 M M 12.7 26 320 M M 10 1 38 320
14 54 51 53 -2 12 0 0.58 M M 9.8 20 40 M M 10 1 26 50
15 66 48 57 1 8 0 T M M 7.1 14 190 M M 6 19 180
16 79 45 62 6 3 0 0.00 M M 7.3 20 350 M M 1 31 340
17 77 46 62 6 3 0 0.08 M M 7.3 29 330 M M 2 13 42 330
18 63 49 56 -1 9 0 0.04 M M 5.8 16 30 M M 7 138 20 30
19 64 41 53 -4 12 0 0.00 M M 6.6 15 30 M M 4 18 19 30
20 75 42 59 1 6 0 0.00 M M 5.7 10 170 M M 0 18 16 140
21 80 41 61 3 4 0 0.00 M M 4.7 13 30 M M 1 18 40
22 80 47 64 6 1 0 0.00 M M 7.0 15 180 M M 0 18 20 160
23 82 51 67 8 0 2 0.00 M M 8.5 18 120 M M 0 25 110
24 79 53 66 7 0 1 0.18 M M 12.0 28 170 M M 3 13 37 170
25 79 53 66 6 0 1 0.01 M M 12.3 24 140 M M 1 13 35 160
26 80 53 67 7 0 2 0.21 M M 15.1 33 170 M M 6 3 42 180
27 82 50 66 6 0 1 0.39 M M 15.5 36 140 M M 3 3 47 140
28 78 51 65 4 0 0 0.01 M M 7.0 18 190 M M 1 3 26 170
29 81 48 65 4 0 0 T M M 7.3 22 300 M M 1 3 31 280
30 84 48 66 4 0 1 0.05 M M 7.5 45 160 M M 1 3 56 150
31 81 49 65 3 0 0 0.22 M M 10.4 47 30 M M 3 13 56 30
================================================================================
SM 2303 1426 151 8 4.12 M 302.7 M 98
================================================================================
AV 74.3 46.0 9.8 FASTST M M 3 MAX(MPH)
MISC ----> 47 30 # 56 150
================================================================================
NOTES:
# LAST OF SEVERAL OCCURRENCES
COLUMN 17 PEAK WIND IN M.P.H.
PRELIMINARY LOCAL CLIMATOLOGICAL DATA (WS FORM: F-6) , PAGE 2
STATION: TORRINGTON WY AIRPORT
MONTH: MAY
YEAR: 2023
LATITUDE: 42 3 N
LONGITUDE: 104 9 W
[TEMPERATURE DATA] [PRECIPITATION DATA] SYMBOLS USED IN COLUMN 16
AVERAGE MONTHLY: 60.1 TOTAL FOR MONTH: 4.12 1 = FOG OR MIST
DPTR FM NORMAL: 4.1 DPTR FM NORMAL: 1.59 2 = FOG REDUCING VISIBILITY
HIGHEST: 84 ON 30 GRTST 24HR 1.54 ON 11-12 TO 1/4 MILE OR LESS
LOWEST: 31 ON 2 3 = THUNDER
SNOW, ICE PELLETS, HAIL 4 = ICE PELLETS
TOTAL MONTH: M 5 = HAIL
GRTST 24HR M ON M 6 = FREEZING RAIN OR DRIZZLE
GRTST DEPTH: M ON M 7 = DUSTSTORM OR SANDSTORM:
VSBY 1/2 MILE OR LESS
8 = SMOKE OR HAZE
[NO. OF DAYS WITH] [WEATHER - DAYS WITH] 9 = BLOWING SNOW
X = TORNADO
MAX 32 OR BELOW: 0 0.01 INCH OR MORE: 16
MAX 90 OR ABOVE: 0 0.10 INCH OR MORE: 9
MIN 32 OR BELOW: 2 0.50 INCH OR MORE: 2
MIN 0 OR BELOW: 0 1.00 INCH OR MORE: 1
[HDD (BASE 65) ]
TOTAL THIS MO. 151 CLEAR (SCALE 0-3) 21
DPTR FM NORMAL -146 PTCLDY (SCALE 4-7) 7
TOTAL FM JUL 1 6518 CLOUDY (SCALE 8-10) 3
DPTR FM NORMAL 99
[CDD (BASE 65) ]
TOTAL THIS MO. 8
DPTR FM NORMAL -10 [PRESSURE DATA]
TOTAL FM JAN 1 8 HIGHEST SLP 30.50 ON 14
DPTR FM NORMAL -11 LOWEST SLP 29.61 ON 4
[REMARKS]
#FINAL-05-23#