000
CXHW52 PHFO 011250
CF6MKK
PRELIMINARY LOCAL CLIMATOLOGICAL DATA (WS FORM: F-6)
STATION: MOLOKAI HI
MONTH: JANUARY
YEAR: 2023
LATITUDE: 21 8 N
LONGITUDE: 157 6 W
TEMPERATURE IN F: :PCPN: SNOW: WIND :SUNSHINE: SKY :PK WND
================================================================================
1 2 3 4 5 6A 6B 7 8 9 10 11 12 13 14 15 16 17 18
12Z AVG MX 2MIN
DY MAX MIN AVG DEP HDD CDD WTR SNW DPTH SPD SPD DIR MIN PSBL S-S WX SPD DR
================================================================================
1 82 62 72 0 0 7 0.00 M M 5.2 10 40 M M 3 17 40
2 82 64 73 1 0 8 0.00 M M 4.4 12 170 M M 4 17 170
3 78 64 71 -1 0 6 0.04 M M 6.9 15 360 M M 9 1 19 10
4 78 69 74 2 0 9 0.26 M M 7.1 17 50 M M 8 1 23 40
5 79 64 72 0 0 7 0.00 M M 4.5 12 20 M M 3 18 40
6 81 66 74 2 0 9 0.00 M M 7.2 16 110 M M 1 21 360
7 82 66 74 2 0 9 0.00 M M 3.8 14 160 M M 2 17 170
8 80 62 71 -1 0 6 0.00 M M 6.5 14 360 M M 3 18 10
9 81 60 71 -1 0 6 0.00 M M 4.9 14 50 M M 2 19 40
10 80 65 73 1 0 8 0.00 M M 5.6 14 320 M M 4 17 320
11 79 66 73 1 0 8 0.00 M M 9.0 18 350 M M 3 24 10
12 79 59 69 -3 0 4 0.00 M M 5.2 17 70 M M 1 22 80
13 80 56 68 -4 0 3 0.00 M M 2.6 9 70 M M 1 14 220
14 80 56 68 -4 0 3 0.00 M M 4.5 12 140 M M 2 15 120
15 80 62 71 0 0 6 0.00 M M 4.7 15 60 M M 7 19 50
16 82 63 73 2 0 8 0.00 M M 3.0 10 160 M M 3 14 160
17 83 62 73 2 0 8 0.00 M M 2.6 10 340 M M 1 13 150
18 84 60 72 1 0 7 0.00 M M 4.4 9 160 M M 1 M M
19 81 61 71 0 0 6 0.00 M M 4.1 12 50 M M 1 16 50
20 81 64 73 2 0 8 0.00 M M 6.9 17 160 M M 3 22 170
21 81 62 72 1 0 7 0.00 M M 5.0 15 180 M M 3 19 180
22 83 61 72 1 0 7 0.00 M M 6.2 16 50 M M 1 22 50
23 81 59 70 -1 0 5 0.00 M M 2.7 9 70 M M 2 8 11 340
24 80 61 71 0 0 6 0.47 M M 2.9 12 360 M M 4 1 15 180
25 81 62 72 1 0 7 0.98 M M 5.5 17 350 M M 4 1 23 350
26 75 66 71 0 0 6 0.09 M M 11.8 21 340 M M 9 1 27 340
27 73 67 70 -1 0 5 0.18 M M 12.9 22 10 M M 9 1 29 10
28 71 65 68 -3 0 3 5.02 M M 13.2 22 350 M M 10 1 30 M
29 71 67 69 -2 0 4 1.17 M M 10.9 21 350 M M 8 1 31 M
30 77 62 70 -2 0 5 0.09 M M 7.7 18 160 M M 7 1 24 360
31 80 63 72 0 0 7 0.00 M M 4.0 8 150 M M 1 M M
================================================================================
SM 2465 1946 0 198 8.30 M 185.8 M 120
================================================================================
AV 79.5 62.8 6.0 FASTST M M 4 MAX(MPH)
MISC ----> 22 10 31 9999
================================================================================
NOTES:
# LAST OF SEVERAL OCCURRENCES
COLUMN 17 PEAK WIND IN M.P.H.
PRELIMINARY LOCAL CLIMATOLOGICAL DATA (WS FORM: F-6) , PAGE 2
STATION: MOLOKAI HI
MONTH: JANUARY
YEAR: 2023
LATITUDE: 21 8 N
LONGITUDE: 157 6 W
[TEMPERATURE DATA] [PRECIPITATION DATA] SYMBOLS USED IN COLUMN 16
AVERAGE MONTHLY: 71.1 TOTAL FOR MONTH: 8.30 1 = FOG OR MIST
DPTR FM NORMAL: -0.5 DPTR FM NORMAL: 4.74 2 = FOG REDUCING VISIBILITY
HIGHEST: 84 ON 18 GRTST 24HR 5.02 ON 28-28 TO 1/4 MILE OR LESS
LOWEST: 56 ON 14,13 3 = THUNDER
SNOW, ICE PELLETS, HAIL 4 = ICE PELLETS
TOTAL MONTH: M 5 = HAIL
GRTST 24HR M ON M 6 = FREEZING RAIN OR DRIZZLE
GRTST DEPTH: M ON M 7 = DUSTSTORM OR SANDSTORM:
VSBY 1/2 MILE OR LESS
8 = SMOKE OR HAZE
[NO. OF DAYS WITH] [WEATHER - DAYS WITH] 9 = BLOWING SNOW
X = TORNADO
MAX 32 OR BELOW: 0 0.01 INCH OR MORE: 9
MAX 90 OR ABOVE: 0 0.10 INCH OR MORE: 6
MIN 32 OR BELOW: 0 0.50 INCH OR MORE: 3
MIN 0 OR BELOW: 0 1.00 INCH OR MORE: 2
[HDD (BASE 65) ]
TOTAL THIS MO. 0 CLEAR (SCALE 0-3) 17
DPTR FM NORMAL 0 PTCLDY (SCALE 4-7) 9
TOTAL FM JUL 1 0 CLOUDY (SCALE 8-10) 5
DPTR FM NORMAL 0
[CDD (BASE 65) ]
TOTAL THIS MO. 198
DPTR FM NORMAL -5 [PRESSURE DATA]
TOTAL FM JAN 1 198 HIGHEST SLP M ON M
DPTR FM NORMAL -5 LOWEST SLP 29.85 ON 30
[REMARKS]
#FINAL-01-23#