000
CXUS54 KMAF 011901
CF6INK
PRELIMINARY LOCAL CLIMATOLOGICAL DATA (WS FORM: F-6)
STATION: WINK
MONTH: DECEMBER
YEAR: 2022
LATITUDE: 31 46 N
LONGITUDE: 103 12 W
TEMPERATURE IN F: :PCPN: SNOW: WIND :SUNSHINE: SKY :PK WND
================================================================================
1 2 3 4 5 6A 6B 7 8 9 10 11 12 13 14 15 16 17 18
12Z AVG MX 2MIN
DY MAX MIN AVG DEP HDD CDD WTR SNW DPTH SPD SPD DIR MIN PSBL S-S WX SPD DR
================================================================================
1 57 37 47 -1 18 0 0.00 M M 9.1 15 150 M M 0 20 120
2 80 33 57 9 8 0 0.00 M M 7.3 29 260 M M 0 37 270
3 56 42 49 1 16 0 0.00 M M 8.1 23 60 M M 0 8 33 40
4 62 38 50 3 15 0 T M M 3.4 14 120 M M 1 17 170
5 78 47 63 16 2 0 0.00 M M 9.2 28 250 M M 0 36 250
6 75 58 67 20 0 2 T M M 8.2 16 270 M M 1 21 270
7 73 58 66 19 0 1 0.04 M M 6.2 15 300 M M 7 21 300
8 72 52 62 16 3 0 0.01 M M 4.3 13 280 M M 0 2 18 280
9 65 49 57 11 8 0 0.01 M M 5.7 12 140 M M 6 18 16 130
10 63 50 57 11 8 0 0.03 M M 4.3 14 130 M M 6 128 16 140
11 65 52 59 13 6 0 0.00 M M 7.6 15 130 M M 6 12 22 130
12 74 49 62 16 3 0 0.00 M M 10.9 20 150 M M 2 12 26 150
13 57 40 49 3 16 0 0.00 M M 13.8 30 260 M M 1 38 260
14 56 34 45 0 20 0 0.00 M M 11.7 22 260 M M 1 29 290
15 57 25 41 -4 24 0 0.00 M M 4.5 14 270 M M 0 20 220
16 54 31 43 -2 22 0 0.00 M M 7.5 20 360 M M 0 28 360
17 54 20 37 -8 28 0 0.00 M M 6.7 14 130 M M 0 18 160
18 57 34 46 1 19 0 0.00 M M 12.8 22 150 M M 0 28 160
19 64 29 47 2 18 0 0.00 M M 7.3 18 280 M M 0 1 24 280
20 52 27 40 -4 25 0 0.00 M M 6.6 14 120 M M 0 17 130
21 58 32 45 1 20 0 0.00 M M 7.8 15 130 M M 3 1 20 140
22 37 14 26 -18 39 0 0.00 M M 13.9 32 30 M M 0 128 40 30
23 28 12 20 -24 45 0 0.00 M M 5.8 14 40 M M 0 18 30
24 39 17 28 -16 37 0 0.00 M M 6.3 15 160 M M 1 20 150
25 53 17 35 -9 30 0 0.00 M M 5.1 12 160 M M 0 16 210
26 62 25 44 0 21 0 0.00 M M 9.0 21 10 M M 0 29 10
27 68 25 47 3 18 0 0.00 M M 7.0 17 210 M M 0 24 210
28 72 35 54 10 11 0 0.00 M M 11.4 26 250 M M 0 34 250
29 67 45 56 12 9 0 0.00 M M 10.2 22 270 M M 0 29 280
30 57 36 47 3 18 0 0.03 M M 6.0 10 240 M M 4 13 270
31 71 41 56 12 9 0 0.00 M M 13.2 31 260 M M 0 40 260
================================================================================
SM 1883 1104 516 3 0.12 M 250.9 M 39
================================================================================
AV 60.7 35.6 8.1 FASTST M M 1 MAX(MPH)
MISC ----> 32 30 # 40 30
================================================================================
NOTES:
# LAST OF SEVERAL OCCURRENCES
COLUMN 17 PEAK WIND IN M.P.H.
PRELIMINARY LOCAL CLIMATOLOGICAL DATA (WS FORM: F-6) , PAGE 2
STATION: WINK
MONTH: DECEMBER
YEAR: 2022
LATITUDE: 31 46 N
LONGITUDE: 103 12 W
[TEMPERATURE DATA] [PRECIPITATION DATA] SYMBOLS USED IN COLUMN 16
AVERAGE MONTHLY: 48.2 TOTAL FOR MONTH: 0.12 1 = FOG OR MIST
DPTR FM NORMAL: 2.9 DPTR FM NORMAL: -0.38 2 = FOG REDUCING VISIBILITY
HIGHEST: 80 ON 2 GRTST 24HR 0.04 ON 7- 7 TO 1/4 MILE OR LESS
LOWEST: 12 ON 23 3 = THUNDER
SNOW, ICE PELLETS, HAIL 4 = ICE PELLETS
TOTAL MONTH: M 5 = HAIL
GRTST 24HR M ON M 6 = FREEZING RAIN OR DRIZZLE
GRTST DEPTH: M ON M 7 = DUSTSTORM OR SANDSTORM:
VSBY 1/2 MILE OR LESS
8 = SMOKE OR HAZE
[NO. OF DAYS WITH] [WEATHER - DAYS WITH] 9 = BLOWING SNOW
X = TORNADO
MAX 32 OR BELOW: 1 0.01 INCH OR MORE: 5
MAX 90 OR ABOVE: 0 0.10 INCH OR MORE: 0
MIN 32 OR BELOW: 12 0.50 INCH OR MORE: 0
MIN 0 OR BELOW: 0 1.00 INCH OR MORE: 0
[HDD (BASE 65) ]
TOTAL THIS MO. 516 CLEAR (SCALE 0-3) 26
DPTR FM NORMAL -93 PTCLDY (SCALE 4-7) 5
TOTAL FM JUL 1 1008 CLOUDY (SCALE 8-10) 0
DPTR FM NORMAL -49
[CDD (BASE 65) ]
TOTAL THIS MO. 3
DPTR FM NORMAL 3 [PRESSURE DATA]
TOTAL FM JAN 1 2887 HIGHEST SLP 30.72 ON 23
DPTR FM NORMAL 223 LOWEST SLP 29.52 ON 12
[REMARKS]
#FINAL-12-22#