000
CXUS54 KMAF 011920
CF6INK
PRELIMINARY LOCAL CLIMATOLOGICAL DATA (WS FORM: F-6)
STATION: WINK
MONTH: SEPTEMBER
YEAR: 2022
LATITUDE: 31 46 N
LONGITUDE: 103 12 W
TEMPERATURE IN F: :PCPN: SNOW: WIND :SUNSHINE: SKY :PK WND
================================================================================
1 2 3 4 5 6A 6B 7 8 9 10 11 12 13 14 15 16 17 18
12Z AVG MX 2MIN
DY MAX MIN AVG DEP HDD CDD WTR SNW DPTH SPD SPD DIR MIN PSBL S-S WX SPD DR
================================================================================
1 75 68 72 -9 0 7 0.10 M M 6.6 16 160 M M 7 1 19 160
2 83 69 76 -4 0 11 0.06 M M 4.9 14 150 M M 3 1 16 150
3 87 69 78 -2 0 13 0.00 M M 5.5 23 360 M M 2 13 29 360
4 88 66 77 -3 0 12 0.00 M M 4.9 12 110 M M 1 16 110
5 91 65 78 -2 0 13 0.00 M M 5.8 15 160 M M 0 19 130
6 92 65 79 0 0 14 0.00 M M 4.9 14 160 M M 0 17 160
7 91 64 78 -1 0 13 0.00 M M 7.9 20 60 M M 0 24 80
8 90 63 77 -2 0 12 0.00 M M 5.0 13 90 M M 0 15 80
9 93 63 78 0 0 13 0.00 M M 5.9 16 190 M M 0 19 200
10 93 69 81 3 0 16 0.00 M M 10.7 20 150 M M 0 25 160
11 79 61 70 -8 0 5 1.47 M M 9.6 25 50 M M 5 13 31 60
12 88 64 76 -2 0 11 T M M 5.4 13 190 M M 2 16 170
13 90 66 78 1 0 13 T M M 8.2 16 130 M M 1 21 130
14 88 68 78 1 0 13 0.00 M M 10.7 29 180 M M 1 3 35 180
15 89 66 78 1 0 13 M M M 11.3 16 150 M M 0 M M
16 93 66 80 4 0 15 0.00 M M 10.6 22 150 M M 0 30 150
17 93 68 81 5 0 16 0.00 M M 13.6 23 140 M M 0 29 140
18 92 68 80 4 0 15 0.00 M M 13.7 22 150 M M 0 28 150
19 91 70 81 6 0 16 0.00 M M 12.4 21 150 M M 1 26 150
20 93 70 82 7 0 17 T M M 11.2 18 140 M M 1 23 140
21 93 68 81 6 0 16 0.00 M M 10.2 17 160 M M 0 22 160
22 90 63 77 3 0 12 0.00 M M 9.8 20 100 M M 0 26 130
23 91 58 75 1 0 10 T M M 8.7 17 150 M M 0 22 140
24 94 61 78 4 0 13 T M M 7.8 14 150 M M 0 17 160
25 92 64 78 5 0 13 0.00 M M 9.8 20 80 M M 2 24 70
26 86 66 76 3 0 11 0.00 M M 8.2 21 120 M M 0 24 120
27 88 57 73 0 0 8 0.00 M M 6.9 14 160 M M 0 20 220
28 87 52 70 -2 0 5 0.00 M M 8.8 22 140 M M 0 28 140
29 87 53 70 -2 0 5 T M M 8.3 17 150 M M 0 23 130
30 88 53 71 -1 0 6 0.00 M M 9.6 22 150 M M 0 27 180
================================================================================
SM 2675 1923 0 357 1.63 M 256.9 M 26
================================================================================
AV 89.2 64.1 8.6 FASTST M M 1 MAX(MPH)
MISC ----> 29 180 35 180
================================================================================
NOTES:
# LAST OF SEVERAL OCCURRENCES
COLUMN 17 PEAK WIND IN M.P.H.
PRELIMINARY LOCAL CLIMATOLOGICAL DATA (WS FORM: F-6) , PAGE 2
STATION: WINK
MONTH: SEPTEMBER
YEAR: 2022
LATITUDE: 31 46 N
LONGITUDE: 103 12 W
[TEMPERATURE DATA] [PRECIPITATION DATA] SYMBOLS USED IN COLUMN 16
AVERAGE MONTHLY: 76.6 TOTAL FOR MONTH: 1.63 1 = FOG OR MIST
DPTR FM NORMAL: 0.2 DPTR FM NORMAL: 0.08 2 = FOG REDUCING VISIBILITY
HIGHEST: 94 ON 24 GRTST 24HR 1.47 ON 11-11 TO 1/4 MILE OR LESS
LOWEST: 52 ON 28 3 = THUNDER
SNOW, ICE PELLETS, HAIL 4 = ICE PELLETS
TOTAL MONTH: M 5 = HAIL
GRTST 24HR M ON M 6 = FREEZING RAIN OR DRIZZLE
GRTST DEPTH: M ON M 7 = DUSTSTORM OR SANDSTORM:
VSBY 1/2 MILE OR LESS
8 = SMOKE OR HAZE
[NO. OF DAYS WITH] [WEATHER - DAYS WITH] 9 = BLOWING SNOW
X = TORNADO
MAX 32 OR BELOW: 0 0.01 INCH OR MORE: 3
MAX 90 OR ABOVE: 17 0.10 INCH OR MORE: 2
MIN 32 OR BELOW: 0 0.50 INCH OR MORE: 1
MIN 0 OR BELOW: 0 1.00 INCH OR MORE: 1
[HDD (BASE 65) ]
TOTAL THIS MO. 0 CLEAR (SCALE 0-3) 27
DPTR FM NORMAL -8 PTCLDY (SCALE 4-7) 3
TOTAL FM JUL 1 0 CLOUDY (SCALE 8-10) 0
DPTR FM NORMAL -1
[CDD (BASE 65) ]
TOTAL THIS MO. 357
DPTR FM NORMAL 9 [PRESSURE DATA]
TOTAL FM JAN 1 2770 HIGHEST SLP 30.22 ON 11
DPTR FM NORMAL 228 LOWEST SLP 29.62 ON 9
[REMARKS]
#FINAL-09-22#