000
CXUS56 KLOX 011155
CF6VNY
PRELIMINARY LOCAL CLIMATOLOGICAL DATA (WS FORM: F-6)
STATION: VAN NUYS AIRPORT CA
MONTH: APRIL
YEAR: 2022
LATITUDE: 34 13 N
LONGITUDE: 118 29 W
TEMPERATURE IN F: :PCPN: SNOW: WIND :SUNSHINE: SKY :PK WND
================================================================================
1 2 3 4 5 6A 6B 7 8 9 10 11 12 13 14 15 16 17 18
12Z AVG MX 2MIN
DY MAX MIN AVG DEP HDD CDD WTR SNW DPTH SPD SPD DIR MIN PSBL S-S WX SPD DR
================================================================================
1 75 52 64 2 1 0 0.00 M M 3.6 14 170 M M 1 16 170
2 65 53 59 -3 6 0 0.00 M M 2.9 9 280 M M 8 18 15 340
3 70 55 63 1 2 0 0.00 M M 2.4 12 170 M M 7 16 170
4 81 50 66 4 0 1 0.00 M M 6.0 32 350 M M 2 128 42 360
5 89 64 77 15 0 12 0.00 M M 15.6 33 350 M M 0 42 350
6 96 59 78 16 0 13 0.00 M M 5.7 20 360 M M 0 24 350
7 96 61 79 17 0 14 0.00 M M 13.9 23 20 M M 0 30 10
8 98 73 86 24 0 21 0.00 M M 8.7 20 360 M M 0 24 350
9 87 59 73 11 0 8 0.00 M M 6.6 14 130 M M 0 19 30
10 73 56 65 2 0 0 0.00 M M 5.6 15 150 M M 4 18 19 180
11 69 54 62 -1 3 0 0.00 M M 5.9 23 350 M M 8 28 350
12 68 49 59 -4 6 0 0.00 M M 19.6 29 350 M M 1 41 10
13 74 50 62 -1 3 0 0.00 M M 9.2 29 10 M M 0 39 10
14 74 49 62 -1 3 0 0.00 M M 4.6 16 170 M M 0 19 180
15 76 51 64 1 1 0 0.00 M M 5.4 15 160 M M 0 19 150
16 69 54 62 -1 3 0 0.00 M M 6.0 13 240 M M 5 18 270
17 77 54 66 3 0 1 0.00 M M 4.8 14 170 M M 2 18 130
18 82 55 69 5 0 4 0.00 M M 3.8 14 170 M M 0 18 180
19 75 58 67 3 0 2 0.00 M M 5.5 16 150 M M 0 22 110
20 73 54 64 0 1 0 0.00 M M 7.0 16 150 M M 6 23 150
21 71 50 61 -3 4 0 0.30 M M 5.2 15 140 M M 3 1 19 230
22 67 53 60 -4 5 0 0.01 M M 6.1 16 310 M M 4 1 24 290
23 82 51 67 3 0 2 0.00 M M 6.9 18 10 M M 0 25 350
24 87 63 75 11 0 10 0.00 M M 10.5 22 360 M M 0 28 350
25 90 59 75 10 0 10 0.00 M M 3.6 16 300 M M 0 22 310
26 85 58 72 7 0 7 0.00 M M 5.5 15 90 M M 0 19 90
27 76 56 66 1 0 1 0.00 M M 6.7 15 140 M M 2 20 160
28 71 56 64 -1 1 0 0.00 M M 5.8 14 150 M M 6 8 18 170
29 79 51 65 0 0 0 0.00 M M 3.7 12 150 M M 0 18 180
30 84 56 70 4 0 5 0.00 M M 4.1 13 150 M M 0 18 140
================================================================================
SM 2359 1663 39 111 0.31 M 200.9 M 59
================================================================================
AV 78.6 55.4 6.7 FASTST M M 2 MAX(MPH)
MISC ----> 33 350 # 42 360
================================================================================
NOTES:
# LAST OF SEVERAL OCCURRENCES
COLUMN 17 PEAK WIND IN M.P.H.
PRELIMINARY LOCAL CLIMATOLOGICAL DATA (WS FORM: F-6) , PAGE 2
STATION: VAN NUYS AIRPORT CA
MONTH: APRIL
YEAR: 2022
LATITUDE: 34 13 N
LONGITUDE: 118 29 W
[TEMPERATURE DATA] [PRECIPITATION DATA] SYMBOLS USED IN COLUMN 16
AVERAGE MONTHLY: 67.0 TOTAL FOR MONTH: 0.31 1 = FOG OR MIST
DPTR FM NORMAL: 3.6 DPTR FM NORMAL: -0.40 2 = FOG REDUCING VISIBILITY
HIGHEST: 98 ON 8 GRTST 24HR 0.31 ON 21-22 TO 1/4 MILE OR LESS
LOWEST: 49 ON 14,12 3 = THUNDER
SNOW, ICE PELLETS, HAIL 4 = ICE PELLETS
TOTAL MONTH: M 5 = HAIL
GRTST 24HR M ON M 6 = FREEZING RAIN OR DRIZZLE
GRTST DEPTH: M ON M 7 = DUSTSTORM OR SANDSTORM:
VSBY 1/2 MILE OR LESS
8 = SMOKE OR HAZE
[NO. OF DAYS WITH] [WEATHER - DAYS WITH] 9 = BLOWING SNOW
X = TORNADO
MAX 32 OR BELOW: 0 0.01 INCH OR MORE: 2
MAX 90 OR ABOVE: 4 0.10 INCH OR MORE: 1
MIN 32 OR BELOW: 0 0.50 INCH OR MORE: 0
MIN 0 OR BELOW: 0 1.00 INCH OR MORE: 0
[HDD (BASE 65) ]
TOTAL THIS MO. 39 CLEAR (SCALE 0-3) 22
DPTR FM NORMAL -67 PTCLDY (SCALE 4-7) 7
TOTAL FM JUL 1 839 CLOUDY (SCALE 8-10) 1
DPTR FM NORMAL -345
[CDD (BASE 65) ]
TOTAL THIS MO. 111
DPTR FM NORMAL 53 [PRESSURE DATA]
TOTAL FM JAN 1 256 HIGHEST SLP 30.14 ON 17
DPTR FM NORMAL 148 LOWEST SLP 29.70 ON 9
[REMARKS]
#FINAL-04-22#