000
CXUS56 KLOX 011814
CF6VNY
PRELIMINARY LOCAL CLIMATOLOGICAL DATA (WS FORM: F-6)
STATION: VAN NUYS AIRPORT CA
MONTH: DECEMBER
YEAR: 2020
LATITUDE: 34 13 N
LONGITUDE: 118 29 W
TEMPERATURE IN F: :PCPN: SNOW: WIND :SUNSHINE: SKY :PK WND
================================================================================
1 2 3 4 5 6A 6B 7 8 9 10 11 12 13 14 15 16 17 18
12Z AVG MX 2MIN
DY MAX MIN AVG DEP HDD CDD WTR SNW DPTH SPD SPD DIR MIN PSBL S-S WX SPD DR
================================================================================
1 81 49 65 9 0 0 0.00 0.0 0 5.9 15 360 M M 0 8 20 350
2 80 51 66 10 0 1 0.00 0.0 0 8.2 23 360 M M 0 30 350
3 72 57 65 9 0 0 0.00 0.0 0 17.1 26 360 M M 0 34 350
4 77 43 60 4 5 0 0.00 0.0 0 2.5 18 360 M M 0 22 360
5 76 41 59 4 6 0 0.00 0.0 0 1.2 9 160 M M 0 8 12 170
6 78 42 60 5 5 0 0.00 0.0 0 1.4 8 140 M M 0 10 140
7 76 45 61 6 4 0 0.00 0.0 0 7.5 22 40 M M 1 28 30
8 82 60 71 16 0 6 0.00 0.0 0 8.9 22 360 M M 0 29 50
9 79 52 66 11 0 1 0.00 0.0 0 2.5 12 280 M M 0 15 180
10 66 45 56 1 9 0 0.00 M M 2.7 13 150 M M 2 16 140
11 62 49 56 1 9 0 0.00 M M 2.3 12 170 M M 5 8 15 180
12 70 45 58 3 7 0 0.00 M M 6.7 30 350 M M 3 18 40 10
13 70 49 60 6 5 0 0.00 M M 5.2 18 360 M M 1 23 10
14 62 50 56 2 9 0 0.00 M M 12.3 31 350 M M 2 39 350
15 69 54 62 8 3 0 0.00 M M 16.2 26 10 M M 0 32 360
16 75 44 60 6 5 0 0.00 M M 4.1 15 360 M M 0 19 340
17 65 49 57 3 8 0 0.00 M M 7.2 25 10 M M 2 33 350
18 71 47 59 5 6 0 0.00 M M 11.8 23 360 M M 0 30 340
19 75 47 61 7 4 0 0.00 M M 3.6 13 360 M M 0 17 340
20 84 45 65 11 0 0 0.00 M M 4.7 16 10 M M 0 20 10
21 85 47 66 12 0 1 0.00 M M 1.7 10 300 M M 0 14 290
22 74 45 60 6 5 0 0.00 M M 2.0 13 180 M M 0 18 14 170
23 75 47 61 7 4 0 0.00 M M 7.2 20 10 M M 3 128 25 20
24 63 51 57 3 8 0 T M M 12.9 22 350 M M 3 31 360
25 76 47 62 8 3 0 0.00 M M 2.5 10 300 M M 0 15 300
26 71 43 57 2 8 0 0.00 M M 4.7 17 10 M M 0 22 10
27 70 52 61 6 4 0 0.04 M M 4.6 17 150 M M 5 18 23 150
28 54 43 49 -6 16 0 1.25 M M 4.5 21 250 M M 9 13 32 270
29 62 41 52 -3 13 0 0.00 M M 11.3 25 350 M M 0 32 340
30 72 51 62 7 3 0 0.00 M M 10.0 21 350 M M 0 26 350
31 64 39 52 -3 13 0 0.00 M M 9.2 23 340 M M 0 35 320
================================================================================
SM 2236 1470 162 9 1.29 0.0 202.6 M 36
================================================================================
AV 72.1 47.4 6.5 FASTST M M 1 MAX(MPH)
MISC ----> 31 350 40 10
================================================================================
NOTES:
# LAST OF SEVERAL OCCURRENCES
COLUMN 17 PEAK WIND IN M.P.H.
PRELIMINARY LOCAL CLIMATOLOGICAL DATA (WS FORM: F-6) , PAGE 2
STATION: VAN NUYS AIRPORT CA
MONTH: DECEMBER
YEAR: 2020
LATITUDE: 34 13 N
LONGITUDE: 118 29 W
[TEMPERATURE DATA] [PRECIPITATION DATA] SYMBOLS USED IN COLUMN 16
AVERAGE MONTHLY: 59.8 TOTAL FOR MONTH: 1.29 1 = FOG OR MIST
DPTR FM NORMAL: 5.0 DPTR FM NORMAL: -0.94 2 = FOG REDUCING VISIBILITY
HIGHEST: 85 ON 21 GRTST 24HR 1.29 ON 27-28 TO 1/4 MILE OR LESS
LOWEST: 39 ON 31 3 = THUNDER
SNOW, ICE PELLETS, HAIL 4 = ICE PELLETS
TOTAL MONTH: 0.0 INCH 5 = HAIL
GRTST 24HR 0.0 6 = FREEZING RAIN OR DRIZZLE
GRTST DEPTH: 0 7 = DUSTSTORM OR SANDSTORM:
VSBY 1/2 MILE OR LESS
8 = SMOKE OR HAZE
[NO. OF DAYS WITH] [WEATHER - DAYS WITH] 9 = BLOWING SNOW
X = TORNADO
MAX 32 OR BELOW: 0 0.01 INCH OR MORE: 2
MAX 90 OR ABOVE: 0 0.10 INCH OR MORE: 1
MIN 32 OR BELOW: 0 0.50 INCH OR MORE: 1
MIN 0 OR BELOW: 0 1.00 INCH OR MORE: 1
[HDD (BASE 65) ]
TOTAL THIS MO. 162 CLEAR (SCALE 0-3) 28
DPTR FM NORMAL -157 PTCLDY (SCALE 4-7) 2
TOTAL FM JUL 1 277 CLOUDY (SCALE 8-10) 1
DPTR FM NORMAL -253
[CDD (BASE 65) ]
TOTAL THIS MO. 9
DPTR FM NORMAL 6 [PRESSURE DATA]
TOTAL FM JAN 1 2514 HIGHEST SLP 30.29 ON 24
DPTR FM NORMAL 969 LOWEST SLP 29.80 ON 28
[REMARKS]
#FINAL-12-20#