000
CXUS56 KLOX 011655
CF6VNY
PRELIMINARY LOCAL CLIMATOLOGICAL DATA (WS FORM: F-6)
STATION: VAN NUYS AIRPORT CA
MONTH: MAY
YEAR: 2020
LATITUDE: 34 13 N
LONGITUDE: 118 29 W
TEMPERATURE IN F: :PCPN: SNOW: WIND :SUNSHINE: SKY :PK WND
================================================================================
1 2 3 4 5 6A 6B 7 8 9 10 11 12 13 14 15 16 17 18
12Z AVG MX 2MIN
DY MAX MIN AVG DEP HDD CDD WTR SNW DPTH SPD SPD DIR MIN PSBL S-S WX SPD DR
================================================================================
1 84 62 73 9 0 8 0.00 0.0 0 6.9 16 340 M M 0 23 320
2 84 59 72 7 0 7 0.00 0.0 0 5.4 17 140 M M 0 21 140
3 82 59 71 6 0 6 0.00 0.0 0 5.6 17 360 M M 0 27 330
4 90 60 75 10 0 10 0.00 0.0 0 6.4 18 360 M M 0 26 10
5 98 62 80 15 0 15 0.00 0.0 0 3.4 14 170 M M 0 18 180
6 99 65 82 17 0 17 0.00 0.0 0 8.5 17 360 M M 0 23 350
7 98 67 83 18 0 18 0.00 0.0 0 4.7 16 170 M M 0 21 160
8 91 64 78 12 0 13 0.00 0.0 0 4.5 15 160 M M 0 20 160
9 86 61 74 8 0 9 0.00 0.0 0 4.8 13 150 M M 1 18 18 150
10 78 60 69 3 0 4 0.00 0.0 0 6.2 14 160 M M 5 18 19 170
11 78 59 69 3 0 4 0.00 0.0 0 5.1 14 160 M M 4 19 150
12 74 55 65 -1 0 0 T 0.0 0 4.5 18 170 M M 5 22 220
13 76 55 66 0 0 1 0.00 0.0 0 4.4 16 150 M M 1 20 160
14 84 57 71 5 0 6 0.00 0.0 0 6.4 18 350 M M 0 23 350
15 82 66 74 8 0 9 0.00 0.0 0 9.3 24 360 M M 0 34 350
16 87 61 74 7 0 9 0.00 0.0 0 4.0 13 170 M M 0 18 130
17 81 61 71 4 0 6 0.00 0.0 0 6.0 16 170 M M 0 19 170
18 75 60 68 1 0 3 0.13 0.0 0 6.9 17 190 M M 8 18 22 170
19 74 54 64 -3 1 0 0.00 0.0 0 4.2 15 170 M M 2 22 180
20 79 56 68 1 0 3 0.00 0.0 0 5.1 16 150 M M 1 20 160
21 90 56 73 6 0 8 0.00 0.0 0 4.3 14 170 M M 0 19 300
22 80 60 70 3 0 5 0.00 0.0 0 7.6 16 160 M M 1 8 22 140
23 78 60 69 2 0 4 0.00 0.0 0 5.5 15 180 M M 3 20 150
24 88 58 73 5 0 8 0.00 0.0 0 3.4 13 140 M M 0 16 150
25 91 62 77 9 0 12 0.00 0.0 0 4.0 12 110 M M 0 16 140
26 99 63 81 13 0 16 0.00 0.0 0 3.4 12 140 M M 0 8 15 140
27 92 63 78 10 0 13 0.00 0.0 0 5.4 12 130 M M 0 16 160
28 87 61 74 6 0 9 0.00 0.0 0 5.9 14 160 M M 0 8 19 160
29 77 61 69 1 0 4 0.00 0.0 0 6.6 14 170 M M 8 18 17 190
30 80 61 71 3 0 6 0.00 0.0 0 4.1 14 170 M M 4 17 250
31 83 58 71 3 0 6 0.00 0.0 0 3.5 13 150 M M 1 17 150
================================================================================
SM 2625 1866 1 239 0.13 0.0 166.0 M 44
================================================================================
AV 84.7 60.2 5.4 FASTST M M 1 MAX(MPH)
MISC ----> # 24 360 # 34 350
================================================================================
NOTES:
# LAST OF SEVERAL OCCURRENCES
COLUMN 17 PEAK WIND IN M.P.H.
PRELIMINARY LOCAL CLIMATOLOGICAL DATA (WS FORM: F-6) , PAGE 2
STATION: VAN NUYS AIRPORT CA
MONTH: MAY
YEAR: 2020
LATITUDE: 34 13 N
LONGITUDE: 118 29 W
[TEMPERATURE DATA] [PRECIPITATION DATA] SYMBOLS USED IN COLUMN 16
AVERAGE MONTHLY: 72.4 TOTAL FOR MONTH: 0.13 1 = FOG OR MIST
DPTR FM NORMAL: 5.9 DPTR FM NORMAL: -0.20 2 = FOG REDUCING VISIBILITY
HIGHEST: 99 ON 26, 6 GRTST 24HR 0.13 ON 18-18 TO 1/4 MILE OR LESS
LOWEST: 54 ON 19 3 = THUNDER
SNOW, ICE PELLETS, HAIL 4 = ICE PELLETS
TOTAL MONTH: 0.0 INCH 5 = HAIL
GRTST 24HR 0.0 6 = FREEZING RAIN OR DRIZZLE
GRTST DEPTH: 0 7 = DUSTSTORM OR SANDSTORM:
VSBY 1/2 MILE OR LESS
8 = SMOKE OR HAZE
[NO. OF DAYS WITH] [WEATHER - DAYS WITH] 9 = BLOWING SNOW
X = TORNADO
MAX 32 OR BELOW: 0 0.01 INCH OR MORE: 1
MAX 90 OR ABOVE: 9 0.10 INCH OR MORE: 1
MIN 32 OR BELOW: 0 0.50 INCH OR MORE: 0
MIN 0 OR BELOW: 0 1.00 INCH OR MORE: 0
[HDD (BASE 65) ]
TOTAL THIS MO. 1 CLEAR (SCALE 0-3) 25
DPTR FM NORMAL -47 PTCLDY (SCALE 4-7) 5
TOTAL FM JUL 1 1179 CLOUDY (SCALE 8-10) 1
DPTR FM NORMAL -303
[CDD (BASE 65) ]
TOTAL THIS MO. 239
DPTR FM NORMAL 144 [PRESSURE DATA]
TOTAL FM JAN 1 384 HIGHEST SLP 30.05 ON 20
DPTR FM NORMAL 227 LOWEST SLP 29.77 ON 16
[REMARKS]
#FINAL-05-20#