000
CXUS56 KLOX 011155
CF6VNY
PRELIMINARY LOCAL CLIMATOLOGICAL DATA (WS FORM: F-6)
STATION: VAN NUYS AIRPORT CA
MONTH: JUNE
YEAR: 2021
LATITUDE: 34 13 N
LONGITUDE: 118 29 W
TEMPERATURE IN F: :PCPN: SNOW: WIND :SUNSHINE: SKY :PK WND
================================================================================
1 2 3 4 5 6A 6B 7 8 9 10 11 12 13 14 15 16 17 18
12Z AVG MX 2MIN
DY MAX MIN AVG DEP HDD CDD WTR SNW DPTH SPD SPD DIR MIN PSBL S-S WX SPD DR
================================================================================
1 89 60 75 6 0 10 0.00 M M 5.4 12 130 M M 3 18 M M
2 88 59 74 5 0 9 0.00 M M 5.4 13 150 M M 0 8 M M
3 87 60 74 4 0 9 0.00 M M 6.6 12 140 M M 5 8 M M
4 85 60 73 3 0 8 0.00 M M 5.6 13 150 M M 0 8 18 140
5 86 59 73 3 0 8 0.00 M M 5.9 14 160 M M 4 18 M M
6 76 60 68 -2 0 3 0.00 M M 6.6 12 190 M M 4 17 160
7 66 60 63 -7 2 0 T M M 6.2 14 180 M M 10 8 16 170
8 78 59 69 -1 0 4 T M M 4.6 15 190 M M 4 23 190
9 79 59 69 -1 0 4 0.00 M M 5.0 17 160 M M 0 22 170
10 83 59 71 0 0 6 0.00 M M 8.4 25 350 M M 0 8 32 350
11 88 59 74 3 0 9 0.00 M M 4.3 12 160 M M 0 M M
12 93 61 77 6 0 12 0.00 M M 4.5 12 120 M M 0 M M
13 94 63 79 8 0 14 0.00 M M 3.2 12 140 M M 0 M M
14 99 66 83 11 0 18 0.00 M M 3.9 9 110 M M 0 M M
15 109 70 90 18 0 25 0.00 M M 3.6 10 300 M M 0 16 290
16 95 69 82 10 0 17 0.00 M M 6.1 15 150 M M 0 20 140
17 98 69 84 12 0 19 T M M 5.2 15 140 M M 0 3 21 130
18 91 67 79 7 0 14 0.00 M M 5.9 13 110 M M 0 8 17 130
19 92 64 78 5 0 13 0.00 M M 5.9 13 100 M M 0 8 19 130
20 87 64 76 3 0 11 0.00 M M 6.1 16 170 M M 0 8 20 170
21 90 61 76 3 0 11 0.00 M M 6.1 15 150 M M 2 18 19 120
22 91 62 77 4 0 12 0.00 M M 5.6 18 130 M M 0 22 150
23 91 62 77 3 0 12 0.00 M M 5.7 16 140 M M 0 20 150
24 85 61 73 -1 0 8 0.00 M M 5.6 13 110 M M 0 18 150
25 87 61 74 0 0 9 0.00 M M 5.4 15 160 M M 0 19 150
26 96 63 80 6 0 15 0.00 M M 4.5 13 120 M M 0 19 140
27 97 68 83 8 0 18 0.00 M M 4.7 14 150 M M 0 17 140
28 96 66 81 6 0 16 0.00 M M 6.0 16 140 M M 0 19 160
29 87 66 77 2 0 12 0.00 M M 5.8 15 170 M M 1 8 19 170
30 91 64 78 3 0 13 0.00 M M 6.2 13 120 M M 2 18 17 130
================================================================================
SM 2674 1881 2 339 T M 163.9 M 35
================================================================================
AV 89.1 62.7 5.5 FASTST M M 1 MAX(MPH)
MISC ----> 25 350 32 350
================================================================================
NOTES:
# LAST OF SEVERAL OCCURRENCES
COLUMN 17 PEAK WIND IN M.P.H.
PRELIMINARY LOCAL CLIMATOLOGICAL DATA (WS FORM: F-6) , PAGE 2
STATION: VAN NUYS AIRPORT CA
MONTH: JUNE
YEAR: 2021
LATITUDE: 34 13 N
LONGITUDE: 118 29 W
[TEMPERATURE DATA] [PRECIPITATION DATA] SYMBOLS USED IN COLUMN 16
AVERAGE MONTHLY: 75.9 TOTAL FOR MONTH: T 1 = FOG OR MIST
DPTR FM NORMAL: 3.9 DPTR FM NORMAL: -0.07 2 = FOG REDUCING VISIBILITY
HIGHEST: 109 ON 15 GRTST 24HR T ON 7- 7 TO 1/4 MILE OR LESS
LOWEST: 59 ON 11,10 3 = THUNDER
SNOW, ICE PELLETS, HAIL 4 = ICE PELLETS
TOTAL MONTH: M 5 = HAIL
GRTST 24HR M ON M 6 = FREEZING RAIN OR DRIZZLE
GRTST DEPTH: M ON M 7 = DUSTSTORM OR SANDSTORM:
VSBY 1/2 MILE OR LESS
8 = SMOKE OR HAZE
[NO. OF DAYS WITH] [WEATHER - DAYS WITH] 9 = BLOWING SNOW
X = TORNADO
MAX 32 OR BELOW: 0 0.01 INCH OR MORE: 0
MAX 90 OR ABOVE: 15 0.10 INCH OR MORE: 0
MIN 32 OR BELOW: 0 0.50 INCH OR MORE: 0
MIN 0 OR BELOW: 0 1.00 INCH OR MORE: 0
[HDD (BASE 65) ]
TOTAL THIS MO. 2 CLEAR (SCALE 0-3) 25
DPTR FM NORMAL -3 PTCLDY (SCALE 4-7) 4
TOTAL FM JUL 1 863 CLOUDY (SCALE 8-10) 1
DPTR FM NORMAL -360
[CDD (BASE 65) ]
TOTAL THIS MO. 339
DPTR FM NORMAL 124 [PRESSURE DATA]
TOTAL FM JAN 1 632 HIGHEST SLP 30.07 ON 10
DPTR FM NORMAL 193 LOWEST SLP 29.62 ON 27
[REMARKS]
#FINAL-06-21#