000
CXUS52 KTAE 010800
CF6TLH
PRELIMINARY LOCAL CLIMATOLOGICAL DATA (WS FORM: F-6)
STATION: TALLAHASSEE
MONTH: MAY
YEAR: 2020
LATITUDE: 30 22 N
LONGITUDE: 84 22 W
TEMPERATURE IN F: :PCPN: SNOW: WIND :SUNSHINE: SKY :PK WND
================================================================================
1 2 3 4 5 6A 6B 7 8 9 10 11 12 13 14 15 16 17 18
12Z AVG MX 2MIN
DY MAX MIN AVG DEP HDD CDD WTR SNW DPTH SPD SPD DIR MIN PSBL S-S WX SPD DR
================================================================================
1 81 48 65 -5 0 0 0.00 0.0 0 4.5 17 300 M M 1 21 340
2 88 49 69 -1 0 4 0.00 0.0 0 2.3 10 170 M M 1 1 13 20
3 88 52 70 -1 0 5 0.00 0.0 0 4.3 15 190 M M 2 8 20 200
4 90 54 72 1 0 7 0.00 0.0 0 4.9 16 150 M M 1 12 21 230
5 92 61 77 6 0 12 0.00 0.0 0 6.9 18 220 M M 5 12 24 240
6 86 62 74 2 0 9 0.00 0.0 0 9.4 23 300 M M 3 29 300
7 75 49 62 -10 3 0 0.00 0.0 0 7.8 21 360 M M 0 25 360
8 80 44 62 -10 3 0 T M 0 8.1 22 210 M M 4 27 200
9 80 62 71 -1 0 6 0.00 0.0 0 7.2 18 10 M M 7 22 350
10 82 62 72 -1 0 7 0.00 0.0 0 5.6 13 100 M M 5 8 18 100
11 85 55 70 -3 0 5 0.00 0.0 0 7.3 17 340 M M 0 25 340
12 84 53 69 -4 0 4 0.00 0.0 0 5.9 14 90 M M 2 18 110
13 89 59 74 0 0 9 0.00 0.0 0 9.7 17 170 M M 2 23 130
14 89 64 77 3 0 12 0.00 0.0 0 10.4 20 100 M M 3 25 110
15 90 65 78 4 0 13 0.00 0.0 0 8.2 15 100 M M 4 21 130
16 92 67 80 6 0 15 0.00 0.0 0 7.2 18 110 M M 4 23 110
17 93 69 81 6 0 16 0.00 0.0 0 6.8 16 160 M M 5 25 190
18 84 71 78 3 0 13 0.02 0.0 0 8.1 22 190 M M 6 12 30 200
19 90 70 80 5 0 15 0.03 0.0 0 6.7 18 270 M M 5 26 270
20 82 68 75 -1 0 10 1.94 0.0 0 7.3 18 200 M M 8 13 23 240
21 91 67 79 3 0 14 T 0.0 0 5.8 16 240 M M 6 23 250
22 91 72 82 6 0 17 0.00 0.0 0 5.9 17 150 M M 6 123 23 160
23 93 67 80 4 0 15 0.00 0.0 0 4.9 23 290 M M 4 3 30 310
24 90 70 80 4 0 15 0.00 0.0 0 7.2 16 90 M M 5 20 90
25 87 71 79 2 0 14 0.03 0.0 0 9.9 36 110 M M 6 43 120
26 81 70 76 -1 0 11 1.45 0.0 0 8.3 17 110 M M 9 138 21 100
27 88 70 79 2 0 14 0.43 0.0 0 3.8 21 200 M M 9 13 24 200
28 88 71 80 2 0 15 0.03 0.0 0 4.6 14 140 M M 7 123 17 140
29 84 72 78 0 0 13 0.12 0.0 0 5.1 15 160 M M 6 123 18 140
30 91 71 81 3 0 16 0.34 0.0 0 3.3 17 310 M M 8 1238 20 310
31 93 71 82 4 0 17 0.00 0.0 0 3.9 14 300 M M 4 1 18 340
================================================================================
SM 2697 1956 6 323 4.39 0.0 201.3 M 138
================================================================================
AV 87.0 63.1 6.5 FASTST M M 4 MAX(MPH)
MISC ----> # 36 110 # 43 120
================================================================================
NOTES:
# LAST OF SEVERAL OCCURRENCES
COLUMN 17 PEAK WIND IN M.P.H.
PRELIMINARY LOCAL CLIMATOLOGICAL DATA (WS FORM: F-6) , PAGE 2
STATION: TALLAHASSEE
MONTH: MAY
YEAR: 2020
LATITUDE: 30 22 N
LONGITUDE: 84 22 W
[TEMPERATURE DATA] [PRECIPITATION DATA] SYMBOLS USED IN COLUMN 16
AVERAGE MONTHLY: 75.1 TOTAL FOR MONTH: 4.39 1 = FOG OR MIST
DPTR FM NORMAL: 0.7 DPTR FM NORMAL: 0.92 2 = FOG REDUCING VISIBILITY
HIGHEST: 93 ON 31,23 GRTST 24HR 1.94 ON 20-20 TO 1/4 MILE OR LESS
LOWEST: 44 ON 8 3 = THUNDER
SNOW, ICE PELLETS, HAIL 4 = ICE PELLETS
TOTAL MONTH: 0.0 INCH 5 = HAIL
GRTST 24HR 0.0 6 = FREEZING RAIN OR DRIZZLE
GRTST DEPTH: 0 7 = DUSTSTORM OR SANDSTORM:
VSBY 1/2 MILE OR LESS
8 = SMOKE OR HAZE
[NO. OF DAYS WITH] [WEATHER - DAYS WITH] 9 = BLOWING SNOW
X = TORNADO
MAX 32 OR BELOW: 0 0.01 INCH OR MORE: 9
MAX 90 OR ABOVE: 12 0.10 INCH OR MORE: 5
MIN 32 OR BELOW: 0 0.50 INCH OR MORE: 2
MIN 0 OR BELOW: 0 1.00 INCH OR MORE: 2
[HDD (BASE 65) ]
TOTAL THIS MO. 6 CLEAR (SCALE 0-3) 10
DPTR FM NORMAL 1 PTCLDY (SCALE 4-7) 17
TOTAL FM JUL 1 1076 CLOUDY (SCALE 8-10) 4
DPTR FM NORMAL -519
[CDD (BASE 65) ]
TOTAL THIS MO. 323
DPTR FM NORMAL 30 [PRESSURE DATA]
TOTAL FM JAN 1 740 HIGHEST SLP M ON M
DPTR FM NORMAL 294 LOWEST SLP 29.77 ON M
[REMARKS]
#FINAL-05-20#