000
CXUS52 KTAE 010800
CF6TLH
PRELIMINARY LOCAL CLIMATOLOGICAL DATA (WS FORM: F-6)
STATION: TALLAHASSEE
MONTH: SEPTEMBER
YEAR: 2023
LATITUDE: 30 22 N
LONGITUDE: 84 22 W
TEMPERATURE IN F: :PCPN: SNOW: WIND :SUNSHINE: SKY :PK WND
================================================================================
1 2 3 4 5 6A 6B 7 8 9 10 11 12 13 14 15 16 17 18
12Z AVG MX 2MIN
DY MAX MIN AVG DEP HDD CDD WTR SNW DPTH SPD SPD DIR MIN PSBL S-S WX SPD DR
================================================================================
1 87 78 83 2 0 18 0.05 0.0 M 8.8 21 100 M M 7 13 26 100
2 89 76 83 2 0 18 T 0.0 0 7.5 14 70 M M 9 18 90
3 92 75 84 3 0 19 0.00 0.0 0 5.8 13 90 M M 4 17 100
4 93 71 82 1 0 17 0.00 0.0 0 5.6 12 60 M M 3 16 130
5 95 69 82 1 0 17 0.00 0.0 0 2.6 10 80 M M 3 14 110
6 96 68 82 1 0 17 0.00 0.0 0 3.5 10 180 M M 2 14 150
7 95 70 83 2 0 18 0.06 0.0 0 3.9 23 360 M M 4 3 31 30
8 90 70 80 -1 0 15 0.36 0.0 0 4.0 23 290 M M 4 13 27 290
9 88 73 81 1 0 16 0.64 0.0 0 5.5 17 130 M M 4 1 21 130
10 92 73 83 3 0 18 0.00 0.0 M 4.0 12 170 M M 2 1 16 200
11 94 71 83 3 0 18 0.00 0.0 0 2.9 15 160 M M 3 13 18 160
12 92 72 82 2 0 17 1.99 0.0 0 2.4 17 220 M M 4 13 20 220
13 93 70 82 2 0 17 0.14 M M 2.2 21 10 M M 5 13 32 20
14 93 72 83 3 0 18 0.00 0.0 M 3.7 10 340 M M 2 15 360
15 92 73 83 3 0 18 0.23 0.0 0 4.6 15 90 M M 5 138 19 80
16 89 73 81 2 0 16 T 0.0 0 5.9 14 110 M M 6 20 120
17 91 74 83 4 0 18 0.47 0.0 M 3.6 26 290 M M 5 13 35 300
18 88 64 76 -3 0 11 0.00 0.0 M 4.4 14 330 M M 0 19 320
19 89 60 75 -4 0 10 0.00 M M 2.4 10 90 M M 1 16 90
20 85 65 75 -3 0 10 0.00 M M 6.6 16 90 M M 6 21 110
21 92 73 83 5 0 18 0.00 0.0 M 7.0 15 80 M M 5 21 100
22 88 65 77 -1 0 12 0.00 0.0 0 6.1 14 50 M M 2 20 50
23 90 57 74 -4 0 9 0.00 0.0 0 3.7 13 310 M M 1 1 19 310
24 91 62 77 -1 0 12 0.00 0.0 0 2.2 10 180 M M 2 1 16 170
25 92 60 76 -1 0 11 0.00 0.0 0 2.9 9 60 M M 3 14 100
26 80 73 77 0 0 12 1.35 0.0 M 5.4 15 130 M M 7 13 20 120
27 79 73 76 -1 0 11 T 0.0 0 7.4 14 60 M M 10 23 30
28 80 71 76 0 0 11 0.00 0.0 0 7.7 13 60 M M 7 18 50
29 87 67 77 1 0 12 0.00 M M 6.7 13 50 M M 4 17 60
30 88 71 80 4 0 15 0.00 0.0 0 8.5 16 70 M M 5 22 90
================================================================================
SM 2690 2089 0 449 5.29 0.0 147.5 M 125
================================================================================
AV 89.7 69.6 4.9 FASTST M M 4 MAX(MPH)
MISC ----> 26 290 35 300
================================================================================
NOTES:
# LAST OF SEVERAL OCCURRENCES
COLUMN 17 PEAK WIND IN M.P.H.
PRELIMINARY LOCAL CLIMATOLOGICAL DATA (WS FORM: F-6) , PAGE 2
STATION: TALLAHASSEE
MONTH: SEPTEMBER
YEAR: 2023
LATITUDE: 30 22 N
LONGITUDE: 84 22 W
[TEMPERATURE DATA] [PRECIPITATION DATA] SYMBOLS USED IN COLUMN 16
AVERAGE MONTHLY: 79.6 TOTAL FOR MONTH: 5.29 1 = FOG OR MIST
DPTR FM NORMAL: 0.5 DPTR FM NORMAL: 0.38 2 = FOG REDUCING VISIBILITY
HIGHEST: 96 ON 6 GRTST 24HR 1.99 ON 12-12 TO 1/4 MILE OR LESS
LOWEST: 57 ON 23 3 = THUNDER
SNOW, ICE PELLETS, HAIL 4 = ICE PELLETS
TOTAL MONTH: 0.0 INCH 5 = HAIL
GRTST 24HR 0.0 6 = FREEZING RAIN OR DRIZZLE
GRTST DEPTH: 0 7 = DUSTSTORM OR SANDSTORM:
VSBY 1/2 MILE OR LESS
8 = SMOKE OR HAZE
[NO. OF DAYS WITH] [WEATHER - DAYS WITH] 9 = BLOWING SNOW
X = TORNADO
MAX 32 OR BELOW: 0 0.01 INCH OR MORE: 9
MAX 90 OR ABOVE: 17 0.10 INCH OR MORE: 7
MIN 32 OR BELOW: 0 0.50 INCH OR MORE: 3
MIN 0 OR BELOW: 0 1.00 INCH OR MORE: 2
[HDD (BASE 65) ]
TOTAL THIS MO. 0 CLEAR (SCALE 0-3) 12
DPTR FM NORMAL 0 PTCLDY (SCALE 4-7) 16
TOTAL FM JUL 1 0 CLOUDY (SCALE 8-10) 2
DPTR FM NORMAL 0
[CDD (BASE 65) ]
TOTAL THIS MO. 449
DPTR FM NORMAL 26 [PRESSURE DATA]
TOTAL FM JAN 1 3006 HIGHEST SLP M ON M
DPTR FM NORMAL 513 LOWEST SLP 29.83 ON 17
[REMARKS]
#FINAL-09-23#