000
CXUS55 KCYS 231000
CF6SNY
PRELIMINARY LOCAL CLIMATOLOGICAL DATA (WS FORM: F-6)

                                          STATION:   SIDNEY NEBRASKA AIRPORT
                                          MONTH:     MARCH
                                          YEAR:      2017
                                          LATITUDE:   41  5 N
                                          LONGITUDE: 102 59 W

  TEMPERATURE IN F:       :PCPN:    SNOW:  WIND      :SUNSHINE: SKY     :PK WND
================================================================================
1   2   3   4   5  6A  6B    7    8   9   10  11  12  13   14  15   16   17  18
                                     12Z  AVG MX 2MIN
DY MAX MIN AVG DEP HDD CDD  WTR  SNW DPTH SPD SPD DIR MIN PSBL S-S WX    SPD DR
================================================================================

 1  44  22  33  -2  32   0 0.00    M    M 21.5 36 320   M    M   0        44 310
 2  46  20  33  -3  32   0 0.00    M    M 11.6 23 330   M    M   0        30 310
 3  63  19  41   5  24   0 0.00    M    M 11.1 33 270   M    M   0        40 280
 4  68  23  46  10  19   0 0.00    M    M  8.5 16 310   M    M   0        19 260
 5  69  23  46  10  19   0 0.00    M    M 13.8 26 200   M    M   0        33 140
 6  49  21  35  -2  30   0 0.00    M    M 23.8 51 300   M    M   2 8      67 290
 7  49  23  36  -1  29   0 0.00    M    M 25.0 53 290   M    M   1 8      67 290
 8  65  22  44   7  21   0 0.00    M    M 16.4 40 300   M    M   2        52 300
 9  70  18  44   6  21   0 0.00    M    M 15.2 44 290   M    M   1        54 300
10  54  17  36  -2  29   0    T    M    M 16.0 29 180   M    M   6        33 180
11  50  27  39   1  26   0    T    M    M  8.4 17 170   M    M   7 6      22 180
12  61  25  43   5  22   0 0.00    M    M 21.9 45 340   M    M   2        57 340
13  49  18  34  -4  31   0 0.00    M    M  9.1 18  10   M    M   9 1      23 200
14  61  26  44   5  21   0 0.00    M    M  7.2 18 360   M    M   5 8      27 360
15  74  26  50  11  15   0 0.00    M    M 10.8 20 310   M    M   0 8      24 320
16  78  31  55  16  10   0 0.00    M    M 18.6 40 310   M    M   0        52 300
17  63  29  46   7  19   0 0.00    M    M  8.2 15 330   M    M   0        16  30
18  79  35  57  17   8   0 0.00    M    M 13.9 24 170   M    M   0        32 170
19  80  41  61  21   4   0 0.00    M    M 15.5 32 320   M    M   0        40 320
20  66  36  51  11  14   0 0.00    M    M  9.5 20 100   M    M   1        24  90
21  59  30  45   5  20   0 0.00    M    M 15.8 31 150   M    M   2        37 140
22  66  33  50  10  15   0 0.00    M    M 20.4 31 180   M    M   0        35 200
================================================================================
SM 1363  565       461   0    T     M    322.2          M       38
================================================================================
AV 62.0 25.7                              14.6 FASTST   M    M   2    MAX(MPH)
                                 MISC ---->  # 53 290               # 67  290
================================================================================
NOTES:
# LAST OF SEVERAL OCCURRENCES

COLUMN 17 PEAK WIND IN M.P.H.

PRELIMINARY LOCAL CLIMATOLOGICAL DATA (WS FORM: F-6) , PAGE 2

                                          STATION:  SIDNEY NEBRASKA AIRPORT
                                          MONTH:    MARCH
                                          YEAR:     2017
                                          LATITUDE:   41  5 N
                                          LONGITUDE: 102 59 W

[TEMPERATURE DATA]      [PRECIPITATION DATA]       SYMBOLS USED IN COLUMN 16

AVERAGE MONTHLY: 43.8   TOTAL FOR MONTH:      T    1 = FOG OR MIST
DPTR FM NORMAL:   5.8   DPTR FM NORMAL:   -0.68    2 = FOG REDUCING VISIBILITY
HIGHEST:    80 ON 19    GRTST 24HR    T  ON 11-11      TO 1/4 MILE OR LESS
LOWEST:     17 ON 10                               3 = THUNDER
                        SNOW, ICE PELLETS, HAIL    4 = ICE PELLETS
                        TOTAL MONTH:    M          5 = HAIL
                        GRTST 24HR    M  ON   M    6 = FREEZING RAIN OR DRIZZLE
                        GRTST DEPTH:  M  ON   M    7 = DUSTSTORM OR SANDSTORM:
                                                       VSBY 1/2 MILE OR LESS
                                                   8 = SMOKE OR HAZE
[NO. OF DAYS WITH]      [WEATHER - DAYS WITH]      9 = BLOWING SNOW
                                                   X = TORNADO
MAX 32 OR BELOW:   0    0.01 INCH OR MORE:   0
MAX 90 OR ABOVE:   0    0.10 INCH OR MORE:   0
MIN 32 OR BELOW:  18    0.50 INCH OR MORE:   0
MIN  0 OR BELOW:   0    1.00 INCH OR MORE:   0

[HDD (BASE 65) ]
TOTAL THIS MO.   461    CLEAR  (SCALE 0-3)  18
DPTR FM NORMAL  -133    PTCLDY (SCALE 4-7)   3
TOTAL FM JUL 1  4695    CLOUDY (SCALE 8-10)  1
DPTR FM NORMAL  -481

[CDD (BASE 65) ]
TOTAL THIS MO.     0
DPTR FM NORMAL     0    [PRESSURE DATA]
TOTAL FM JAN 1     0    HIGHEST SLP M ON M
DPTR FM NORMAL     0    LOWEST  SLP 29.14 ON  6

[REMARKS]
