000
CXUS51 KBTV 010700
CF6PBG
PRELIMINARY LOCAL CLIMATOLOGICAL DATA (WS FORM: F-6)
STATION: PLATTSBURGH NY
MONTH: MAY
YEAR: 2021
LATITUDE: 44 39 N
LONGITUDE: 73 28 W
TEMPERATURE IN F: :PCPN: SNOW: WIND :SUNSHINE: SKY :PK WND
================================================================================
1 2 3 4 5 6A 6B 7 8 9 10 11 12 13 14 15 16 17 18
12Z AVG MX 2MIN
DY MAX MIN AVG DEP HDD CDD WTR SNW DPTH SPD SPD DIR MIN PSBL S-S WX SPD DR
================================================================================
1 52 37 45 -6 20 0 T M M 7.8 16 350 M M 6 27 300
2 65 42 54 3 11 0 T M M 4.8 16 300 M M 3 26 150
3 51 43 47 -5 18 0 T M M 5.6 16 360 M M 6 18 360
4 53 42 48 -4 17 0 0.03 M M 6.0 15 150 M M 10 1 19 140
5 57 48 53 1 12 0 0.69 M M 5.0 16 140 M M 10 13 26 150
6 59 41 50 -3 15 0 0.00 M M 10.6 21 330 M M 4 27 320
7 61 32 47 -6 18 0 0.00 M M 5.8 14 10 M M 5 17 20
8 60 39 50 -4 15 0 0.00 M M 4.6 13 30 M M 6 18 30
9 60 40 50 -4 15 0 T M M 4.9 14 140 M M 5 30 150
10 61 47 54 0 11 0 0.02 M M 4.1 16 20 M M 10 17 20
11 59 41 50 -5 15 0 0.02 M M 6.4 18 290 M M 8 28 320
12 64 42 53 -2 12 0 0.01 M M 6.1 22 340 M M 8 29 20
13 68 37 53 -2 12 0 0.00 M M 4.6 21 350 M M 3 27 360
14 77 41 59 3 6 0 0.00 M M 6.0 16 340 M M 2 24 220
15 73 44 59 3 6 0 0.00 M M 4.5 17 140 M M 2 21 140
16 73 44 59 3 6 0 T M M 2.6 13 290 M M 3 24 290
17 77 39 58 1 7 0 0.00 M M 4.9 12 130 M M 1 18 17 130
18 80 56 68 11 0 3 T M M 5.5 16 340 M M 5 24 330
19 79 48 64 7 1 0 0.00 M M 3.5 10 230 M M 1 13 130
20 87 50 69 11 0 4 0.00 M M 5.0 16 150 M M 0 23 170
21 86 59 73 15 0 8 T M M 6.1 15 140 M M 1 24 140
22 87 64 76 18 0 11 T M M 6.0 14 230 M M 6 20 260
23 75 48 62 4 3 0 T M M 9.5 31 360 M M 5 18 44 160
24 68 42 55 -3 10 0 0.00 M M 4.1 13 130 M M 0 22 350
25 79 43 61 2 4 0 T M M 7.6 24 150 M M 2 30 140
26 88 64 76 17 0 11 0.01 M M 9.7 21 230 M M 2 3 37 240
27 69 44 57 -2 8 0 T M M 12.3 23 350 M M 2 32 360
28 52 38 45 -15 20 0 0.00 M M 4.4 13 20 M M 1 19 300
29 65 44 55 -5 10 0 0.00 M M 9.8 17 360 M M 0 46 60
30 61 36 49 -11 16 0 0.20 M M 2.4 7 70 M M 6 M M
31 62 45 54 -6 11 0 0.01 M M 6.1 14 340 M M 7 1 21 70
================================================================================
SM 2108 1380 299 37 0.99 M 186.3 M 130
================================================================================
AV 68.0 44.5 6.0 FASTST M M 4 MAX(MPH)
MISC ----> 31 360 46 60
================================================================================
NOTES:
# LAST OF SEVERAL OCCURRENCES
COLUMN 17 PEAK WIND IN M.P.H.
PRELIMINARY LOCAL CLIMATOLOGICAL DATA (WS FORM: F-6) , PAGE 2
STATION: PLATTSBURGH NY
MONTH: MAY
YEAR: 2021
LATITUDE: 44 39 N
LONGITUDE: 73 28 W
[TEMPERATURE DATA] [PRECIPITATION DATA] SYMBOLS USED IN COLUMN 16
AVERAGE MONTHLY: 56.3 TOTAL FOR MONTH: 0.99 1 = FOG OR MIST
DPTR FM NORMAL: 0.3 DPTR FM NORMAL: -1.89 2 = FOG REDUCING VISIBILITY
HIGHEST: 88 ON 26 GRTST 24HR 0.70 ON 4- 5 TO 1/4 MILE OR LESS
LOWEST: 32 ON 7 3 = THUNDER
SNOW, ICE PELLETS, HAIL 4 = ICE PELLETS
TOTAL MONTH: M 5 = HAIL
GRTST 24HR M ON M 6 = FREEZING RAIN OR DRIZZLE
GRTST DEPTH: M ON M 7 = DUSTSTORM OR SANDSTORM:
VSBY 1/2 MILE OR LESS
8 = SMOKE OR HAZE
[NO. OF DAYS WITH] [WEATHER - DAYS WITH] 9 = BLOWING SNOW
X = TORNADO
MAX 32 OR BELOW: 0 0.01 INCH OR MORE: 8
MAX 90 OR ABOVE: 0 0.10 INCH OR MORE: 2
MIN 32 OR BELOW: 1 0.50 INCH OR MORE: 1
MIN 0 OR BELOW: 0 1.00 INCH OR MORE: 0
[HDD (BASE 65) ]
TOTAL THIS MO. 299 CLEAR (SCALE 0-3) 14
DPTR FM NORMAL 8 PTCLDY (SCALE 4-7) 14
TOTAL FM JUL 1 6760 CLOUDY (SCALE 8-10) 3
DPTR FM NORMAL -701
[CDD (BASE 65) ]
TOTAL THIS MO. 37
DPTR FM NORMAL 24 [PRESSURE DATA]
TOTAL FM JAN 1 37 HIGHEST SLP M ON M
DPTR FM NORMAL 23 LOWEST SLP 29.57 ON 1
[REMARKS]
#FINAL-05-21#