000
CXUS51 KBTV 110242
CF6PBG
PRELIMINARY LOCAL CLIMATOLOGICAL DATA (WS FORM: F-6)
STATION: PLATTSBURGH NY
MONTH: APRIL
YEAR: 2021
LATITUDE: 44 39 N
LONGITUDE: 73 28 W
TEMPERATURE IN F: :PCPN: SNOW: WIND :SUNSHINE: SKY :PK WND
================================================================================
1 2 3 4 5 6A 6B 7 8 9 10 11 12 13 14 15 16 17 18
12Z AVG MX 2MIN
DY MAX MIN AVG DEP HDD CDD WTR SNW DPTH SPD SPD DIR MIN PSBL S-S WX SPD DR
================================================================================
1 42 24 33 -3 32 0 0.12 M M 12.7 24 340 M M 9 1 30 350
2 38 22 30 -7 35 0 T M M 10.0 20 340 M M 8 26 350
3 46 25 36 -1 29 0 0.00 M M 5.0 13 130 M M 0 16 320
4 56 27 42 4 23 0 0.00 M M 5.7 21 360 M M 6 26 10
5 57 40 49 11 16 0 0.00 M M 14.0 26 360 M M 0 35 350
6 57 34 46 7 19 0 0.00 M M 7.1 15 50 M M 2 19 50
7 61 41 51 12 14 0 0.00 M M 6.8 15 30 M M 4 21 40
8 69 34 52 12 13 0 0.00 M M 2.9 9 20 M M 0 11 30
9 73 37 55 15 10 0 0.00 M M 6.9 21 150 M M 1 28 140
10 72 48 60 19 5 0 0.00 M M 4.1 15 130 M M 3 23 150
11 73 45 59 18 6 0 0.00 M M 8.7 21 10 M M 3 25 10
12 66 42 54 12 11 0 0.00 M M 3.6 12 40 M M 6 16 30
13 66 36 51 9 14 0 0.00 M M 5.5 12 60 M M 1 M M
14 65 45 55 12 10 0 T M M 5.0 13 10 M M 7 15 20
15 49 40 45 2 20 0 0.93 M M 5.3 16 150 M M 9 1 21 150
16 40 36 38 -6 27 0 0.77 M M 9.0 20 20 M M 10 1 24 20
17 49 34 42 -2 23 0 T M M 7.4 18 40 M M 8 1 22 40
18 53 34 44 -1 21 0 T M M 2.3 10 100 M M 6 1 13 140
19 60 36 48 3 17 0 T M M 4.2 14 140 M M 6 1 20 150
20 56 37 47 1 18 0 T M M 4.8 16 220 M M 8 29 220
21 42 29 36 -10 29 0 0.09 M M 10.7 20 360 M M 10 12 25 360
22 42 26 34 -13 31 0 T M M 9.3 21 310 M M 8 32 320
23 60 37 49 2 16 0 0.00 M M 8.0 24 300 M M 3 35 320
24 71 42 57 9 8 0 0.00 M M 6.5 13 250 M M 2 23 250
25 58 38 48 0 17 0 0.05 M M 3.6 17 320 M M 8 27 290
26 49 32 41 -8 24 0 0.00 M M 9.4 22 320 M M 7 32 320
27 57 32 45 -4 20 0 0.00 M M 4.6 12 140 M M 2 20 150
28 62 43 53 3 12 0 0.58 M M 3.4 12 330 M M 9 1 14 350
29 56 49 53 3 12 0 0.05 M M 1.6 9 360 M M 10 1 16 140
30 56 37 47 -3 18 0 0.63 M M 7.8 22 320 M M 9 1 35 330
================================================================================
SM 1701 1082 550 0 3.22 M 195.8 M 165
================================================================================
AV 56.7 36.1 6.5 FASTST M M 6 MAX(MPH)
MISC ----> 26 360 # 35 350
================================================================================
NOTES:
# LAST OF SEVERAL OCCURRENCES
COLUMN 17 PEAK WIND IN M.P.H.
PRELIMINARY LOCAL CLIMATOLOGICAL DATA (WS FORM: F-6) , PAGE 2
STATION: PLATTSBURGH NY
MONTH: APRIL
YEAR: 2021
LATITUDE: 44 39 N
LONGITUDE: 73 28 W
[TEMPERATURE DATA] [PRECIPITATION DATA] SYMBOLS USED IN COLUMN 16
AVERAGE MONTHLY: 46.4 TOTAL FOR MONTH: 3.22 1 = FOG OR MIST
DPTR FM NORMAL: 2.9 DPTR FM NORMAL: 0.67 2 = FOG REDUCING VISIBILITY
HIGHEST: 73 ON 11, 9 GRTST 24HR 0.93 ON 15-15 TO 1/4 MILE OR LESS
LOWEST: 22 ON 2 3 = THUNDER
SNOW, ICE PELLETS, HAIL 4 = ICE PELLETS
TOTAL MONTH: M 5 = HAIL
GRTST 24HR M ON M 6 = FREEZING RAIN OR DRIZZLE
GRTST DEPTH: M ON M 7 = DUSTSTORM OR SANDSTORM:
VSBY 1/2 MILE OR LESS
8 = SMOKE OR HAZE
[NO. OF DAYS WITH] [WEATHER - DAYS WITH] 9 = BLOWING SNOW
X = TORNADO
MAX 32 OR BELOW: 0 0.01 INCH OR MORE: 8
MAX 90 OR ABOVE: 0 0.10 INCH OR MORE: 5
MIN 32 OR BELOW: 8 0.50 INCH OR MORE: 4
MIN 0 OR BELOW: 0 1.00 INCH OR MORE: 0
[HDD (BASE 65) ]
TOTAL THIS MO. 550 CLEAR (SCALE 0-3) 11
DPTR FM NORMAL -96 PTCLDY (SCALE 4-7) 10
TOTAL FM JUL 1 6461 CLOUDY (SCALE 8-10) 9
DPTR FM NORMAL -710
[CDD (BASE 65) ]
TOTAL THIS MO. 0
DPTR FM NORMAL -1 [PRESSURE DATA]
TOTAL FM JAN 1 0 HIGHEST SLP 30.31 ON 3
DPTR FM NORMAL -1 LOWEST SLP 29.23 ON 30
[REMARKS]
#FINAL-04-21#