000
CXUS53 KGLD 180800
CF6HLC
PRELIMINARY LOCAL CLIMATOLOGICAL DATA (WS FORM: F-6)

                                          STATION:   HILL CITY KS
                                          MONTH:     JUNE
                                          YEAR:      2018
                                          LATITUDE:   39 22 N
                                          LONGITUDE:  99 50 W

  TEMPERATURE IN F:       :PCPN:    SNOW:  WIND      :SUNSHINE: SKY     :PK WND
================================================================================
1   2   3   4   5  6A  6B    7    8   9   10  11  12  13   14  15   16   17  18
                                     12Z  AVG MX 2MIN
DY MAX MIN AVG DEP HDD CDD  WTR  SNW DPTH SPD SPD DIR MIN PSBL S-S WX    SPD DR
================================================================================

 1  92  66  79  11   0  14 0.00    M    M 13.6 24 310   M    M   0 1      46 290
 2  83  54  69   1   0   4 0.00    M    M 12.6 29 350   M    M   1        40  30
 3  84  48  66  -3   0   1 0.00    M    M  4.1 13 110   M    M   0        17 110
 4  85  63  74   5   0   9    T    M    M 11.1 25 180   M    M   2        37 180
 5  92  62  77   8   0  12 0.00  0.0    0  7.0 13 150   M    M   0        20 170
 6  92  68  80  10   0  15 0.00    M    M  9.7 18 170   M    M   0 18     29 160
 7  87  62  75   5   0  10 0.50    M    M  7.6 53 310   M    M   2 138    73 320
 8  90  63  77   7   0  12 0.00    M    M  8.1 20 270   M    M   0 1      30 280
 9  96  67  82  11   0  17 0.00    M    M 12.6 23  20   M    M   0        37 360
10  98  72  85  14   0  20 0.00    M    M 12.7 25 170   M    M   0        37 170
11  88  66  77   5   0  12 0.00    M    M 12.6 29 340   M    M   0        42 340
12  89  57  73   1   0   8 0.00    M    M  6.4 17  50   M    M   1 1      24  50
13  88  64  76   4   0  11 0.05    M    M 10.3 23 130   M    M   3 13     33 110
14  98  68  83  11   0  18 0.00    M    M 13.2 25 170   M    M   0        39 170
15  99  73  86  13   0  21 0.00    M    M 15.3 29 190   M    M   0        43 170
16  94  72  83  10   0  18 0.00    M    M 15.6 26 210   M    M   0        46 230
17  93  72  83   9   0  18    T    M    M 14.7 31 190   M    M   2 8      50 180
================================================================================
SM 1548 1097         0 220  0.55     0.0 187.2          M       11
================================================================================
AV 91.1 64.5                              11.0 FASTST   M    M   1    MAX(MPH)
                                 MISC ---->  # 53 310               # 73  320
================================================================================
NOTES:
# LAST OF SEVERAL OCCURRENCES

COLUMN 17 PEAK WIND IN M.P.H.

PRELIMINARY LOCAL CLIMATOLOGICAL DATA (WS FORM: F-6) , PAGE 2

                                          STATION:  HILL CITY KS
                                          MONTH:    JUNE
                                          YEAR:     2018
                                          LATITUDE:   39 22 N
                                          LONGITUDE:  99 50 W

[TEMPERATURE DATA]      [PRECIPITATION DATA]       SYMBOLS USED IN COLUMN 16

AVERAGE MONTHLY: 77.8   TOTAL FOR MONTH:   0.55    1 = FOG OR MIST
DPTR FM NORMAL:   7.0   DPTR FM NORMAL:   -1.08    2 = FOG REDUCING VISIBILITY
HIGHEST:    99 ON 15    GRTST 24HR  0.50 ON  7- 7      TO 1/4 MILE OR LESS
LOWEST:     48 ON  3                               3 = THUNDER
                        SNOW, ICE PELLETS, HAIL    4 = ICE PELLETS
                        TOTAL MONTH:   0.0 INCH    5 = HAIL
                        GRTST 24HR     0.0         6 = FREEZING RAIN OR DRIZZLE
                        GRTST DEPTH:   0           7 = DUSTSTORM OR SANDSTORM:
                                                       VSBY 1/2 MILE OR LESS
                                                   8 = SMOKE OR HAZE
[NO. OF DAYS WITH]      [WEATHER - DAYS WITH]      9 = BLOWING SNOW
                                                   X = TORNADO
MAX 32 OR BELOW:   0    0.01 INCH OR MORE:   2
MAX 90 OR ABOVE:  10    0.10 INCH OR MORE:   1
MIN 32 OR BELOW:   0    0.50 INCH OR MORE:   1
MIN  0 OR BELOW:   0    1.00 INCH OR MORE:   0

[HDD (BASE 65) ]
TOTAL THIS MO.     0    CLEAR  (SCALE 0-3)  16
DPTR FM NORMAL   -18    PTCLDY (SCALE 4-7)   1
TOTAL FM JUL 1  5325    CLOUDY (SCALE 8-10)  0
DPTR FM NORMAL  -217

[CDD (BASE 65) ]
TOTAL THIS MO.   220
DPTR FM NORMAL   104    [PRESSURE DATA]
TOTAL FM JAN 1   368    HIGHEST SLP M ON M
DPTR FM NORMAL   174    LOWEST  SLP 29.45 ON 10

[REMARKS]
