935
CDUS43 KFSD 152232
CLIHON

CLIMATE REPORT
NATIONAL WEATHER SERVICE SIOUX FALLS SD
532 PM CDT TUE JUN 15 2021

...................................

...THE HURON CLIMATE SUMMARY FOR JUNE 15 2021...
VALID TODAY AS OF 0400 PM LOCAL TIME.

CLIMATE NORMAL PERIOD: 1991 TO 2020
CLIMATE RECORD PERIOD: 1881 TO 2021


WEATHER ITEM   OBSERVED TIME   RECORD YEAR NORMAL DEPARTURE LAST
                VALUE   (LST)  VALUE       VALUE  FROM      YEAR
                                                  NORMAL
...................................................................
TEMPERATURE (F)
 TODAY
  MAXIMUM         90   3:12 PM 104    1936  80     10       87
  MINIMUM         55   4:31 AM  38    1989  57     -2       72
  AVERAGE         73                        68      5       80

PRECIPITATION (IN)
  TODAY            0.00          2.70 1901   0.13  -0.13     0.01
  MONTH TO DATE    0.83                      2.01  -1.18     2.53
  SINCE JUN 1      0.83                      2.01  -1.18     2.53
  SINCE JAN 1      5.91                     10.16  -4.25     7.38

SNOWFALL (IN)
  TODAY            0.0           0.0    MM   0.0    0.0      0.0
  MONTH TO DATE    0.0                       0.0    0.0      0.0
  SINCE JUN 1      0.0                       0.0    0.0      0.0
  SINCE JUL 1     31.7                      44.4  -12.7     51.2
  SNOW DEPTH       0

DEGREE DAYS
 HEATING
  TODAY            0                         1     -1        0
  MONTH TO DATE    0                        34    -34        6
  SINCE JUN 1      0                        34    -34        6
  SINCE JUL 1   7116                      7673   -557     7643

 COOLING
  TODAY            8                         5      3       15
  MONTH TO DATE  165                        53    112      118
  SINCE JUN 1    165                        53    112      118
  SINCE JAN 1    206                        88    118      129
...................................................................


WIND (MPH)
  HIGHEST WIND SPEED    15   HIGHEST WIND DIRECTION     E (110)
  HIGHEST GUST SPEED    23   HIGHEST GUST DIRECTION     E (110)
  AVERAGE WIND SPEED     7.7


SKY COVER
  POSSIBLE SUNSHINE  MM
  AVERAGE SKY COVER 0.0


WEATHER CONDITIONS
THE FOLLOWING WEATHER WAS RECORDED TODAY.
  NO SIGNIFICANT WEATHER WAS OBSERVED.


RELATIVE HUMIDITY (PERCENT)
 HIGHEST    83           6:00 AM
 LOWEST     24           4:00 PM
 AVERAGE    54

..........................................................


THE HURON CLIMATE NORMALS FOR TOMORROW
                         NORMAL    RECORD    YEAR
 MAXIMUM TEMPERATURE (F)   80       101      1933
 MINIMUM TEMPERATURE (F)   57        38      1974


SUNRISE AND SUNSET
JUNE 15 2021..........SUNRISE   5:48 AM CDT   SUNSET   9:19 PM CDT
JUNE 16 2021..........SUNRISE   5:48 AM CDT   SUNSET   9:19 PM CDT


-  INDICATES NEGATIVE NUMBERS.
R  INDICATES RECORD WAS SET OR TIED.
MM INDICATES DATA IS MISSING.
T  INDICATES TRACE AMOUNT.




$$
