000
CDUS43 KFSD 060630
CLIHON

CLIMATE REPORT
NATIONAL WEATHER SERVICE SIOUX FALLS SD
130 AM CDT WED JUL 06 2022

...................................

...THE HURON CLIMATE SUMMARY FOR JULY 5 2022...

CLIMATE NORMAL PERIOD: 1991 TO 2020
CLIMATE RECORD PERIOD: 1881 TO 2022


WEATHER ITEM   OBSERVED TIME   RECORD YEAR NORMAL DEPARTURE LAST
                VALUE   (LST)  VALUE       VALUE  FROM      YEAR
                                                  NORMAL
...................................................................
TEMPERATURE (F)
 YESTERDAY
  MAXIMUM         MM        MM 108    1936  85     MM       96
  MINIMUM         66   1:56 PM  40    1972  61      5       59
  AVERAGE         MM                        73     MM       78

PRECIPITATION (IN)
  YESTERDAY       MM             1.70 1908   0.09  MM        0.02
  MONTH TO DATE    2.15                      0.46   1.69     0.02
  SINCE JUN 1      3.51                      4.35  -0.84     1.14
  SINCE JAN 1     12.38                     12.50  -0.12     6.22

SNOWFALL (IN)
  YESTERDAY        0.0           0.0    MM   0.0    0.0      0.0
  MONTH TO DATE    0.0                       0.0    0.0      0.0
  SINCE JUN 1      0.0                       0.0    0.0      0.0
  SINCE JUL 1      0.0                       0.0    0.0      0.0
  SNOW DEPTH       0

DEGREE DAYS
 HEATING
  YESTERDAY       MM                         0     MM        0
  MONTH TO DATE    0                         0      0        0
  SINCE JUN 1     31                        44    -13        6
  SINCE JUL 1      0                         0      0        0

 COOLING
  YESTERDAY       MM                         8     MM       13
  MONTH TO DATE   41                        40      1       69
  SINCE JUN 1    255                       185     70      342
  SINCE JAN 1    284                       220     64      383
...................................................................


WIND (MPH)
  HIGHEST WIND SPEED    74   HIGHEST WIND DIRECTION    NW (310)
  HIGHEST GUST SPEED    96   HIGHEST GUST DIRECTION    NW (320)
  AVERAGE WIND SPEED     9.1


SKY COVER
  POSSIBLE SUNSHINE  MM
  AVERAGE SKY COVER 0.3


WEATHER CONDITIONS
THE FOLLOWING WEATHER WAS RECORDED YESTERDAY.
  THUNDERSTORM
  HEAVY RAIN
  RAIN
  FOG
  FOG W/VISIBILITY <= 1/4 MILE


RELATIVE HUMIDITY (PERCENT)
 HIGHEST   100           1:00 PM
 LOWEST     63          10:00 AM
 AVERAGE    82

..........................................................


THE HURON CLIMATE NORMALS FOR TODAY
                         NORMAL    RECORD    YEAR
 MAXIMUM TEMPERATURE (F)   85       109      1937
 MINIMUM TEMPERATURE (F)   61        44      1960


SUNRISE AND SUNSET
JULY  6 2022..........SUNRISE   5:56 AM CDT   SUNSET   9:19 PM CDT
JULY  7 2022..........SUNRISE   5:56 AM CDT   SUNSET   9:19 PM CDT


-  INDICATES NEGATIVE NUMBERS.
R  INDICATES RECORD WAS SET OR TIED.
MM INDICATES DATA IS MISSING.
T  INDICATES TRACE AMOUNT.




$$
