220
CXUS51 KRLX 021517
CLSHTS

CLIMATE REPORT
NATIONAL WEATHER SERVICE CHARLESTON WV
1017 AM EST TUE MAR 02 2021

...................................

...THE HUNTINGTON WV CLIMATE SUMMARY FOR THE SEASON, FROM
12/1/2020 TO 2/28/2021...

CLIMATE NORMAL PERIOD: 1981 TO 2010
CLIMATE RECORD PERIOD: 1897 TO 2021

WEATHER         OBSERVED          NORMAL  DEPART   LAST YEAR`S
                VALUE   DATE(S)   VALUE   FROM     VALUE
                                          NORMAL
..............................................................
TEMPERATURE (F)
RECORD
 HIGH             81   02/20/2018
 LOW             -24   02/09/1899
HIGHEST           70   02/24                          78
LOWEST            10   02/21                          13
AVG. MAXIMUM    42.1               44.6    -2.5     49.1
AVG. MINIMUM    28.0               27.3     0.7     32.1
MEAN            35.1               36.0    -0.9     40.6
DAYS MAX >= 90     0                0.0     0.0        0
DAYS MAX <= 32    16               14.1     1.9        3
DAYS MAX >= 80     0                                  MM
DAYS MAX >= 100    0                                  MM
DAYS MIN <= 32    71               61.1     9.9       45
DAYS MIN <= 0      0                0.9    -0.9        0
DAYS MIN <= 10     0                                  MM

PRECIPITATION (INCHES)
RECORD
 MAXIMUM       18.74   1937
 MINIMUM        4.99   1941
TOTALS          6.81               9.35   -2.54    14.03
DAILY AVG.      0.11               0.10    0.01     0.16
DAYS >= .01       35               38.2    -3.2       39
DAYS >= .10       21               20.2     0.8       29
DAYS >= .50        6                5.9     0.1        9
DAYS >= 1.00       3                1.6     1.4        3
GREATEST
 24 HR. TOTAL   1.36                                1.94

SNOWFALL (INCHES)
RECORDS
 TOTAL          45.3   1936
 24 HR TOTAL    14.0   01/19/1939 TO 01/19/1939
TOTALS           9.6               18.1    -8.5      4.2
SINCE 7/1        9.6               18.9    -9.3       MM
DAYS >= TRACE     19               14.7     4.3       MM
DAYS >= 1.0        3                5.4    -2.4       MM
DAYS >= 3.0        1                                  MM
GREATEST
 SNOW DEPTH        7   12/25                           3
 24 HR TOTAL     7.0   12/24 TO 12/24                4.0

DEGREE DAYS
HEATING TOTAL   2661               2614      47     2194
 SINCE 7/1      3388               3501    -113       MM
COOLING TOTAL      0                  1      -1        4
 SINCE 1/1         0                  0       0        4
..............................................................

WIND (MPH)
AVERAGE WIND SPEED              5.8
HIGHEST WIND SPEED/DIRECTION    24/260    DATE  01/26
HIGHEST GUST SPEED/DIRECTION    38/260    DATE  01/26

SKY COVER
POSSIBLE SUNSHINE (PERCENT)   MM
AVERAGE SKY COVER           0.64
NUMBER OF DAYS FAIR           23
NUMBER OF DAYS PC             24
NUMBER OF DAYS CLOUDY         43

AVERAGE RH (PERCENT)     74

WEATHER CONDITIONS. NUMBER OF DAYS WITH
THUNDERSTORM              0     MIXED PRECIP               0
HEAVY RAIN                3     RAIN                      12
LIGHT RAIN               30     FREEZING RAIN              5
LT FREEZING RAIN          6     HAIL                       0
HEAVY SNOW                2     SNOW                       7
LIGHT SNOW               30     SLEET                      0
FOG                      50     FOG W/VIS <= 1/4 MILE      5
HAZE                     12

-  INDICATES NEGATIVE NUMBERS.
R  INDICATES RECORD WAS SET OR TIED.
MM INDICATES DATA IS MISSING.
T  INDICATES TRACE AMOUNT.

$$
