000
CXUS53 KLSX 241500
CF6JEF
PRELIMINARY LOCAL CLIMATOLOGICAL DATA (WS FORM: F-6)

                                          STATION:   JEFFERSON CITY
                                          MONTH:     FEBRUARY
                                          YEAR:      2020
                                          LATITUDE:   38 35 N
                                          LONGITUDE:  92 10 W

  TEMPERATURE IN F:       :PCPN:    SNOW:  WIND      :SUNSHINE: SKY     :PK WND
================================================================================
1   2   3   4   5  6A  6B    7    8   9   10  11  12  13   14  15   16   17  18
                                     12Z  AVG MX 2MIN
DY MAX MIN AVG DEP HDD CDD  WTR  SNW DPTH SPD SPD DIR MIN PSBL S-S WX    SPD DR
================================================================================

 1  49  31  40   6  25   0 0.00  0.0    0  4.3 14 260   M    M   6 18     20 280
 2  70  40  55  21  10   0 0.00  0.0    0  3.9 13 240   M    M   0        19 240
 3  72  37  55  21  10   0 0.00  0.0    0  8.1 17 180   M    M   0        27 170
 4  45  33  39   5  26   0 0.11    M    M  8.8 16  10   M    M  10 18     25  20
 5  33  28  31  -3  34   0    M    M    M  6.5 16  10   M    M  10 128    24 360
 6  32  22  27  -7  38   0    T    M    M  5.4 13 330   M    M   9 18     17  10
 7  38  19  29  -6  36   0    T    M    M  6.0 14 310   M    M   5 1      18 310
 8  40  26  33  -2  32   0 0.00  0.0    0  5.7 12 290   M    M   4        15 270
 9  58  34  46  11  19   0 0.35    M    M  8.9 17 330   M    M  10 13     25 130
10  39  31  35   0  30   0    T    M    M  5.2 12 330   M    M   8 8      16 330
11  44  32  38   2  27   0 0.00  0.0    0  4.5 14 320   M    M   6 18     19 340
12  36  31  34  -2  31   0 0.45    M    M  5.3 12  70   M    M   8 1      15  50
13  34   M   M   M   M   M    M    M    M 15.2 25 300   M    M   4        35 290
14  30   M   M   M   M   M    M    M    M  7.8 15 130   M    M   1        18 140
15  46  27  37   0  28   0 0.00  0.0    0  5.5 14 170   M    M   6        23 170
16  54  26  40   3  25   0 0.00  0.0    0  4.6 13 120   M    M   1        15 120
17  50  38  44   7  21   0 0.02    M    M  5.8 18 320   M    M   7 1      26 320
18  47  30  39   2  26   0 0.00  0.0    0  8.7 22 330   M    M   4        30 320
19  46  24  35  -3  30   0 0.00  0.0    0  5.5 15  10   M    M   0        22  10
20  33  19  26 -12  39   0 0.00  0.0    0  9.7 17 360   M    M   3        26  40
21  44  15  30  -8  35   0 0.00  0.0    0  2.9 12 210   M    M   0        17 210
22  54  28  41   3  24   0 0.00  0.0    0  6.7 15 200   M    M   0        20 180
23  62  37  50  11  15   0 0.05  0.0    0  5.2 12 170   M    M   1 1      16 250
================================================================================
SM 1056  608       561   0  0.98  0.0    150.2          M      103
================================================================================
AV 45.9 29.0                               6.5 FASTST   M    M   4    MAX(MPH)
                                 MISC ---->    25 300                 35 290
================================================================================
NOTES:
# LAST OF SEVERAL OCCURRENCES

COLUMN 17 PEAK WIND IN M.P.H.

PRELIMINARY LOCAL CLIMATOLOGICAL DATA (WS FORM: F-6) , PAGE 2

                                          STATION:   JEFFERSON CITY
                                          MONTH:     FEBRUARY
                                          YEAR:      2020
                                          LATITUDE:   38 35 N
                                          LONGITUDE:  92 10 W

[TEMPERATURE DATA]      [PRECIPITATION DATA]       SYMBOLS USED IN COLUMN 16

AVERAGE MONTHLY: 37.4   TOTAL FOR MONTH:   0.98    1 = FOG OR MIST
DPTR FM NORMAL:   1.5   DPTR FM NORMAL:   -0.86    2 = FOG REDUCING VISIBILITY
HIGHEST:    72 ON  3    GRTST 24HR  0.45 ON 12-12      TO 1/4 MILE OR LESS
LOWEST:     15 ON 21                               3 = THUNDER
                        SNOW, ICE PELLETS, HAIL    4 = ICE PELLETS
                        TOTAL MONTH:   0.0 INCH    5 = HAIL
                        GRTST 24HR  0.0            6 = FREEZING RAIN OR DRIZZLE
                        GRTST DEPTH:  0            7 = DUSTSTORM OR SANDSTORM:
                                                       VSBY 1/2 MILE OR LESS
                                                   8 = SMOKE OR HAZE
[NO. OF DAYS WITH]      [WEATHER - DAYS WITH]      9 = BLOWING SNOW
                                                   X = TORNADO
MAX 32 OR BELOW:   2    0.01 INCH OR MORE:   5
MAX 90 OR ABOVE:   0    0.10 INCH OR MORE:   3
MIN 32 OR BELOW:  15    0.50 INCH OR MORE:   0
MIN  0 OR BELOW:   0    1.00 INCH OR MORE:   0

[HDD (BASE 65) ]
TOTAL THIS MO.   561    CLEAR  (SCALE 0-3)   9
DPTR FM NORMAL  -107    PTCLDY (SCALE 4-7)  10
TOTAL FM JUL 1  3232    CLOUDY (SCALE 8-10)  4
DPTR FM NORMAL  -303

[CDD (BASE 65) ]
TOTAL THIS MO.     0
DPTR FM NORMAL     0    [PRESSURE DATA]
TOTAL FM JAN 1     0    HIGHEST SLP M ON M
DPTR FM NORMAL     0    LOWEST  SLP 29.50 ON  3

[REMARKS]
