000
CXUS53 KOAX 251000
CF6LNK
PRELIMINARY LOCAL CLIMATOLOGICAL DATA (WS FORM: F-6)

                                          STATION:   LINCOLN  NE
                                          MONTH:     JUNE
                                          YEAR:      2018
                                          LATITUDE:   40 50 N
                                          LONGITUDE:  96 45 W

  TEMPERATURE IN F:       :PCPN:    SNOW:  WIND      :SUNSHINE: SKY     :PK WND
================================================================================
1   2   3   4   5  6A  6B    7    8   9   10  11  12  13   14  15   16   17  18
                                     12Z  AVG MX 2MIN
DY MAX MIN AVG DEP HDD CDD  WTR  SNW DPTH SPD SPD DIR MIN PSBL S-S WX    SPD DR
================================================================================

 1  93  64  79  11   0  14 0.77  0.0    0 11.9 31 330   M    M   1 13     42 330
 2  81  57  69   1   0   4 0.48  0.0    0 14.3 38  70   M    M   0 13     50  80
 3  83  52  68   0   0   3 0.00  0.0    0  7.3 20 340   M    M   0        27 280
 4  78  55  67  -2   0   2    T  0.0    0  8.9 21 180   M    M   1        29 210
 5  91  60  76   7   0  11 0.00  0.0    0  8.3 17 170   M    M   0        23 200
 6  94  70  82  12   0  17 0.00  0.0    0 10.3 28 350   M    M   0 3      35 360
 7  84  68  76   6   0  11 0.00  0.0    0  9.1 30 260   M    M   1 3      38 260
 8  91  63  77   7   0  12 0.00  0.0    0  6.7 15 140   M    M   0        20 130
 9  92  65  79   8   0  14 0.30  0.0    0 11.1 53 330   M    M   1 13     73 280
10  92  73  83  12   0  18    T  0.0    0 15.0 25 120   M    M   0 3      34 130
11  94  68  81  10   0  16 0.02  0.0    0 12.6 33 350   M    M   3 3      43 350
12  86  62  74   2   0   9 0.00  0.0    0  7.2 15 350   M    M   1        25  10
13  83  60  72   0   0   7 0.00  0.0    0  9.7 18 130   M    M   2        25 110
14  99  69  84  12   0  19 0.00  0.0    0 16.4 29 160   M    M   0        39 170
15 101  78  90  17   0  25 0.00  0.0    0 18.2 28 180   M    M   0        37 180
16  99  78  89  16   0  24 0.00  0.0    0 17.4 26 200   M    M   1        37 190
17  94  76  85  12   0  20    T  0.0    0 12.7 22 160   M    M   2        32 180
18  97  73  85  11   0  20 0.12  0.0    0 10.8 32 170   M    M   2 13     41 170
19  88  67  78   4   0  13 2.33  0.0    0  7.6 28 230   M    M   6 13     38 220
20  80  63  72  -2   0   7 1.07  0.0    0 11.5 26 330   M    M   9 13     34 320
21  73  61  67  -7   0   2 0.13  0.0    0 17.4 30 340   M    M  10 1      41 300
22  72  60  66  -9   0   1    T  0.0    0  6.4 15  20   M    M   8 1      19  20
23  88  61  75   0   0  10 0.01  0.0    0  5.0 16 340   M    M   2 138    20 350
24  89  64  77   2   0  12 0.01  0.0    0  8.3 33 300   M    M   1 3      44 320
================================================================================
SM 2122 1567         0 291  5.24     0.0 264.1          M       51
================================================================================
AV 88.4 65.3                              11.0 FASTST   M    M   2    MAX(MPH)
                                 MISC ---->  # 53 330               # 73  280
================================================================================
NOTES:
# LAST OF SEVERAL OCCURRENCES

COLUMN 17 PEAK WIND IN M.P.H.

PRELIMINARY LOCAL CLIMATOLOGICAL DATA (WS FORM: F-6) , PAGE 2

                                          STATION:  LINCOLN  NE
                                          MONTH:    JUNE
                                          YEAR:     2018
                                          LATITUDE:   40 50 N
                                          LONGITUDE:  96 45 W

[TEMPERATURE DATA]      [PRECIPITATION DATA]       SYMBOLS USED IN COLUMN 16

AVERAGE MONTHLY: 76.9   TOTAL FOR MONTH:   5.24    1 = FOG OR MIST
DPTR FM NORMAL:   5.1   DPTR FM NORMAL:    1.72    2 = FOG REDUCING VISIBILITY
HIGHEST:   101 ON 15    GRTST 24HR  2.33 ON 19-19      TO 1/4 MILE OR LESS
LOWEST:     52 ON  3                               3 = THUNDER
                        SNOW, ICE PELLETS, HAIL    4 = ICE PELLETS
                        TOTAL MONTH:   0.0 INCH    5 = HAIL
                        GRTST 24HR     0.0         6 = FREEZING RAIN OR DRIZZLE
                        GRTST DEPTH:   0           7 = DUSTSTORM OR SANDSTORM:
                                                       VSBY 1/2 MILE OR LESS
                                                   8 = SMOKE OR HAZE
[NO. OF DAYS WITH]      [WEATHER - DAYS WITH]      9 = BLOWING SNOW
                                                   X = TORNADO
MAX 32 OR BELOW:   0    0.01 INCH OR MORE:  10
MAX 90 OR ABOVE:  12    0.10 INCH OR MORE:   7
MIN 32 OR BELOW:   0    0.50 INCH OR MORE:   3
MIN  0 OR BELOW:   0    1.00 INCH OR MORE:   2

[HDD (BASE 65) ]
TOTAL THIS MO.     0    CLEAR  (SCALE 0-3)  20
DPTR FM NORMAL   -13    PTCLDY (SCALE 4-7)   2
TOTAL FM JUL 1  5999    CLOUDY (SCALE 8-10)  2
DPTR FM NORMAL   -54

[CDD (BASE 65) ]
TOTAL THIS MO.   291
DPTR FM NORMAL   115    [PRESSURE DATA]
TOTAL FM JAN 1   495    HIGHEST SLP M ON M
DPTR FM NORMAL   240    LOWEST  SLP 29.58 ON 11

[REMARKS]
