000
CDUS43 KLSX 242231
CLISTL


CLIMATE REPORT
NATIONAL WEATHER SERVICE ST LOUIS MO
530 PM CDT SUN MAR 24 2019


...................................

...THE ST. LOUIS CLIMATE SUMMARY FOR MARCH 24 2019...
VALID TODAY AS OF 0500 PM LOCAL TIME.

CLIMATE NORMAL PERIOD 1981 TO 2010
CLIMATE RECORD PERIOD 1874 TO 2019


WEATHER ITEM   OBSERVED TIME   RECORD YEAR NORMAL DEPARTURE LAST
                VALUE   (LST)  VALUE       VALUE  FROM      YEAR
                                                  NORMAL
..................................................................
TEMPERATURE (F)
 TODAY
  MAXIMUM         67    210 PM  92    1929  59      8       43
  MINIMUM         44    228 AM   3    1974  39      5       35
  AVERAGE         56                        49      7       39

PRECIPITATION (IN)
  TODAY            0.12          3.59 1913   0.12   0.00     0.81
  MONTH TO DATE    2.77                      2.45   0.32     4.04
  SINCE MAR 1      2.77                      2.45   0.32     4.04
  SINCE JAN 1      9.26                      7.09   2.17    10.52

SNOWFALL (IN)
  TODAY            0.0          12.4  2013   0.0    0.0      0.0
  MONTH TO DATE    2.4                       2.0    0.4      1.0
  SINCE MAR 1      2.4                       2.0    0.4      1.0
  SINCE JUL 1     24.2                      17.0    7.2      6.5
  SNOW DEPTH       0

DEGREE DAYS
 HEATING
  TODAY            9                        16     -7       26
  MONTH TO DATE  584                       484    100      550
  SINCE MAR 1    584                       484    100      550
  SINCE JUL 1   4338                      4082    256     4021

 COOLING
  TODAY            0                         0      0        0
  MONTH TO DATE    0                         0      0        0
  SINCE MAR 1      0                         0      0        0
  SINCE JAN 1      0                         0      0        0
..................................................................


WIND (MPH)
  HIGHEST WIND SPEED    13   HIGHEST WIND DIRECTION    SE (130)
  HIGHEST GUST SPEED    20   HIGHEST GUST DIRECTION     S (160)
  AVERAGE WIND SPEED     5.6


SKY COVER
  AVERAGE SKY COVER 0.9



RELATIVE HUMIDITY (PERCENT)
 HIGHEST    92           200 AM
 LOWEST     56           200 PM
 AVERAGE    74

..........................................................


THE ST. LOUIS CLIMATE NORMALS FOR TOMORROW
                         NORMAL    RECORD    YEAR
 MAXIMUM TEMPERATURE (F)   60        84      1907
 MINIMUM TEMPERATURE (F)   40        11      1955


SUNRISE AND SUNSET
MARCH 24 2019.........SUNRISE   659 AM CDT   SUNSET   717 PM CDT
MARCH 25 2019.........SUNRISE   657 AM CDT   SUNSET   718 PM CDT


-  INDICATES NEGATIVE NUMBERS.
R  INDICATES RECORD WAS SET OR TIED.
MM INDICATES DATA IS MISSING.
T  INDICATES TRACE AMOUNT.




$$
