000
CDUS43 KLSX 160729
CLISTL


CLIMATE REPORT
NATIONAL WEATHER SERVICE ST LOUIS MO
128 AM CST WED JAN 16 2019


...................................

...THE ST. LOUIS CLIMATE SUMMARY FOR JANUARY 15 2019...

CLIMATE NORMAL PERIOD 1981 TO 2010
CLIMATE RECORD PERIOD 1874 TO 2019


WEATHER ITEM   OBSERVED TIME   RECORD YEAR NORMAL DEPARTURE LAST
                VALUE   (LST)  VALUE       VALUE  FROM      YEAR
                                                  NORMAL
..................................................................
TEMPERATURE (F)
 YESTERDAY
  MAXIMUM         35   1159 PM  69    1901  40     -5       29
  MINIMUM         30    952 AM -12    1888  23      7        5
  AVERAGE         33                        32      1       17

PRECIPITATION (IN)
  YESTERDAY        T             1.18 1907   0.07  -0.07     0.06
  MONTH TO DATE    1.23                      1.21   0.02     0.46
  SINCE DEC 1      5.21                      4.05   1.16     1.30
  SINCE JAN 1      1.23                      1.21   0.02     0.46

SNOWFALL (IN)
  YESTERDAY        T             4.0  1997   0.2   -0.2      0.9
  MONTH TO DATE   11.4                       2.7    8.7      1.2
  SINCE DEC 1     13.1                       7.1    6.0      4.7
  SINCE JUL 1     18.3                       7.8   10.5      4.7
  SNOW DEPTH       6

DEGREE DAYS
 HEATING
  YESTERDAY       32                        34     -2       48
  MONTH TO DATE  418                       503    -85      649
  SINCE DEC 1   1216                      1442   -226     1577
  SINCE JUL 1   2278                      2268     10     2279

 COOLING
  YESTERDAY        0                         0      0        0
  MONTH TO DATE    0                         0      0        0
  SINCE DEC 1      0                         0      0        0
  SINCE JAN 1      0                         0      0        0
..................................................................


WIND (MPH)
  HIGHEST WIND SPEED    15   HIGHEST WIND DIRECTION    SW (220)
  HIGHEST GUST SPEED    17   HIGHEST GUST DIRECTION    SW (220)
  AVERAGE WIND SPEED     8.1


SKY COVER
  AVERAGE SKY COVER 1.0


WEATHER CONDITIONS
 THE FOLLOWING WEATHER WAS RECORDED YESTERDAY.
  LT FREEZING RAIN
  SNOW
  LIGHT SNOW
  FOG


RELATIVE HUMIDITY (PERCENT)
 HIGHEST    89           500 PM
 LOWEST     82           200 PM
 AVERAGE    86

..........................................................


THE ST. LOUIS CLIMATE NORMALS FOR TODAY
                         NORMAL    RECORD    YEAR
 MAXIMUM TEMPERATURE (F)   40        71      1990
 MINIMUM TEMPERATURE (F)   23       -14      1977


SUNRISE AND SUNSET
JANUARY 16 2019.......SUNRISE   718 AM CST   SUNSET   505 PM CST
JANUARY 17 2019.......SUNRISE   717 AM CST   SUNSET   506 PM CST


-  INDICATES NEGATIVE NUMBERS.
R  INDICATES RECORD WAS SET OR TIED.
MM INDICATES DATA IS MISSING.
T  INDICATES TRACE AMOUNT.




$$
