000
CXUS53 KLSX 251500
CF6SUS
PRELIMINARY LOCAL CLIMATOLOGICAL DATA (WS FORM: F-6)

                                          STATION:   SPIRIT OF ST LOUIS MO
                                          MONTH:     JANUARY
                                          YEAR:      2020
                                          LATITUDE:   38 39 N
                                          LONGITUDE:  90 38 W

  TEMPERATURE IN F:       :PCPN:    SNOW:  WIND      :SUNSHINE: SKY     :PK WND
================================================================================
1   2   3   4   5  6A  6B    7    8   9   10  11  12  13   14  15   16   17  18
                                     12Z  AVG MX 2MIN
DY MAX MIN AVG DEP HDD CDD  WTR  SNW DPTH SPD SPD DIR MIN PSBL S-S WX    SPD DR
================================================================================

 1  58  26  42  11  23   0 0.00  0.0    0  7.6 21 230   M    M   0        39 230
 2  56  34  45  14  20   0 0.00  0.0    0  2.9 15 210   M    M   2        26 200
 3  46  35  41  10  24   0 0.00    M    M  6.0 14 280   M    M   8 8      18 330
 4  42  25  34   3  31   0 0.00  0.0    0  8.1 22 290   M    M   5        29 290
 5  57  24  41  10  24   0 0.00  0.0    0  8.0 23 300   M    M   0        33 310
 6  50  23  37   6  28   0 0.00  0.0    0  2.5 10 100   M    M   2        15 100
 7  49  27  38   7  27   0 0.00  0.0    0  8.1 18 290   M    M   2        25 300
 8  46  26  36   5  29   0 0.00  0.0    0  6.3 14 100   M    M   0        20 100
 9  58  39  49  18  16   0 0.73  0.0    0 10.1 24 200   M    M   8 1      38 190
10  61  43  52  21  13   0 2.22  0.0    0  6.1 24 310   M    M  10 13     36 150
11  43  27  35   4  30   0 0.95    M    0 10.4 26 320   M    M  10 136    36 330
12  33  26  30  -1  35   0 0.00  0.0    M  5.7 13 170   M    M  10 18     23 150
13  39  32  36   5  29   0 0.00  0.0    M  5.1 12 120   M    M  10 1      17 120
14  54  31  43  12  22   0 0.00  0.0    0  1.4  7  60   M    M   5 128    12 230
15  60  33  47  16  18   0 0.00  0.0    0  6.8 20 320   M    M  10 128    28 310
16  33  22  28  -3  37   0 0.00  0.0    0  9.0 18 320   M    M   3        24 330
17  36  25  31   0  34   0 0.89    M    0  8.3 15  90   M    M   8 16     24 100
18  52  25  39   8  26   0 0.71  0.0    0 16.1 29 290   M    M   6 1      42 260
19  25  14  20 -11  45   0 0.00  0.0    0 13.3 24 280   M    M   2        33 310
20  23  16  20 -11  45   0    T    M    0  4.3 10 320   M    M   9 18     13 310
21  34  19  27  -4  38   0 0.00  0.0    0  5.7 15 160   M    M   6 18     20 170
22  38  24  31   0  34   0 0.05    M    0  5.8 14 150   M    M   5 8      22 150
23  36  33  35   4  30   0 0.37    M    M  2.7  8 160   M    M  10 1      14 150
24  35  33  34   3  31   0    T    M    M  4.6 13 280   M    M  10 12     17 280
================================================================================
SM 1064  662       689   0  5.92  0.0    164.9          M      141
================================================================================
AV 44.3 27.6                               6.9 FASTST   M    M   6    MAX(MPH)
                                 MISC ---->    29 290                 42 260
================================================================================
NOTES:
# LAST OF SEVERAL OCCURRENCES

COLUMN 17 PEAK WIND IN M.P.H.

PRELIMINARY LOCAL CLIMATOLOGICAL DATA (WS FORM: F-6) , PAGE 2

                                          STATION:   SPIRIT OF ST LOUIS MO
                                          MONTH:     JANUARY
                                          YEAR:      2020
                                          LATITUDE:   38 39 N
                                          LONGITUDE:  90 38 W

[TEMPERATURE DATA]      [PRECIPITATION DATA]       SYMBOLS USED IN COLUMN 16

AVERAGE MONTHLY: 36.0   TOTAL FOR MONTH:   5.92    1 = FOG OR MIST
DPTR FM NORMAL:   5.0   DPTR FM NORMAL:    4.01    2 = FOG REDUCING VISIBILITY
HIGHEST:    61 ON 10    GRTST 24HR  2.36 ON 10-11      TO 1/4 MILE OR LESS
LOWEST:     14 ON 19                               3 = THUNDER
                        SNOW, ICE PELLETS, HAIL    4 = ICE PELLETS
                        TOTAL MONTH:   0.0 INCH    5 = HAIL
                        GRTST 24HR  0.0            6 = FREEZING RAIN OR DRIZZLE
                        GRTST DEPTH:  0            7 = DUSTSTORM OR SANDSTORM:
                                                       VSBY 1/2 MILE OR LESS
                                                   8 = SMOKE OR HAZE
[NO. OF DAYS WITH]      [WEATHER - DAYS WITH]      9 = BLOWING SNOW
                                                   X = TORNADO
MAX 32 OR BELOW:   2    0.01 INCH OR MORE:   7
MAX 90 OR ABOVE:   0    0.10 INCH OR MORE:   6
MIN 32 OR BELOW:  17    0.50 INCH OR MORE:   5
MIN  0 OR BELOW:   0    1.00 INCH OR MORE:   1

[HDD (BASE 65) ]
TOTAL THIS MO.   689    CLEAR  (SCALE 0-3)   8
DPTR FM NORMAL  -127    PTCLDY (SCALE 4-7)   7
TOTAL FM JUL 1  2483    CLOUDY (SCALE 8-10)  9
DPTR FM NORMAL  -215

[CDD (BASE 65) ]
TOTAL THIS MO.     0
DPTR FM NORMAL     0    [PRESSURE DATA]
TOTAL FM JAN 1     0    HIGHEST SLP M ON M
DPTR FM NORMAL     0    LOWEST  SLP 29.62 ON  2

[REMARKS]
