000
CXUS51 KGYX 050954
CF6GYX
PRELIMINARY LOCAL CLIMATOLOGICAL DATA (WS FORM: F-6)
STATION: GRAY ME
MONTH: AUGUST
YEAR: 2021
LATITUDE: 43 53 N
LONGITUDE: 70 15 W
TEMPERATURE IN F: :PCPN: SNOW: WIND :SUNSHINE: SKY :PK WND
================================================================================
1 2 3 4 5 6A 6B 7 8 9 10 11 12 13 14 15 16 17 18
12Z AVG MX 2MIN
DY MAX MIN AVG DEP HDD CDD WTR SNW DPTH SPD SPD DIR MIN PSBL S-S WX SPD DR
================================================================================
1 73 57 65 -5 0 0 T 0.0 0 M M M M M M M M
2 75 59 67 -3 0 2 0.10 0.0 0 M M M M M M M M
3 78 56 67 -3 0 2 0.00 0.0 0 M M M M M M M M
4 77 59 68 -2 0 3 T 0.0 0 M M M M M M M M
5 66 61 64 -6 1 0 0.34 0.0 0 M M M M M M M M
6 83 62 73 3 0 8 0.00 0.0 0 M M M M M M M M
7 84 65 75 5 0 10 0.00 0.0 0 M M M M M M M M
8 82 64 73 3 0 8 0.00 0.0 0 M M M M M M M M
9 74 62 68 -1 0 3 0.01 0.0 0 M M M M M M M M
10 76 62 69 0 0 4 0.01 0.0 0 M M M M M M M M
11 81 64 73 4 0 8 T 0.0 0 M M M M M M M M
12 89 67 78 9 0 13 0.01 0.0 0 M M M M M M 18 M M
13 90 70 80 11 0 15 0.00 0.0 0 M M M M M M 1 M M
14 88 66 77 8 0 12 0.00 0.0 0 M M M M M M M M
15 77 59 68 -1 0 3 0.00 0.0 0 M M M M M 0 M M
16 78 54 66 -3 0 1 0.00 0.0 0 M M M M M M M M
17 78 56 67 -2 0 2 0.00 0.0 0 M M M M M M M M
18 84 69 77 8 0 12 T 0.0 0 M M M M M M M M
19 79 67 73 5 0 8 0.44 0.0 0 M M M M M M M M
20 87 67 77 9 0 12 0.06 0.0 0 M M M M M M M M
21 82 66 74 6 0 9 0.00 0.0 0 M M M M M M M M
22 69 65 67 -1 0 2 0.18 0.0 0 M M M M M M M M
23 73 65 69 1 0 4 0.06 0.0 0 M M M M M M M M
24 87 67 77 9 0 12 0.28 0.0 0 M M M M M M 1 M M
25 88 70 79 11 0 14 0.00 0.0 0 M M M M M M M M
26 90 69 80 13 0 15 0.00 0.0 0 M M M M M M M M
27 85 62 74 7 0 9 0.00 0.0 0 M M M M M M M M
28 67 57 62 -5 3 0 0.01 0.0 0 M M M M M M M M
29 66 56 61 -6 4 0 0.01 0.0 0 M M M M M M M M
30 82 62 72 6 0 7 0.16 0.0 0 M M M M M M M M
31 83 64 74 8 0 9 0.02 0.0 0 M M M M M M M M
================================================================================
SM 2471 1949 8 207 1.69 0.0 M M 0
================================================================================
AV 79.7 62.9 M FASTST M M 0 MAX(MPH)
MISC ----> M M M M
================================================================================
NOTES:
# LAST OF SEVERAL OCCURRENCES
COLUMN 17 PEAK WIND IN M.P.H.
PRELIMINARY LOCAL CLIMATOLOGICAL DATA (WS FORM: F-6) , PAGE 2
STATION: GRAY ME
MONTH: AUGUST
YEAR: 2021
LATITUDE: 43 53 N
LONGITUDE: 70 15 W
[TEMPERATURE DATA] [PRECIPITATION DATA] SYMBOLS USED IN COLUMN 16
AVERAGE MONTHLY: 71.3 TOTAL FOR MONTH: 1.69 1 = FOG OR MIST
DPTR FM NORMAL: 2.7 DPTR FM NORMAL: -2.15 2 = FOG REDUCING VISIBILITY
HIGHEST: 90 ON 26,13 GRTST 24HR 0.44 ON 19-19 TO 1/4 MILE OR LESS
LOWEST: 54 ON 16 3 = THUNDER
SNOW, ICE PELLETS, HAIL 4 = ICE PELLETS
TOTAL MONTH: 0.0 INCH 5 = HAIL
GRTST 24HR 0.0 6 = FREEZING RAIN OR DRIZZLE
GRTST DEPTH: 0 7 = DUSTSTORM OR SANDSTORM:
VSBY 1/2 MILE OR LESS
8 = SMOKE OR HAZE
[NO. OF DAYS WITH] [WEATHER - DAYS WITH] 9 = BLOWING SNOW
X = TORNADO
MAX 32 OR BELOW: 0 0.01 INCH OR MORE: 14
MAX 90 OR ABOVE: 2 0.10 INCH OR MORE: 6
MIN 32 OR BELOW: 0 0.50 INCH OR MORE: 0
MIN 0 OR BELOW: 0 1.00 INCH OR MORE: 0
[HDD (BASE 65) ]
TOTAL THIS MO. 8 CLEAR (SCALE 0-3) 1
DPTR FM NORMAL -13 PTCLDY (SCALE 4-7) 0
TOTAL FM JUL 1 48 CLOUDY (SCALE 8-10) 30
DPTR FM NORMAL 17
[CDD (BASE 65) ]
TOTAL THIS MO. 207
DPTR FM NORMAL 76 [PRESSURE DATA]
TOTAL FM JAN 1 510 HIGHEST SLP M ON M
DPTR FM NORMAL 153 LOWEST SLP M ON M
[REMARKS]
#FINAL-08-21#