000
CXUS55 KALY 010710
CF6ALB
PRELIMINARY LOCAL CLIMATOLOGICAL DATA (WS FORM: F-6)

                                          STATION:   ALBANY NY
                                          MONTH:     NOVEMBER
                                          YEAR:      2018
                                          LATITUDE:   42 45 N
                                          LONGITUDE:  73 48 W

  TEMPERATURE IN F:       :PCPN:    SNOW:  WIND      :SUNSHINE: SKY     :PK WND
================================================================================
1   2   3   4   5  6A  6B    7    8   9   10  11  12  13   14  15   16   17  18
                                     12Z  AVG MX 2MIN
DY MAX MIN AVG DEP HDD CDD  WTR  SNW DPTH SPD SPD DIR MIN PSBL S-S WX    SPD DR
================================================================================

 1  59  48  54  10  11   0 0.27  0.0    0  3.6 13 310   M    M  10 1      15 320
 2  64  48  56  12   9   0 0.86  0.0    0  4.0 22 290   M    M  10 1      30 290
 3  57  41  49   5  16   0 0.58  0.0    0 14.1 36 280   M    M   8 1      48 270
 4  51  36  44   0  21   0    T  0.0    0  5.6 15 320   M    M   7        23 330
 5  48  31  40  -3  25   0 0.22  0.0    0  4.2 15 150   M    M   9 1      25 140
 6  54  44  49   6  16   0 0.25  0.0    0  7.4 17 180   M    M  10 1      25 150
 7  59  41  50   7  15   0 0.00  0.0    0  8.9 21 290   M    M   3 1      31 260
 8  49  31  40  -2  25   0 0.00  0.0    0  5.9 16 300   M    M   6        21 290
 9  42  28  35  -7  30   0 0.39  0.0    0  1.9  8 340   M    M   7 1      11 160
10  42  35  39  -3  26   0 0.16    T    0 13.5 32 280   M    M   7 1      45 280
11  41  26  34  -7  31   0    T    T    0  9.1 22 280   M    M   6 15     30 300
12  47  29  38  -3  27   0 0.00  0.0    0  5.6 13 160   M    M   9        17 170
13  44  32  38  -3  27   0 0.66  0.2    0  8.7 21 310   M    M  10 1      32 300
14  33  22  28 -12  37   0 0.01  0.6    1 11.5 25 320   M    M   8        38 290
15  29  20  25 -15  40   0 0.33  3.2    0  3.5 12  20   M    M  10 14     14  10
16  40  26  33  -7  32   0 0.35  1.9    4  6.8 17 310   M    M  10 1246   22 340
17  44  37  41   2  24   0    T  0.0    2  7.6 16 290   M    M  10        22 280
18  37  30  34  -5  31   0 0.03  0.5    1  3.6 16 280   M    M   8 1      22 280
19  40  32  36  -3  29   0 0.06  0.9    3  1.9  8 180   M    M  10 18      9 170
20  39  33  36  -2  29   0 0.21  1.4    3  5.0 21 280   M    M   9 1      26 300
21  40  17  29  -9  36   0 0.01  0.3    1 11.5 32 290   M    M   7 5      51 260
22  19   8  14 -24  51   0 0.00  0.0    1 11.7 20 310   M    M   2        25 280
23  28   4  16 -21  49   0 0.00  0.0    1  4.0 12 170   M    M   3        15 190
24  40  20  30  -7  35   0 0.11  0.0    1  4.9 15 170   M    M   8 1      20 190
25  42  34  38   2  27   0 0.23  0.0    1  1.6  8 200   M    M  10 1      10 310
26  45  34  40   4  25   0 0.40  0.0    0  3.5 14 120   M    M  10 12     21 130
27  40  34  37   1  28   0 0.44  1.1    1  9.7 21 280   M    M   9 1      30 280
28  40  34  37   2  28   0 0.02  0.3    T 15.1 25 280   M    M   9        36 290
29  43  36  40   5  25   0 0.00  0.0    0 13.6 22 280   M    M   9        31 280
30  39  32  36   2  29   0    T    T    0  3.3 13 300   M    M  10        15 290
================================================================================
SM 1295  923       834   0  5.59    10.4 211.3          M      244
================================================================================
AV 43.2 30.8                               7.0 FASTST   M    M   8    MAX(MPH)
                                 MISC ---->  # 36 280               # 51  260
================================================================================
NOTES:
# LAST OF SEVERAL OCCURRENCES

COLUMN 17 PEAK WIND IN M.P.H.

PRELIMINARY LOCAL CLIMATOLOGICAL DATA (WS FORM: F-6) , PAGE 2

                                          STATION:  ALBANY NY
                                          MONTH:    NOVEMBER
                                          YEAR:     2018
                                          LATITUDE:   42 45 N
                                          LONGITUDE:  73 48 W

[TEMPERATURE DATA]      [PRECIPITATION DATA]       SYMBOLS USED IN COLUMN 16

AVERAGE MONTHLY: 37.0   TOTAL FOR MONTH:   5.59    1 = FOG OR MIST
DPTR FM NORMAL:  -2.7   DPTR FM NORMAL:    2.30    2 = FOG REDUCING VISIBILITY
HIGHEST:    64 ON  2    GRTST 24HR  0.86 ON  2- 2      TO 1/4 MILE OR LESS
LOWEST:      4 ON 23                               3 = THUNDER
                        SNOW, ICE PELLETS, HAIL    4 = ICE PELLETS
                        TOTAL MONTH:  10.4 INCHES  5 = HAIL
                        GRTST 24HR   3.2 ON 15-15  6 = FREEZING RAIN OR DRIZZLE
                        GRTST DEPTH:   4 ON 16     7 = DUSTSTORM OR SANDSTORM:
                                                       VSBY 1/2 MILE OR LESS
                                                   8 = SMOKE OR HAZE
[NO. OF DAYS WITH]      [WEATHER - DAYS WITH]      9 = BLOWING SNOW
                                                   X = TORNADO
MAX 32 OR BELOW:   3    0.01 INCH OR MORE:  20
MAX 90 OR ABOVE:   0    0.10 INCH OR MORE:  15
MIN 32 OR BELOW:  16    0.50 INCH OR MORE:   3
MIN  0 OR BELOW:   0    1.00 INCH OR MORE:   0

[HDD (BASE 65) ]
TOTAL THIS MO.   834    CLEAR  (SCALE 0-3)   1
DPTR FM NORMAL    75    PTCLDY (SCALE 4-7)  10
TOTAL FM JUL 1  1376    CLOUDY (SCALE 8-10) 19
DPTR FM NORMAL   -28

[CDD (BASE 65) ]
TOTAL THIS MO.     0
DPTR FM NORMAL     0    [PRESSURE DATA]
TOTAL FM JAN 1  1058    HIGHEST SLP M ON M
DPTR FM NORMAL   460    LOWEST  SLP 29.34 ON M

[REMARKS]
#FINAL-11-18#
