000
CXUS55 KALY 010710
CF6ALB
PRELIMINARY LOCAL CLIMATOLOGICAL DATA (WS FORM: F-6)

                                          STATION:   ALBANY NY
                                          MONTH:     JANUARY
                                          YEAR:      2019
                                          LATITUDE:   42 45 N
                                          LONGITUDE:  73 48 W

  TEMPERATURE IN F:       :PCPN:    SNOW:  WIND      :SUNSHINE: SKY     :PK WND
================================================================================
1   2   3   4   5  6A  6B    7    8   9   10  11  12  13   14  15   16   17  18
                                     12Z  AVG MX 2MIN
DY MAX MIN AVG DEP HDD CDD  WTR  SNW DPTH SPD SPD DIR MIN PSBL S-S WX    SPD DR
================================================================================

 1  53  27  40  16  25   0 0.10  0.0    0 15.3 36 280   M    M   8 1      55 280
 2  34  20  27   4  38   0    T    T    0  3.7 18 170   M    M   5        24 160
 3  43  32  38  15  27   0    T  0.1    T  9.7 24 290   M    M   9        34 280
 4  43  30  37  14  28   0 0.00  0.0    0  6.9 15 180   M    M   8        19 190
 5  40  29  35  12  30   0 0.42  0.0    0  4.6 18 300   M    M   9 16     23 280
 6  44  22  33  10  32   0 0.02    T    0 11.7 29 310   M    M   8 1      38 310
 7  29  14  22  -1  43   0    T    T    0  8.6 20 320   M    M   7        26 160
 8  41  29  35  13  30   0 0.02    T    0 13.3 26 170   M    M  10 146    39 180
 9  40  32  36  14  29   0 0.44    T    0 16.7 33 280   M    M   9 1      49 310
10  32  24  28   6  37   0    T    T    0 20.5 38 290   M    M   8        49 290
11  24  12  18  -4  47   0    T    T    0 16.8 31 280   M    M   4 1      41 290
12  26  12  19  -3  46   0 0.00  0.0    0  8.4 16 280   M    M   5        21 310
13  23  10  17  -5  48   0 0.00  0.0    0  7.1 13  30   M    M   5        15  30
14  28   8  18  -4  47   0    T    T    0  4.0  8  10   M    M   5        12  10
15  33  10  22   0  43   0    T    T    0  2.9 10 320   M    M   8        13 310
16  39  23  31   9  34   0    T    T    0 11.5 30 290   M    M   8        40 280
17  24   9  17  -5  48   0    T    T    0  3.7 17 300   M    M   5        22 310
18  35  21  28   6  37   0 0.04  0.8    1  9.4 17 310   M    M  10        27 180
19  31   7  19  -3  46   0 0.33  3.5    1  8.3 13  10   M    M   9        16  20
20  21   0  11 -11  54   0 1.25 10.4   11 10.9 29 290   M    M   9 12469  39 300
21   5  -7  -1 -23  66   0    T    T   11 18.5 30 300   M    M   8 9      46 300
22  18   0   9 -13  56   0 0.00  0.0   10  5.0 24 290   M    M   4        31 290
23  40   9  25   3  40   0 0.19    T    9 13.3 24 180   M    M  10 46     30 180
24  48  32  40  18  25   0 1.16  0.1    8 13.1 36 290   M    M  10 1      47 290
25  35  15  25   3  40   0    T    T    3  8.8 23 270   M    M   6        43 310
26  28  14  21  -1  44   0 0.00  0.0    3  4.4 12 230   M    M   7        14 230
27  40  11  26   3  39   0 0.01  0.3    3  9.9 23 180   M    M   8 1      31 180
28  22   8  15  -8  50   0 0.00  0.0    3  5.4  9  10   M    M   2         M  M
29  29   5  17  -6  48   0 0.31  3.6    3  4.5 14 160   M    M   9 1      19 170
30  28   1  15  -8  50   0    T  0.1    6 12.1 36 280   M    M   6 9      54 300
31  14  -3   6 -17  59   0 0.00  0.0    5  8.2 20 270   M    M   1        26 320
================================================================================
SM  990  456      1286   0  4.29    18.9 297.2          M      220
================================================================================
AV 31.9 14.7                               9.6 FASTST   M    M   7    MAX(MPH)
                                 MISC ---->  # 38 290               # 55  280
================================================================================
NOTES:
# LAST OF SEVERAL OCCURRENCES

COLUMN 17 PEAK WIND IN M.P.H.

PRELIMINARY LOCAL CLIMATOLOGICAL DATA (WS FORM: F-6) , PAGE 2

                                          STATION:  ALBANY NY
                                          MONTH:    JANUARY
                                          YEAR:     2019
                                          LATITUDE:   42 45 N
                                          LONGITUDE:  73 48 W

[TEMPERATURE DATA]      [PRECIPITATION DATA]       SYMBOLS USED IN COLUMN 16

AVERAGE MONTHLY: 23.3   TOTAL FOR MONTH:   4.29    1 = FOG OR MIST
DPTR FM NORMAL:   0.7   DPTR FM NORMAL:    1.70    2 = FOG REDUCING VISIBILITY
HIGHEST:    53 ON  1    GRTST 24HR  1.25 ON 20-20      TO 1/4 MILE OR LESS
LOWEST:     -7 ON 21                               3 = THUNDER
                        SNOW, ICE PELLETS, HAIL    4 = ICE PELLETS
                        TOTAL MONTH:  18.9 INCHES  5 = HAIL
                        GRTST 24HR  10.4 ON 20-20  6 = FREEZING RAIN OR DRIZZLE
                        GRTST DEPTH:  11 ON 21,20  7 = DUSTSTORM OR SANDSTORM:
                                                       VSBY 1/2 MILE OR LESS
                                                   8 = SMOKE OR HAZE
[NO. OF DAYS WITH]      [WEATHER - DAYS WITH]      9 = BLOWING SNOW
                                                   X = TORNADO
MAX 32 OR BELOW:  16    0.01 INCH OR MORE:  12
MAX 90 OR ABOVE:   0    0.10 INCH OR MORE:   8
MIN 32 OR BELOW:  31    0.50 INCH OR MORE:   2
MIN  0 OR BELOW:   4    1.00 INCH OR MORE:   2

[HDD (BASE 65) ]
TOTAL THIS MO.  1286    CLEAR  (SCALE 0-3)   2
DPTR FM NORMAL   -30    PTCLDY (SCALE 4-7)  16
TOTAL FM JUL 1  3666    CLOUDY (SCALE 8-10) 13
DPTR FM NORMAL  -185

[CDD (BASE 65) ]
TOTAL THIS MO.     0
DPTR FM NORMAL     0    [PRESSURE DATA]
TOTAL FM JAN 1     0    HIGHEST SLP M ON M
DPTR FM NORMAL     0    LOWEST  SLP 29.35 ON 24

[REMARKS]
#FINAL-01-19#
