000
CXUS55 KALY 010710
CF6ALB
PRELIMINARY LOCAL CLIMATOLOGICAL DATA (WS FORM: F-6)

                                          STATION:   ALBANY NY
                                          MONTH:     JUNE
                                          YEAR:      2019
                                          LATITUDE:   42 45 N
                                          LONGITUDE:  73 48 W

  TEMPERATURE IN F:       :PCPN:    SNOW:  WIND      :SUNSHINE: SKY     :PK WND
================================================================================
1   2   3   4   5  6A  6B    7    8   9   10  11  12  13   14  15   16   17  18
                                     12Z  AVG MX 2MIN
DY MAX MIN AVG DEP HDD CDD  WTR  SNW DPTH SPD SPD DIR MIN PSBL S-S WX    SPD DR
================================================================================

 1  81  49  65   2   0   0 0.01  0.0    0  7.0 17 220   M    M   6 3      23 220
 2  76  49  63   0   2   0 0.07  0.0    0  6.5 25 290   M    M   8 13     32 300
 3  65  44  55  -9  10   0 0.00  0.0    0 11.0 28 290   M    M   3        36 300
 4  70  47  59  -5   6   0 0.01  0.0    0  6.6 20 320   M    M   5        25 270
 5  83  55  69   5   0   4 0.69  0.0    0  6.7 17 190   M    M   8 13     21 190
 6  76  61  69   4   0   4 0.55  0.0    0  3.4 15  40   M    M   7 1      20  30
 7  82  53  68   3   0   3 0.00  0.0    0  3.7 14 290   M    M   3        18 290
 8  80  53  67   2   0   2 0.00  0.0    0  4.9 15  20   M    M   2        18  50
 9  83  49  66   0   0   1 0.00  0.0    0  6.5 17 190   M    M   4        22 180
10  81  53  67   1   0   2 0.78  0.0    0  5.4 16 150   M    M   8 1      23 160
11  73  58  66   0   0   1 0.63  0.0    0 14.8 26 280   M    M   7 1      36 320
12  77  50  64  -2   1   0 0.00  0.0    0  6.7 17 170   M    M   4        23 160
13  65  57  61  -6   4   0 0.06  0.0    0  6.6 13 130   M    M  10        20 160
14  68  53  61  -6   4   0    T  0.0    0 10.3 30 280   M    M   7        37 270
15  81  54  68   1   0   3 0.01  0.0    0  7.8 20 170   M    M   8        29 170
16  68  63  66  -2   0   1 0.75  0.0    0  4.6 12 170   M    M   9 1      14 170
17  80  61  71   3   0   6 0.00  0.0    0  4.6 12 350   M    M   7        14 120
18  75  60  68   0   0   3 0.07  0.0    0  1.6 10 350   M    M   9        12 350
19  79  66  73   5   0   8    T  0.0    0  8.3 16 180   M    M   9 1      21 180
20  79  66  73   4   0   8 0.12  0.0    0  8.8 18 180   M    M   9        28 180
21  78  59  69   0   0   4 0.26  0.0    0  9.2 18 330   M    M   8 18     26 320
22  80  55  68  -1   0   3    T  0.0    0 10.1 24 340   M    M   6        33 330
23  84  55  70   1   0   5 0.00  0.0    0  9.9 23 270   M    M   3        29 280
24  85  56  71   1   0   6 0.00  0.0    0  2.9 12 200   M    M   6        13 210
25  86  68  77   7   0  12 0.89  0.0    0  5.9 17 340   M    M   8 1      21 180
26  87  61  74   4   0   9 0.05  0.0    0  3.3 17 260   M    M   4 3      23 250
27  87  63  75   5   0  10 0.00  0.0    0  6.1 17 290   M    M   3 1      23 290
28  91  60  76   6   0  11    T  0.0    0  3.2 14 290   M    M   6        21 300
29  87  70  79   9   0  14    T  0.0    0  6.0 18 280   M    M   5        22 300
30  81  64  73   2   0   8 0.20  0.0    0  7.4 21  30   M    M   7 13     27  30
================================================================================
SM 2368 1712        27 128  5.15     0.0 199.8          M      189
================================================================================
AV 78.9 57.1                               6.7 FASTST   M    M   6    MAX(MPH)
                                 MISC ---->  # 30 280               # 37  270
================================================================================
NOTES:
# LAST OF SEVERAL OCCURRENCES

COLUMN 17 PEAK WIND IN M.P.H.

PRELIMINARY LOCAL CLIMATOLOGICAL DATA (WS FORM: F-6) , PAGE 2

                                          STATION:  ALBANY NY
                                          MONTH:    JUNE
                                          YEAR:     2019
                                          LATITUDE:   42 45 N
                                          LONGITUDE:  73 48 W

[TEMPERATURE DATA]      [PRECIPITATION DATA]       SYMBOLS USED IN COLUMN 16

AVERAGE MONTHLY: 68.0   TOTAL FOR MONTH:   5.15    1 = FOG OR MIST
DPTR FM NORMAL:   0.8   DPTR FM NORMAL:    1.36    2 = FOG REDUCING VISIBILITY
HIGHEST:    91 ON 28    GRTST 24HR  0.89 ON 25-25      TO 1/4 MILE OR LESS
LOWEST:     44 ON  3                               3 = THUNDER
                        SNOW, ICE PELLETS, HAIL    4 = ICE PELLETS
                        TOTAL MONTH:   0.0 INCH    5 = HAIL
                        GRTST 24HR     0.0         6 = FREEZING RAIN OR DRIZZLE
                        GRTST DEPTH:   0           7 = DUSTSTORM OR SANDSTORM:
                                                       VSBY 1/2 MILE OR LESS
                                                   8 = SMOKE OR HAZE
[NO. OF DAYS WITH]      [WEATHER - DAYS WITH]      9 = BLOWING SNOW
                                                   X = TORNADO
MAX 32 OR BELOW:   0    0.01 INCH OR MORE:  16
MAX 90 OR ABOVE:   1    0.10 INCH OR MORE:   9
MIN 32 OR BELOW:   0    0.50 INCH OR MORE:   6
MIN  0 OR BELOW:   0    1.00 INCH OR MORE:   0

[HDD (BASE 65) ]
TOTAL THIS MO.    27    CLEAR  (SCALE 0-3)   2
DPTR FM NORMAL   -25    PTCLDY (SCALE 4-7)  22
TOTAL FM JUL 1  6315    CLOUDY (SCALE 8-10)  6
DPTR FM NORMAL  -365

[CDD (BASE 65) ]
TOTAL THIS MO.   128
DPTR FM NORMAL    10    [PRESSURE DATA]
TOTAL FM JAN 1   150    HIGHEST SLP M ON M
DPTR FM NORMAL     2    LOWEST  SLP 29.43 ON 20

[REMARKS]
#FINAL-06-19#
