000
CXUS56 KSGX 011045
CF6RAL
PRELIMINARY LOCAL CLIMATOLOGICAL DATA (WS FORM: F-6)
STATION: RIVERSIDE MUNI AIRPORT CA
MONTH: OCTOBER
YEAR: 2021
LATITUDE: 33 57 N
LONGITUDE: 117 27 W
TEMPERATURE IN F: :PCPN: SNOW: WIND :SUNSHINE: SKY :PK WND
================================================================================
1 2 3 4 5 6A 6B 7 8 9 10 11 12 13 14 15 16 17 18
12Z AVG MX 2MIN
DY MAX MIN AVG DEP HDD CDD WTR SNW DPTH SPD SPD DIR MIN PSBL S-S WX SPD DR
================================================================================
1 95 56 76 3 0 11 0.00 M M 5.3 18 280 M M 0 23 270
2 97 57 77 5 0 12 0.00 M M 5.0 18 250 M M 0 23 240
3 98 62 80 8 0 15 0.00 M M 5.5 21 270 M M 0 27 280
4 94 63 79 7 0 14 T M M 5.3 17 260 M M 3 22 250
5 83 61 72 0 0 7 0.06 M M 5.7 21 270 M M 2 31 30
6 77 60 69 -2 0 4 0.00 M M 3.5 14 270 M M 3 18 17 270
7 72 61 67 -4 0 2 T M M 3.7 14 270 M M 7 18 18 270
8 71 57 64 -7 1 0 0.15 M M 5.7 16 270 M M 6 1 23 270
9 75 55 65 -6 0 0 0.00 M M 4.2 16 270 M M 3 23 250
10 84 50 67 -3 0 2 0.00 M M 3.7 17 270 M M 0 22 270
11 74 51 63 -7 2 0 T M M 8.4 28 240 M M 3 37 250
12 71 48 60 -10 5 0 0.00 M M 5.0 17 260 M M 0 21 60
13 77 46 62 -8 3 0 0.00 M M 5.5 20 270 M M 0 23 270
14 83 46 65 -4 0 0 0.00 M M 2.5 13 270 M M 0 15 270
15 87 52 70 1 0 5 0.00 M M 6.0 16 10 M M 0 25 20
16 90 55 73 4 0 8 0.00 M M 4.9 16 270 M M 0 18 270
17 82 52 67 -2 0 2 0.00 M M 5.5 22 260 M M 0 25 260
18 68 52 60 -8 5 0 T M M 5.3 16 240 M M 8 20 240
19 74 47 61 -7 4 0 0.00 M M 4.0 14 270 M M 0 17 270
20 79 47 63 -5 2 0 0.00 M M 4.3 16 270 M M 0 20 270
21 84 48 66 -2 0 1 0.00 M M 4.3 16 260 M M 0 20 260
22 75 50 63 -5 2 0 0.00 M M 4.6 17 260 M M 0 21 270
23 70 56 63 -4 2 0 T M M 3.6 14 270 M M 8 18 17 260
24 73 57 65 -2 0 0 0.00 M M 3.8 13 270 M M 5 14 270
25 66 53 60 -7 5 0 0.08 M M 4.3 25 270 M M 8 18 35 270
26 71 48 60 -7 5 0 0.00 M M 2.8 13 250 M M 2 16 250
27 88 48 68 2 0 3 0.00 M M 3.8 14 360 M M 0 22 350
28 91 58 75 9 0 10 0.00 M M 6.4 17 20 M M 0 26 10
29 90 58 74 8 0 9 0.00 M M 5.3 18 260 M M 0 23 270
30 81 54 68 2 0 3 0.00 M M 3.7 14 270 M M 1 1 18 270
31 80 57 69 4 0 4 0.00 M M 3.4 10 270 M M 5 18 13 290
================================================================================
SM 2500 1665 36 112 0.29 M 145.0 M 64
================================================================================
AV 80.6 53.7 4.7 FASTST M M 2 MAX(MPH)
MISC ----> 28 240 37 250
================================================================================
NOTES:
# LAST OF SEVERAL OCCURRENCES
COLUMN 17 PEAK WIND IN M.P.H.
PRELIMINARY LOCAL CLIMATOLOGICAL DATA (WS FORM: F-6) , PAGE 2
STATION: RIVERSIDE MUNI AIRPORT CA
MONTH: OCTOBER
YEAR: 2021
LATITUDE: 33 57 N
LONGITUDE: 117 27 W
[TEMPERATURE DATA] [PRECIPITATION DATA] SYMBOLS USED IN COLUMN 16
AVERAGE MONTHLY: 67.2 TOTAL FOR MONTH: 0.29 1 = FOG OR MIST
DPTR FM NORMAL: -1.7 DPTR FM NORMAL: -0.04 2 = FOG REDUCING VISIBILITY
HIGHEST: 98 ON 3 GRTST 24HR 0.15 ON 8- 8 TO 1/4 MILE OR LESS
LOWEST: 46 ON 14,13 3 = THUNDER
SNOW, ICE PELLETS, HAIL 4 = ICE PELLETS
TOTAL MONTH: M 5 = HAIL
GRTST 24HR M ON M 6 = FREEZING RAIN OR DRIZZLE
GRTST DEPTH: M ON M 7 = DUSTSTORM OR SANDSTORM:
VSBY 1/2 MILE OR LESS
8 = SMOKE OR HAZE
[NO. OF DAYS WITH] [WEATHER - DAYS WITH] 9 = BLOWING SNOW
X = TORNADO
MAX 32 OR BELOW: 0 0.01 INCH OR MORE: 3
MAX 90 OR ABOVE: 7 0.10 INCH OR MORE: 1
MIN 32 OR BELOW: 0 0.50 INCH OR MORE: 0
MIN 0 OR BELOW: 0 1.00 INCH OR MORE: 0
[HDD (BASE 65) ]
TOTAL THIS MO. 36 CLEAR (SCALE 0-3) 22
DPTR FM NORMAL 5 PTCLDY (SCALE 4-7) 8
TOTAL FM JUL 1 36 CLOUDY (SCALE 8-10) 1
DPTR FM NORMAL 4
[CDD (BASE 65) ]
TOTAL THIS MO. 112
DPTR FM NORMAL -42 [PRESSURE DATA]
TOTAL FM JAN 1 1977 HIGHEST SLP 30.17 ON 27
DPTR FM NORMAL 158 LOWEST SLP 29.55 ON 11
[REMARKS]
#FINAL-10-21#