000
CXUS54 KHGX 011410
CF6HGX
PRELIMINARY LOCAL CLIMATOLOGICAL DATA (WS FORM: F-6)
STATION: DICKINSON WFO
MONTH: APRIL
YEAR: 2022
LATITUDE: 29 28 N
LONGITUDE: 95 5 W
TEMPERATURE IN F: :PCPN: SNOW: WIND :SUNSHINE: SKY :PK WND
================================================================================
1 2 3 4 5 6A 6B 7 8 9 10 11 12 13 14 15 16 17 18
12Z AVG MX 2MIN
DY MAX MIN AVG DEP HDD CDD WTR SNW DPTH SPD SPD DIR MIN PSBL S-S WX SPD DR
================================================================================
1 73 54 64 -3 1 0 0.00 0.0 0 M M M M M M M M
2 78 59 69 2 0 4 0.00 0.0 0 M M M M M M M M
3 77 56 67 -1 0 2 0.00 0.0 0 M M M M M M M M
4 74 65 70 2 0 5 0.07 0.0 0 M M M M M M M M
5 82 70 76 8 0 11 0.00 0.0 0 M M M M M M 1 M M
6 83 65 74 6 0 9 0.00 0.0 0 M M M M M M 18 M M
7 76 52 64 -4 1 0 0.00 0.0 0 M M M M M M M M
8 75 50 63 -5 2 0 0.00 0.0 0 M M M M M M M M
9 78 45 62 -6 3 0 0.00 0.0 0 M M M M M M M M
10 77 66 72 3 0 7 0.00 0.0 0 M M M M M M M M
11 81 69 75 6 0 10 0.02 0.0 0 M M M M M M M M
12 79 71 75 6 0 10 0.04 0.0 0 M M M M M M M M
13 79 69 74 5 0 9 0.04 0.0 0 M M M M M M M M
14 79 63 71 2 0 6 0.00 0.0 0 M M M M M M M M
15 81 69 75 5 0 10 0.01 0.0 0 M M M M M M M M
16 83 72 78 8 0 13 0.00 0.0 0 M M M M M M M M
17 82 71 77 7 0 12 T 0.0 0 M M M M M M M M
18 78 67 73 3 0 8 0.00 0.0 0 M M M M M M M M
19 75 59 67 -3 0 2 0.00 0.0 0 M M M M M M M M
20 80 70 75 4 0 10 0.00 0.0 0 M M M M M M M M
21 82 71 77 6 0 12 0.00 0.0 0 M M M M M M M M
22 81 71 76 5 0 11 0.00 0.0 0 M M M M M M M M
23 80 71 76 5 0 11 0.00 0.0 0 M M M M M M M M
24 82 71 77 5 0 12 T 0.0 0 M M M M M M M M
25 85 64 75 3 0 10 0.49 0.0 0 M M M M M M 3 M M
26 77 63 70 -2 0 5 0.00 0.0 0 M M M M M M M M
27 78 63 71 -1 0 6 0.00 0.0 0 M M M M M M M M
28 80 63 72 0 0 7 0.00 0.0 0 M M M M M M M M
29 81 69 75 2 0 10 0.00 0.0 0 M M M M M M M M
30 84 72 78 5 0 13 0.01 0.0 0 M M M M M M M M
================================================================================
SM 2380 1940 7 225 0.68 0.0 M M M
================================================================================
AV 79.3 64.7 M FASTST M M M MAX(MPH)
MISC ----> M M M M
================================================================================
NOTES:
# LAST OF SEVERAL OCCURRENCES
COLUMN 17 PEAK WIND IN M.P.H.
PRELIMINARY LOCAL CLIMATOLOGICAL DATA (WS FORM: F-6) , PAGE 2
STATION: DICKINSON WFO
MONTH: APRIL
YEAR: 2022
LATITUDE: 29 28 N
LONGITUDE: 95 5 W
[TEMPERATURE DATA] [PRECIPITATION DATA] SYMBOLS USED IN COLUMN 16
AVERAGE MONTHLY: 72.0 TOTAL FOR MONTH: 0.68 1 = FOG OR MIST
DPTR FM NORMAL: 2.2 DPTR FM NORMAL: -3.54 2 = FOG REDUCING VISIBILITY
HIGHEST: 85 ON 25 GRTST 24HR 0.49 ON 25-25 TO 1/4 MILE OR LESS
LOWEST: 45 ON 9 3 = THUNDER
SNOW, ICE PELLETS, HAIL 4 = ICE PELLETS
TOTAL MONTH: 0.0 INCH 5 = HAIL
GRTST 24HR 0.0 6 = FREEZING RAIN OR DRIZZLE
GRTST DEPTH: 0 7 = DUSTSTORM OR SANDSTORM:
VSBY 1/2 MILE OR LESS
8 = SMOKE OR HAZE
[NO. OF DAYS WITH] [WEATHER - DAYS WITH] 9 = BLOWING SNOW
X = TORNADO
MAX 32 OR BELOW: 0 0.01 INCH OR MORE: 7
MAX 90 OR ABOVE: 0 0.10 INCH OR MORE: 1
MIN 32 OR BELOW: 0 0.50 INCH OR MORE: 0
MIN 0 OR BELOW: 0 1.00 INCH OR MORE: 0
[HDD (BASE 65) ]
TOTAL THIS MO. 7 CLEAR (SCALE 0-3) 0
DPTR FM NORMAL -21 PTCLDY (SCALE 4-7) 0
TOTAL FM JUL 1 1079 CLOUDY (SCALE 8-10) 30
DPTR FM NORMAL -64
[CDD (BASE 65) ]
TOTAL THIS MO. 225
DPTR FM NORMAL 51 [PRESSURE DATA]
TOTAL FM JAN 1 317 HIGHEST SLP M ON M
DPTR FM NORMAL 2 LOWEST SLP M ON M
[REMARKS]
#FINAL-04-22#