000
CXUS55 KPIH 261100
CF6PIH
PRELIMINARY LOCAL CLIMATOLOGICAL DATA (WS FORM: F-6)
STATION: POCATELLO
MONTH: APRIL
YEAR: 2024
LATITUDE: 42 55 N
LONGITUDE: 112 36 W
TEMPERATURE IN F: :PCPN: SNOW: WIND :SUNSHINE: SKY :PK WND
================================================================================
1 2 3 4 5 6A 6B 7 8 9 10 11 12 13 14 15 16 17 18
12Z AVG MX 2MIN
DY MAX MIN AVG DEP HDD CDD WTR SNW DPTH SPD SPD DIR MIN PSBL S-S WX SPD DR
================================================================================
1 50 30 40 -3 25 0 0.01 T 0 9.8 21 250 M M 5 12 28 250
2 61 27 44 1 21 0 0.00 0.0 0 6.8 20 260 M M 0 24 260
3 67 37 52 9 13 0 0.00 0.0 0 14.3 29 180 M M 1 39 160
4 66 42 54 10 11 0 0.00 0.0 0 16.6 33 170 M M 0 44 240
5 46 27 37 -7 28 0 0.09 0.2 0 10.2 28 240 M M 6 1 36 250
6 42 26 34 -10 31 0 T T 0 19.8 33 240 M M 9 1 43 250
7 45 31 38 -6 27 0 0.01 T 0 14.1 28 240 M M 8 34 240
8 50 30 40 -4 25 0 T T 0 10.4 17 250 M M 5 22 270
9 59 30 45 1 20 0 0.00 0.0 0 14.6 29 250 M M 1 35 260
10 59 33 46 2 19 0 0.00 0.0 0 9.3 18 260 M M 1 24 280
11 68 27 48 3 17 0 0.00 0.0 0 6.8 20 180 M M 0 28 160
12 76 38 57 12 8 0 0.00 0.0 0 8.4 25 170 M M 2 32 170
13 74 37 56 11 9 0 0.00 0.0 0 8.5 23 170 M M 1 29 180
14 69 33 51 6 14 0 0.00 0.0 0 10.9 26 190 M M 2 37 200
15 55 37 46 1 19 0 0.21 0.0 0 15.4 30 240 M M 8 1 35 240
16 60 41 51 5 14 0 0.00 0.0 0 19.7 32 240 M M 4 45 230
17 50 31 41 -5 24 0 T T 0 18.0 35 250 M M 7 43 240
18 52 21 37 -9 28 0 0.00 0.0 0 8.0 18 50 M M 1 23 30
19 57 22 40 -6 25 0 0.00 0.0 0 5.8 15 350 M M 0 23 340
20 63 24 44 -2 21 0 0.00 0.0 0 4.7 12 310 M M 0 17 300
21 70 31 51 4 14 0 0.00 0.0 0 13.1 28 230 M M 3 36 270
22 62 37 50 3 15 0 0.00 0.0 0 14.0 23 240 M M 0 37 270
23 69 29 49 2 16 0 0.00 0.0 0 4.5 13 200 M M 0 8 17 200
24 72 36 54 6 11 0 T 0.0 0 7.9 25 260 M M 3 31 240
25 67 49 58 10 7 0 0.01 0.0 0 13.6 24 250 M M 6 32 230
================================================================================
SM 1509 806 462 0 0.33 0.2 285.2 M 73
================================================================================
AV 60.4 32.2 11.4 FASTST M M 3 MAX(MPH)
MISC ----> 35 250 45 230
================================================================================
NOTES:
# LAST OF SEVERAL OCCURRENCES
COLUMN 17 PEAK WIND IN M.P.H.
PRELIMINARY LOCAL CLIMATOLOGICAL DATA (WS FORM: F-6) , PAGE 2
STATION: POCATELLO
MONTH: APRIL
YEAR: 2024
LATITUDE: 42 55 N
LONGITUDE: 112 36 W
[TEMPERATURE DATA] [PRECIPITATION DATA] SYMBOLS USED IN COLUMN 16
AVERAGE MONTHLY: 46.3 TOTAL FOR MONTH: 0.33 1 = FOG OR MIST
DPTR FM NORMAL: 1.1 DPTR FM NORMAL: -0.66 2 = FOG REDUCING VISIBILITY
HIGHEST: 76 ON 12 GRTST 24HR 0.34 ON 31- 1 TO 1/4 MILE OR LESS
LOWEST: 21 ON 18 3 = THUNDER
SNOW, ICE PELLETS, HAIL 4 = ICE PELLETS
TOTAL MONTH: 0.2 INCH 5 = HAIL
GRTST 24HR 0.2 ON 5- 5 6 = FREEZING RAIN OR DRIZZLE
GRTST DEPTH: 0 7 = DUSTSTORM OR SANDSTORM:
VSBY 1/2 MILE OR LESS
8 = SMOKE OR HAZE
[NO. OF DAYS WITH] [WEATHER - DAYS WITH] 9 = BLOWING SNOW
X = TORNADO
MAX 32 OR BELOW: 0 0.01 INCH OR MORE: 5
MAX 90 OR ABOVE: 0 0.10 INCH OR MORE: 1
MIN 32 OR BELOW: 14 0.50 INCH OR MORE: 0
MIN 0 OR BELOW: 0 1.00 INCH OR MORE: 0
[HDD (BASE 65) ]
TOTAL THIS MO. 462 CLEAR (SCALE 0-3) 16
DPTR FM NORMAL -37 PTCLDY (SCALE 4-7) 7
TOTAL FM JUL 1 6063 CLOUDY (SCALE 8-10) 2
DPTR FM NORMAL -346
[CDD (BASE 65) ]
TOTAL THIS MO. 0
DPTR FM NORMAL 0 [PRESSURE DATA]
TOTAL FM JAN 1 0 HIGHEST SLP M ON M
DPTR FM NORMAL 0 LOWEST SLP 29.37 ON 4
[REMARKS]