000
CXUS53 KARX 011000
CF6CCY
PRELIMINARY LOCAL CLIMATOLOGICAL DATA (WS FORM: F-6)
STATION: CHARLES_CITY IA
MONTH: FEBRUARY
YEAR: 2024
LATITUDE: 43 4 N
LONGITUDE: 92 37 W
TEMPERATURE IN F: :PCPN: SNOW: WIND :SUNSHINE: SKY :PK WND
================================================================================
1 2 3 4 5 6A 6B 7 8 9 10 11 12 13 14 15 16 17 18
12Z AVG MX 2MIN
DY MAX MIN AVG DEP HDD CDD WTR SNW DPTH SPD SPD DIR MIN PSBL S-S WX SPD DR
================================================================================
1 54 30 42 24 23 0 0.00 0.0 0 6.0 8 70 M M 4 12 16 60
2 34 30 32 14 33 0 0.00 0.0 0 13.1 18 110 M M 8 1 22 110
3 37 30 34 16 31 0 0.00 0.0 0 10.7 17 110 M M 7 1 22 130
4 50 28 39 21 26 0 0.00 0.0 0 8.5 14 50 M M 0 16 50
5 52 27 40 21 25 0 0.00 0.0 0 5.1 7 100 M M 0 M M
6 54 28 41 22 24 0 0.00 0.0 0 7.8 13 180 M M 1 18 180
7 50 36 43 24 22 0 0.00 0.0 0 14.0 18 150 M M 3 29 150
8 59 39 49 29 16 0 0.02 0.0 0 19.7 29 180 M M 8 36 180
9 39 32 36 16 29 0 0.00 0.0 0 14.7 21 300 M M 10 27 270
10 37 28 33 13 32 0 0.00 0.0 0 15.6 27 320 M M 10 36 310
11 41 25 33 13 32 0 0.00 0.0 0 6.5 15 280 M M 5 22 290
12 46 21 34 13 31 0 0.00 0.0 0 9.2 20 310 M M 0 23 320
13 41 19 30 9 35 0 0.00 0.0 0 5.4 13 270 M M 3 1 15 220
14 48 25 37 16 28 0 0.26 0.0 0 7.8 14 180 M M 7 23 190
15 36 23 30 8 35 0 0.03 M M 13.8 23 350 M M 5 32 340
16 23 7 15 -7 50 0 0.00 0.0 0 16.2 25 320 M M 6 35 310
17 32 7 20 -2 45 0 0.00 0.0 0 16.9 29 240 M M 0 37 240
18 43 23 33 10 32 0 M M M 11.7 17 310 M M 0 25 310
19 52 18 35 12 30 0 0.00 0.0 M 7.0 12 140 M M 0 17 170
20 55 28 42 18 23 0 0.00 0.0 0 9.4 15 250 M M 3 21 230
21 52 30 41 17 24 0 0.00 0.0 0 4.3 10 160 M M 3 M M
22 61 28 45 21 20 0 0.00 0.0 0 10.2 21 300 M M 1 27 310
23 46 21 34 9 31 0 M M M 12.2 22 330 M M 4 31 330
24 45 12 29 4 36 0 0.00 0.0 M 11.0 20 200 M M 0 27 180
25 57 30 44 18 21 0 0.00 0.0 0 9.1 12 360 M M 2 16 310
26 75 30 53 27 12 0 0.00 M M 12.6 27 220 M M 0 33 220
27 57 12 35 8 30 0 M M M 17.0 28 310 M M 3 43 310
28 23 3 13 -14 52 0 M M M 16.2 30 320 M M 4 43 320
29 55 10 33 6 32 0 M M M 16.3 27 180 M M 0 36 200
================================================================================
SM 1354 680 860 0 0.31 0.0 328.0 M 97
================================================================================
AV 46.7 23.4 11.3 FASTST M M 3 MAX(MPH)
MISC ----> 30 320 # 43 310
================================================================================
NOTES:
# LAST OF SEVERAL OCCURRENCES
COLUMN 17 PEAK WIND IN M.P.H.
PRELIMINARY LOCAL CLIMATOLOGICAL DATA (WS FORM: F-6) , PAGE 2
STATION: CHARLES_CITY IA
MONTH: FEBRUARY
YEAR: 2024
LATITUDE: 43 4 N
LONGITUDE: 92 37 W
[TEMPERATURE DATA] [PRECIPITATION DATA] SYMBOLS USED IN COLUMN 16
AVERAGE MONTHLY: 35.1 TOTAL FOR MONTH: 0.31 1 = FOG OR MIST
DPTR FM NORMAL: 13.2 DPTR FM NORMAL: -0.68 2 = FOG REDUCING VISIBILITY
HIGHEST: 75 ON 26 GRTST 24HR 0.26 ON 14-14 TO 1/4 MILE OR LESS
LOWEST: 3 ON 28 3 = THUNDER
SNOW, ICE PELLETS, HAIL 4 = ICE PELLETS
TOTAL MONTH: 0.0 INCH 5 = HAIL
GRTST 24HR 0.0 6 = FREEZING RAIN OR DRIZZLE
GRTST DEPTH: 0 7 = DUSTSTORM OR SANDSTORM:
VSBY 1/2 MILE OR LESS
8 = SMOKE OR HAZE
[NO. OF DAYS WITH] [WEATHER - DAYS WITH] 9 = BLOWING SNOW
X = TORNADO
MAX 32 OR BELOW: 3 0.01 INCH OR MORE: 3
MAX 90 OR ABOVE: 0 0.10 INCH OR MORE: 1
MIN 32 OR BELOW: 27 0.50 INCH OR MORE: 0
MIN 0 OR BELOW: 0 1.00 INCH OR MORE: 0
[HDD (BASE 65) ]
TOTAL THIS MO. 860 CLEAR (SCALE 0-3) 15
DPTR FM NORMAL -348 PTCLDY (SCALE 4-7) 12
TOTAL FM JUL 1 4515 CLOUDY (SCALE 8-10) 2
DPTR FM NORMAL -1201
[CDD (BASE 65) ]
TOTAL THIS MO. 0
DPTR FM NORMAL 0 [PRESSURE DATA]
TOTAL FM JAN 1 0 HIGHEST SLP M ON M
DPTR FM NORMAL 0 LOWEST SLP M ON M
[REMARKS]
#FINAL-02-24#