887
CDUS41 KBUF 232035
CLIROC


CLIMATE REPORT
NATIONAL WEATHER SERVICE BUFFALO NY
433 PM EDT MON APR 23 2018


...................................

...THE ROCHESTER NY CLIMATE SUMMARY FOR APRIL 23 2018...
VALID TODAY AS OF 0400 PM LOCAL TIME.

CLIMATE NORMAL PERIOD 1981 TO 2010
CLIMATE RECORD PERIOD 1871 TO 2018


WEATHER ITEM   OBSERVED TIME   RECORD YEAR NORMAL DEPARTURE LAST
                VALUE   (LST)  VALUE       VALUE  FROM      YEAR
                                                  NORMAL
..................................................................
TEMPERATURE (F)
 TODAY
  MAXIMUM         71    200 PM  90    1885  60     11       68
  MINIMUM         32    523 AM  24    1989  39     -7       36
                                      1930
  AVERAGE         52                        49      3       52

PRECIPITATION (IN)
  TODAY            0.00          1.58 2012   0.08  -0.08     0.00
  MONTH TO DATE    2.85                      2.11   0.74     4.12
  SINCE MAR 1      5.87                      4.61   1.26     8.78
  SINCE JAN 1     11.13                      8.97   2.16    13.86

SNOWFALL (IN)
  TODAY            0.0           2.8  2012   0.1   -0.1      0.0
  MONTH TO DATE    4.9                       3.6    1.3      2.5
  SINCE MAR 1     34.3                      19.9   14.4     35.5
  SINCE JUL 1    120.2                      98.8   21.4    107.1
  SNOW DEPTH       0

DEGREE DAYS
 HEATING
  TODAY           13                        16     -3       13
  MONTH TO DATE  613                       464    149      349
  SINCE MAR 1   1624                      1416    208     1337
  SINCE JUL 1   6021                      6202   -181     5205

 COOLING
  TODAY            0                         0      0        0
  MONTH TO DATE    0                         0      0        7
  SINCE MAR 1      0                         0      0        7
  SINCE JAN 1      0                         0      0        7
..................................................................


WIND (MPH)
  HIGHEST WIND SPEED    18   HIGHEST WIND DIRECTION    NE (30)
  HIGHEST GUST SPEED    22   HIGHEST GUST DIRECTION    NE (30)
  AVERAGE WIND SPEED     3.7


SKY COVER
  AVERAGE SKY COVER 0.1


WEATHER CONDITIONS
 THE FOLLOWING WEATHER WAS RECORDED TODAY.
  HAZE


RELATIVE HUMIDITY (PERCENT)
 HIGHEST    82           500 AM
 LOWEST     17           100 PM
 AVERAGE    50

..........................................................


THE ROCHESTER NY CLIMATE NORMALS FOR TOMORROW
                         NORMAL    RECORD    YEAR
 MAXIMUM TEMPERATURE (F)   60        83      1960
 MINIMUM TEMPERATURE (F)   40        23      1919


SUNRISE AND SUNSET
APRIL 23 2018.........SUNRISE   616 AM EDT   SUNSET   803 PM EDT
APRIL 24 2018.........SUNRISE   614 AM EDT   SUNSET   804 PM EDT


-  INDICATES NEGATIVE NUMBERS.
R  INDICATES RECORD WAS SET OR TIED.
MM INDICATES DATA IS MISSING.
T  INDICATES TRACE AMOUNT.




$$
