000
CDUS41 KBUF 210705
CLIROC


CLIMATE REPORT
NATIONAL WEATHER SERVICE BUFFALO NY
305 AM EDT SAT APR 21 2018


...................................

...THE ROCHESTER NY CLIMATE SUMMARY FOR APRIL 20 2018...

CLIMATE NORMAL PERIOD 1981 TO 2010
CLIMATE RECORD PERIOD 1871 TO 2018


WEATHER ITEM   OBSERVED TIME   RECORD YEAR NORMAL DEPARTURE LAST
                VALUE   (LST)  VALUE       VALUE  FROM      YEAR
                                                  NORMAL
..................................................................
TEMPERATURE (F)
 YESTERDAY
  MAXIMUM         46    450 PM  86    1941  58    -12       54
  MINIMUM         30    528 AM  20    1904  38     -8       43
                                      1897
  AVERAGE         38                        48    -10       49

PRECIPITATION (IN)
  YESTERDAY        0.00          1.41 2011   0.08  -0.08     1.14
  MONTH TO DATE    2.85                      1.87   0.98     4.11
  SINCE MAR 1      5.87                      4.37   1.50     8.77
  SINCE JAN 1     11.13                      8.73   2.40    13.85

SNOWFALL (IN)
  YESTERDAY        0.0           5.6  1901   0.1   -0.1      0.0
  MONTH TO DATE    4.9                       3.4    1.5      2.5
  SINCE MAR 1     34.3                      19.7   14.6     35.5
  SINCE JUL 1    120.2                      98.6   21.6    107.1
  SNOW DEPTH       0

DEGREE DAYS
 HEATING
  YESTERDAY       27                        17     10       16
  MONTH TO DATE  560                       415    145      306
  SINCE MAR 1   1571                      1367    204     1294
  SINCE JUL 1   5968                      6153   -185     5162

 COOLING
  YESTERDAY        0                         0      0        0
  MONTH TO DATE    0                         0      0        7
  SINCE MAR 1      0                         0      0        7
  SINCE JAN 1      0                         0      0        7
..................................................................


WIND (MPH)
  HIGHEST WIND SPEED    20   HIGHEST WIND DIRECTION     N (340)
  HIGHEST GUST SPEED    24   HIGHEST GUST DIRECTION    NW (320)
  AVERAGE WIND SPEED    11.5


SKY COVER
  AVERAGE SKY COVER 0.4


WEATHER CONDITIONS
 THE FOLLOWING WEATHER WAS RECORDED YESTERDAY.
  NO SIGNIFICANT WEATHER WAS OBSERVED.


RELATIVE HUMIDITY (PERCENT)
 HIGHEST    69           300 AM
 LOWEST     41           400 PM
 AVERAGE    55

..........................................................


THE ROCHESTER NY CLIMATE NORMALS FOR TODAY
                         NORMAL    RECORD    YEAR
 MAXIMUM TEMPERATURE (F)   59        87      1973
 MINIMUM TEMPERATURE (F)   39        20      1875


SUNRISE AND SUNSET
APRIL 21 2018.........SUNRISE   619 AM EDT   SUNSET   800 PM EDT
APRIL 22 2018.........SUNRISE   617 AM EDT   SUNSET   802 PM EDT


-  INDICATES NEGATIVE NUMBERS.
R  INDICATES RECORD WAS SET OR TIED.
MM INDICATES DATA IS MISSING.
T  INDICATES TRACE AMOUNT.




$$
