000
CXUS53 KLSX 011400
CF6SUS
PRELIMINARY LOCAL CLIMATOLOGICAL DATA (WS FORM: F-6)
STATION: SPIRIT OF ST LOUIS MO
MONTH: OCTOBER
YEAR: 2022
LATITUDE: 38 39 N
LONGITUDE: 90 38 W
TEMPERATURE IN F: :PCPN: SNOW: WIND :SUNSHINE: SKY :PK WND
================================================================================
1 2 3 4 5 6A 6B 7 8 9 10 11 12 13 14 15 16 17 18
12Z AVG MX 2MIN
DY MAX MIN AVG DEP HDD CDD WTR SNW DPTH SPD SPD DIR MIN PSBL S-S WX SPD DR
================================================================================
1 75 37 56 -7 9 0 0.00 0.0 0 3.6 13 360 M M 0 1 21 340
2 77 40 59 -4 6 0 0.00 0.0 0 2.5 12 20 M M 0 1 18 50
3 74 42 58 -4 7 0 0.00 0.0 0 3.2 13 40 M M 1 12 23 50
4 74 37 56 -6 9 0 0.00 0.0 0 1.2 8 80 M M 1 12 14 110
5 79 36 58 -4 7 0 0.00 0.0 0 1.3 10 200 M M 3 1 15 180
6 79 48 64 3 1 0 0.00 0.0 0 5.2 18 320 M M 2 24 300
7 64 37 51 -10 14 0 0.00 0.0 0 5.4 14 40 M M 3 21 340
8 62 31 47 -13 18 0 0.00 0.0 0 1.5 9 330 M M 0 1 14 240
9 73 32 53 -7 12 0 0.00 0.0 0 2.7 15 240 M M 0 1 20 250
10 81 42 62 2 3 0 0.00 0.0 0 1.3 10 230 M M 1 1 15 280
11 75 59 67 8 0 2 0.26 0.0 0 5.1 13 190 M M 7 1 19 180
12 73 48 61 2 4 0 0.06 0.0 0 8.2 30 290 M M 5 3 46 300
13 66 35 51 -7 14 0 T 0.0 0 10.0 29 280 M M 1 44 240
14 73 34 54 -4 11 0 0.00 0.0 0 7.9 25 250 M M 2 37 240
15 68 33 51 -7 14 0 0.00 0.0 0 2.2 14 320 M M 0 18 19 320
16 69 38 54 -3 11 0 0.00 0.0 0 6.7 17 350 M M 1 25 340
17 49 32 41 -16 24 0 0.00 0.0 0 11.9 25 330 M M 0 34 300
18 51 29 40 -17 25 0 0.00 0.0 0 10.2 22 300 M M 0 30 300
19 52 23 38 -18 27 0 0.00 0.0 0 6.6 17 290 M M 0 27 290
20 73 26 50 -6 15 0 0.00 0.0 0 4.1 17 230 M M 0 25 250
21 82 37 60 5 5 0 0.00 0.0 0 6.9 17 220 M M 0 28 170
22 83 45 64 9 1 0 T 0.0 0 7.6 22 180 M M 1 37 170
23 78 65 72 17 0 7 0.00 0.0 0 11.4 21 190 M M 2 39 200
24 77 62 70 16 0 5 0.18 0.0 0 8.8 20 170 M M 4 1 32 200
25 63 43 53 -1 12 0 2.02 0.0 0 9.2 24 20 M M 10 1 36 20
26 62 36 49 -4 16 0 0.00 0.0 0 4.6 16 290 M M 1 1 23 280
27 62 32 47 -6 18 0 0.00 0.0 0 3.8 15 80 M M 1 1 24 80
28 63 33 48 -5 17 0 0.00 0.0 0 2.3 14 60 M M 0 1 25 70
29 68 34 51 -1 14 0 0.03 0.0 0 3.6 13 70 M M 1 1 16 70
30 57 52 55 3 10 0 0.63 0.0 0 3.5 8 310 M M 10 1 12 50
31 61 42 52 1 13 0 0.00 0.0 0 3.9 10 280 M M 8 12 13 290
================================================================================
SM 2143 1220 337 14 3.18 0.0 166.4 M 65
================================================================================
AV 69.1 39.4 5.4 FASTST M M 2 MAX(MPH)
MISC ----> 30 290 46 300
================================================================================
NOTES:
# LAST OF SEVERAL OCCURRENCES
COLUMN 17 PEAK WIND IN M.P.H.
PRELIMINARY LOCAL CLIMATOLOGICAL DATA (WS FORM: F-6) , PAGE 2
STATION: SPIRIT OF ST LOUIS MO
MONTH: OCTOBER
YEAR: 2022
LATITUDE: 38 39 N
LONGITUDE: 90 38 W
[TEMPERATURE DATA] [PRECIPITATION DATA] SYMBOLS USED IN COLUMN 16
AVERAGE MONTHLY: 54.2 TOTAL FOR MONTH: 3.18 1 = FOG OR MIST
DPTR FM NORMAL: -3.1 DPTR FM NORMAL: 0.08 2 = FOG REDUCING VISIBILITY
HIGHEST: 83 ON 22 GRTST 24HR 2.20 ON 24-25 TO 1/4 MILE OR LESS
LOWEST: 23 ON 19 3 = THUNDER
SNOW, ICE PELLETS, HAIL 4 = ICE PELLETS
TOTAL MONTH: 0.0 INCH 5 = HAIL
GRTST 24HR 0.0 6 = FREEZING RAIN OR DRIZZLE
GRTST DEPTH: 0 7 = DUSTSTORM OR SANDSTORM:
VSBY 1/2 MILE OR LESS
8 = SMOKE OR HAZE
[NO. OF DAYS WITH] [WEATHER - DAYS WITH] 9 = BLOWING SNOW
X = TORNADO
MAX 32 OR BELOW: 0 0.01 INCH OR MORE: 6
MAX 90 OR ABOVE: 0 0.10 INCH OR MORE: 4
MIN 32 OR BELOW: 7 0.50 INCH OR MORE: 2
MIN 0 OR BELOW: 0 1.00 INCH OR MORE: 1
[HDD (BASE 65) ]
TOTAL THIS MO. 337 CLEAR (SCALE 0-3) 25
DPTR FM NORMAL 66 PTCLDY (SCALE 4-7) 3
TOTAL FM JUL 1 396 CLOUDY (SCALE 8-10) 3
DPTR FM NORMAL 73
[CDD (BASE 65) ]
TOTAL THIS MO. 14
DPTR FM NORMAL -18 [PRESSURE DATA]
TOTAL FM JAN 1 1501 HIGHEST SLP 30.50 ON 8
DPTR FM NORMAL 57 LOWEST SLP 29.47 ON 25
[REMARKS]
#FINAL-10-22#