000
CXAK56 PAJK 271310
CF6ASI
PRELIMINARY LOCAL CLIMATOLOGICAL DATA (WS FORM: F-6)
STATION: SITKA
MONTH: APRIL
YEAR: 2024
LATITUDE: 57 4 N
LONGITUDE: 135 21 W
TEMPERATURE IN F: :PCPN: SNOW: WIND :SUNSHINE: SKY :PK WND
================================================================================
1 2 3 4 5 6A 6B 7 8 9 10 11 12 13 14 15 16 17 18
12Z AVG MX 2MIN
DY MAX MIN AVG DEP HDD CDD WTR SNW DPTH SPD SPD DIR MIN PSBL S-S WX SPD DR
================================================================================
1 48 37 43 3 22 0 0.03 M M 8.1 24 100 M M 9 18 30 100
2 45 37 41 1 24 0 0.05 M M 8.0 21 350 M M 8 18 25 320
3 48 32 40 0 25 0 0.01 M M 8.1 21 290 M M 3 23 290
4 46 36 41 1 24 0 0.02 M M 5.3 16 110 M M 7 20 130
5 44 39 42 2 23 0 0.71 M M 8.0 16 120 M M 10 18 20 110
6 43 35 39 -2 26 0 0.27 M M 8.0 23 190 M M 8 148 28 180
7 43 37 40 -1 25 0 1.02 M M 14.0 24 190 M M 10 148 39 180
8 44 37 41 0 24 0 0.62 M M 7.7 16 180 M M 9 18 21 190
9 47 37 42 1 23 0 0.13 M M 8.1 21 120 M M 9 1 26 130
10 47 34 41 -1 24 0 0.46 M M 9.7 25 190 M M 10 1 32 200
11 46 32 39 -3 26 0 T M M 7.8 20 310 M M 5 1 23 290
12 44 35 40 -2 25 0 0.51 M M 7.5 21 230 M M 10 148 25 220
13 44 38 41 -1 24 0 0.22 M M 7.0 21 220 M M 9 148 26 250
14 45 34 40 -2 25 0 0.21 M M 7.6 18 300 M M 5 1 21 170
15 51 32 42 -1 23 0 0.00 M M 6.8 20 300 M M 0 22 300
16 51 33 42 -1 23 0 0.00 M M 3.7 10 220 M M 0 11 220
17 53 34 44 1 21 0 0.00 M M 3.3 10 230 M M 0 12 220
18 65 41 53 10 12 0 0.00 M M 7.4 14 100 M M 0 18 110
19 65 44 55 12 10 0 T M M 7.2 16 110 M M 0 22 100
20 63 41 52 8 13 0 0.00 M M 4.2 14 110 M M 2 17 110
21 55 44 50 6 15 0 0.02 M M 4.9 13 220 M M 8 18 15 210
22 50 42 46 2 19 0 T M M 7.9 15 110 M M 8 20 90
23 55 43 49 5 16 0 T M M 7.1 15 110 M M 8 20 110
24 50 41 46 2 19 0 0.00 M M 4.9 13 210 M M 4 16 210
25 54 40 47 3 18 0 0.00 M M 5.2 13 310 M M 3 13 310
26 56 40 48 3 17 0 0.00 M M 3.7 10 230 M M 3 14 320
================================================================================
SM 1302 975 546 0 4.28 M 181.2 M 148
================================================================================
AV 50.1 37.5 7.0 FASTST M M 6 MAX(MPH)
MISC ----> 25 190 39 180
================================================================================
NOTES:
# LAST OF SEVERAL OCCURRENCES
COLUMN 17 PEAK WIND IN M.P.H.
PRELIMINARY LOCAL CLIMATOLOGICAL DATA (WS FORM: F-6) , PAGE 2
STATION: SITKA
MONTH: APRIL
YEAR: 2024
LATITUDE: 57 4 N
LONGITUDE: 135 21 W
[TEMPERATURE DATA] [PRECIPITATION DATA] SYMBOLS USED IN COLUMN 16
AVERAGE MONTHLY: 43.8 TOTAL FOR MONTH: 4.28 1 = FOG OR MIST
DPTR FM NORMAL: 1.6 DPTR FM NORMAL: 0.53 2 = FOG REDUCING VISIBILITY
HIGHEST: 65 ON 19,18 GRTST 24HR 1.29 ON 7- 8 TO 1/4 MILE OR LESS
LOWEST: 32 ON 15,11 3 = THUNDER
SNOW, ICE PELLETS, HAIL 4 = ICE PELLETS
TOTAL MONTH: M 5 = HAIL
GRTST 24HR M ON M 6 = FREEZING RAIN OR DRIZZLE
GRTST DEPTH: M ON M 7 = DUSTSTORM OR SANDSTORM:
VSBY 1/2 MILE OR LESS
8 = SMOKE OR HAZE
[NO. OF DAYS WITH] [WEATHER - DAYS WITH] 9 = BLOWING SNOW
X = TORNADO
MAX 32 OR BELOW: 0 0.01 INCH OR MORE: 14
MAX 90 OR ABOVE: 0 0.10 INCH OR MORE: 9
MIN 32 OR BELOW: 3 0.50 INCH OR MORE: 4
MIN 0 OR BELOW: 0 1.00 INCH OR MORE: 1
[HDD (BASE 65) ]
TOTAL THIS MO. 546 CLEAR (SCALE 0-3) 9
DPTR FM NORMAL -44 PTCLDY (SCALE 4-7) 9
TOTAL FM JUL 1 5310 CLOUDY (SCALE 8-10) 8
DPTR FM NORMAL -849
[CDD (BASE 65) ]
TOTAL THIS MO. 0
DPTR FM NORMAL 0 [PRESSURE DATA]
TOTAL FM JAN 1 0 HIGHEST SLP M ON M
DPTR FM NORMAL 0 LOWEST SLP 29.37 ON 7
[REMARKS]