000
CXAK56 PAJK 011410
CF6ASI
PRELIMINARY LOCAL CLIMATOLOGICAL DATA (WS FORM: F-6)
STATION: SITKA
MONTH: FEBRUARY
YEAR: 2024
LATITUDE: 57 4 N
LONGITUDE: 135 21 W
TEMPERATURE IN F: :PCPN: SNOW: WIND :SUNSHINE: SKY :PK WND
================================================================================
1 2 3 4 5 6A 6B 7 8 9 10 11 12 13 14 15 16 17 18
12Z AVG MX 2MIN
DY MAX MIN AVG DEP HDD CDD WTR SNW DPTH SPD SPD DIR MIN PSBL S-S WX SPD DR
================================================================================
1 36 29 33 -4 32 0 0.01 M M 11.4 22 330 M M 10 1 25 330
2 35 25 30 -7 35 0 0.14 M M 5.6 28 260 M M 8 18 35 260
3 43 30 37 0 28 0 0.42 M M 7.8 22 210 M M 10 18 29 220
4 42 37 40 3 25 0 0.49 M M 5.9 14 230 M M 10 18 17 250
5 41 34 38 1 27 0 0.07 M M 3.0 9 340 M M 8 1 10 340
6 39 30 35 -2 30 0 0.00 M M 2.3 12 320 M M 5 13 320
7 39 28 34 -3 31 0 0.00 M M 3.1 8 110 M M 2 9 100
8 41 34 38 1 27 0 T M M 5.2 21 110 M M 7 28 100
9 45 37 41 4 24 0 0.28 M M 17.8 32 100 M M 10 18 40 110
10 45 39 42 5 23 0 0.08 M M 9.2 21 230 M M 10 148 28 270
11 45 36 41 4 24 0 0.53 M M 12.6 31 200 M M 9 1348 42 210
12 45 33 39 2 26 0 0.01 M M 4.0 16 320 M M 3 18 18 320
13 44 31 38 1 27 0 T M M 2.7 10 320 M M 1 1 11 320
14 46 30 38 1 27 0 T M M 0.5 9 320 M M 1 10 320
15 47 31 39 2 26 0 0.00 M M 3.6 12 340 M M 0 14 350
16 53 32 43 6 22 0 0.00 M M 8.1 22 110 M M 0 30 120
17 53 48 51 14 14 0 T M M 11.3 26 130 M M 10 34 130
18 49 43 46 9 19 0 T M M 3.0 13 110 M M 9 8 16 110
19 46 43 45 8 20 0 0.06 M M 1.3 7 150 M M 10 18 8 140
20 44 38 41 4 24 0 0.02 M M 4.2 9 100 M M 9 1 12 90
21 46 40 43 6 22 0 0.00 M M 4.4 10 110 M M 9 18 12 110
22 44 41 43 7 22 0 1.17 M M 12.2 25 160 M M 10 18 37 180
23 41 34 38 2 27 0 0.17 M M 6.0 24 290 M M 8 145 32 290
24 39 32 36 0 29 0 0.04 M M 2.4 10 330 M M 8 18 12 330
25 37 30 34 -2 31 0 T M M 13.1 24 330 M M 3 1 33 350
26 31 23 27 -9 38 0 0.00 M M 10.1 25 120 M M 1 30 110
27 36 26 31 -5 34 0 0.13 M M 19.7 33 100 M M 10 18 48 110
28 39 34 37 1 28 0 0.13 M M 11.7 21 110 M M 8 128 25 120
29 38 32 35 -1 30 0 0.00 M M 10.4 18 90 M M 4 30 110
================================================================================
SM 1229 980 772 0 3.75 M 212.6 M 193
================================================================================
AV 42.4 33.8 7.3 FASTST M M 7 MAX(MPH)
MISC ----> 33 100 48 110
================================================================================
NOTES:
# LAST OF SEVERAL OCCURRENCES
COLUMN 17 PEAK WIND IN M.P.H.
PRELIMINARY LOCAL CLIMATOLOGICAL DATA (WS FORM: F-6) , PAGE 2
STATION: SITKA
MONTH: FEBRUARY
YEAR: 2024
LATITUDE: 57 4 N
LONGITUDE: 135 21 W
[TEMPERATURE DATA] [PRECIPITATION DATA] SYMBOLS USED IN COLUMN 16
AVERAGE MONTHLY: 38.1 TOTAL FOR MONTH: 3.75 1 = FOG OR MIST
DPTR FM NORMAL: 1.4 DPTR FM NORMAL: -2.18 2 = FOG REDUCING VISIBILITY
HIGHEST: 53 ON 17,16 GRTST 24HR 1.29 ON 22-23 TO 1/4 MILE OR LESS
LOWEST: 23 ON 26 3 = THUNDER
SNOW, ICE PELLETS, HAIL 4 = ICE PELLETS
TOTAL MONTH: M 5 = HAIL
GRTST 24HR M ON M 6 = FREEZING RAIN OR DRIZZLE
GRTST DEPTH: M ON M 7 = DUSTSTORM OR SANDSTORM:
VSBY 1/2 MILE OR LESS
8 = SMOKE OR HAZE
[NO. OF DAYS WITH] [WEATHER - DAYS WITH] 9 = BLOWING SNOW
X = TORNADO
MAX 32 OR BELOW: 1 0.01 INCH OR MORE: 16
MAX 90 OR ABOVE: 0 0.10 INCH OR MORE: 9
MIN 32 OR BELOW: 14 0.50 INCH OR MORE: 2
MIN 0 OR BELOW: 0 1.00 INCH OR MORE: 1
[HDD (BASE 65) ]
TOTAL THIS MO. 772 CLEAR (SCALE 0-3) 8
DPTR FM NORMAL -22 PTCLDY (SCALE 4-7) 5
TOTAL FM JUL 1 3997 CLOUDY (SCALE 8-10) 16
DPTR FM NORMAL -766
[CDD (BASE 65) ]
TOTAL THIS MO. 0
DPTR FM NORMAL 0 [PRESSURE DATA]
TOTAL FM JAN 1 0 HIGHEST SLP 30.42 ON 12
DPTR FM NORMAL 0 LOWEST SLP 29.07 ON 28
[REMARKS]
#FINAL-02-24#