000
CXAK56 PAJK 011410
CF6ASI
PRELIMINARY LOCAL CLIMATOLOGICAL DATA (WS FORM: F-6)
STATION: SITKA
MONTH: JANUARY
YEAR: 2024
LATITUDE: 57 4 N
LONGITUDE: 135 21 W
TEMPERATURE IN F: :PCPN: SNOW: WIND :SUNSHINE: SKY :PK WND
================================================================================
1 2 3 4 5 6A 6B 7 8 9 10 11 12 13 14 15 16 17 18
12Z AVG MX 2MIN
DY MAX MIN AVG DEP HDD CDD WTR SNW DPTH SPD SPD DIR MIN PSBL S-S WX SPD DR
================================================================================
1 46 38 42 6 23 0 0.00 M M 10.4 24 100 M M 6 30 110
2 45 39 42 6 23 0 0.01 M M 5.4 20 110 M M 8 25 90
3 48 40 44 8 21 0 0.28 M M 10.8 24 110 M M 9 1 33 110
4 46 38 42 6 23 0 0.60 M M 9.0 23 220 M M 9 1348 30 220
5 41 31 36 0 29 0 0.02 M M 3.2 12 340 M M 4 1 13 330
6 39 31 35 -1 30 0 T M M 2.1 7 90 M M 6 1 8 90
7 42 34 38 2 27 0 0.03 M M 11.9 24 110 M M 7 29 90
8 41 32 37 1 28 0 0.03 M M 3.5 14 110 M M 6 1 18 120
9 37 30 34 -2 31 0 0.00 M M 3.2 15 320 M M 5 18 320
10 37 25 31 -5 34 0 T M M 5.8 15 120 M M 6 20 360
11 25 18 22 -14 43 0 0.00 M M 9.0 24 100 M M 0 30 100
12 26 16 21 -15 44 0 0.00 M M 6.4 14 110 M M 3 17 110
13 35 26 31 -5 34 0 0.17 M M 10.5 16 100 M M 10 18 20 100
14 43 34 39 3 26 0 0.29 M M 9.6 16 110 M M 10 1 20 110
15 41 36 39 3 26 0 2.35 M M 7.2 14 80 M M 10 1 17 70
16 41 31 36 0 29 0 0.01 M M 3.6 15 360 M M 2 21 330
17 39 31 35 -1 30 0 T M M 5.2 15 60 M M 4 21 70
18 36 29 33 -3 32 0 0.00 M M 8.1 16 80 M M 4 25 60
19 40 33 37 1 28 0 T M M 4.3 15 80 M M 8 20 80
20 38 33 36 0 29 0 0.06 M M 4.9 12 330 M M 10 18 14 330
21 39 33 36 0 29 0 1.00 M M 4.6 15 340 M M 10 1 18 340
22 46 39 43 7 22 0 1.19 M M 8.6 17 110 M M 10 1 21 110
23 47 41 44 8 21 0 0.36 M M 7.0 17 110 M M 10 1 22 110
24 43 39 41 5 24 0 0.05 M M 3.8 12 320 M M 10 1 12 330
25 43 39 41 4 24 0 0.02 M M 2.3 9 320 M M 9 18 10 320
26 49 41 45 8 20 0 0.63 M M 11.9 29 180 M M 10 1 41 150
27 48 44 46 9 19 0 0.45 M M 11.9 28 170 M M 10 18 38 170
28 54 45 50 13 15 0 0.52 M M 20.3 31 120 M M 10 1 41 110
29 52 45 49 12 16 0 3.13 M M 19.4 51 170 M M 10 1 76 180
30 47 35 41 4 24 0 0.46 M M 9.7 20 290 M M 10 18 23 320
31 38 33 36 -1 29 0 0.36 M M 13.1 26 330 M M 10 1 32 330
================================================================================
SM 1292 1059 833 0 12.02 M 246.7 M 236
================================================================================
AV 41.7 34.2 8.0 FASTST M M 8 MAX(MPH)
MISC ----> 51 170 76 180
================================================================================
NOTES:
# LAST OF SEVERAL OCCURRENCES
COLUMN 17 PEAK WIND IN M.P.H.
PRELIMINARY LOCAL CLIMATOLOGICAL DATA (WS FORM: F-6) , PAGE 2
STATION: SITKA
MONTH: JANUARY
YEAR: 2024
LATITUDE: 57 4 N
LONGITUDE: 135 21 W
[TEMPERATURE DATA] [PRECIPITATION DATA] SYMBOLS USED IN COLUMN 16
AVERAGE MONTHLY: 37.9 TOTAL FOR MONTH: 12.02 1 = FOG OR MIST
DPTR FM NORMAL: 1.4 DPTR FM NORMAL: 3.80 2 = FOG REDUCING VISIBILITY
HIGHEST: 54 ON 28 GRTST 24HR 3.13 ON 29-29 TO 1/4 MILE OR LESS
LOWEST: 16 ON 12 3 = THUNDER
SNOW, ICE PELLETS, HAIL 4 = ICE PELLETS
TOTAL MONTH: M 5 = HAIL
GRTST 24HR M ON M 6 = FREEZING RAIN OR DRIZZLE
GRTST DEPTH: M ON M 7 = DUSTSTORM OR SANDSTORM:
VSBY 1/2 MILE OR LESS
8 = SMOKE OR HAZE
[NO. OF DAYS WITH] [WEATHER - DAYS WITH] 9 = BLOWING SNOW
X = TORNADO
MAX 32 OR BELOW: 2 0.01 INCH OR MORE: 22
MAX 90 OR ABOVE: 0 0.10 INCH OR MORE: 14
MIN 32 OR BELOW: 11 0.50 INCH OR MORE: 7
MIN 0 OR BELOW: 0 1.00 INCH OR MORE: 4
[HDD (BASE 65) ]
TOTAL THIS MO. 833 CLEAR (SCALE 0-3) 3
DPTR FM NORMAL -52 PTCLDY (SCALE 4-7) 9
TOTAL FM JUL 1 3225 CLOUDY (SCALE 8-10) 19
DPTR FM NORMAL -698
[CDD (BASE 65) ]
TOTAL THIS MO. 0
DPTR FM NORMAL 0 [PRESSURE DATA]
TOTAL FM JAN 1 0 HIGHEST SLP 30.48 ON 11
DPTR FM NORMAL 0 LOWEST SLP 28.76 ON 29
[REMARKS]
#FINAL-01-24#