000
CXUS53 KARX 120117
CF6FKA
PRELIMINARY LOCAL CLIMATOLOGICAL DATA (WS FORM: F-6)
STATION: PRESTON MN
MONTH: OCTOBER
YEAR: 2020
LATITUDE: 43 40 N
LONGITUDE: 92 11 W
TEMPERATURE IN F: :PCPN: SNOW: WIND :SUNSHINE: SKY :PK WND
================================================================================
1 2 3 4 5 6A 6B 7 8 9 10 11 12 13 14 15 16 17 18
12Z AVG MX 2MIN
DY MAX MIN AVG DEP HDD CDD WTR SNW DPTH SPD SPD DIR MIN PSBL S-S WX SPD DR
================================================================================
1 53 36 45 M 20 0 0.01 0.0 0 10.0 17 330 M M 6 1 23 330
2 49 32 41 M 24 0 0.00 0.0 0 4.7 8 360 M M 5 M M
3 47 37 42 M 23 0 0.00 0.0 0 1.0 6 20 M M 6 M M
4 53 33 43 M 22 0 0.00 0.0 0 2.3 6 190 M M 2 M M
5 67 39 53 M 12 0 0.00 0.0 0 14.9 28 190 M M 0 8 36 190
6 75 47 61 M 4 0 0.00 0.0 0 10.3 17 270 M M 0 23 230
7 70 49 60 M 5 0 0.00 0.0 0 8.7 16 310 M M 0 8 23 310
8 66 41 54 M 11 0 0.00 0.0 0 7.3 13 160 M M 0 21 160
9 80 54 67 M 0 2 0.00 0.0 0 11.3 18 220 M M 0 25 220
10 66 46 56 M 9 0 0.00 0.0 0 6.9 10 40 M M 0 M M
11 72 44 58 M 7 0 0.00 0.0 0 11.1 18 140 M M 1 23 130
12 65 46 56 M 9 0 0.20 0.0 0 14.9 24 320 M M 3 13 30 160
13 59 42 51 M 14 0 0.00 0.0 0 12.9 22 280 M M 0 29 280
14 62 43 53 M 12 0 0.00 0.0 0 16.2 29 290 M M 2 40 290
15 47 32 40 M 25 0 0.02 0.0 0 14.0 22 290 M M 2 27 310
16 47 30 39 M 26 0 0.00 0.0 0 10.9 27 270 M M 1 33 270
17 63 37 50 M 15 0 0.03 0.0 0 12.3 22 200 M M 4 8 32 210
18 38 26 32 M 33 0 0.00 0.0 0 9.9 16 320 M M 1 22 300
19 34 24 29 M 36 0 0.00 0.0 0 2.4 6 90 M M 6 M M
20 37 30 34 M 31 0 M M 0 5.6 12 120 M M 10 1 18 110
21 38 32 35 M 30 0 M M 0 8.4 20 290 M M 4 1 25 290
22 35 32 34 M 31 0 M M 0 11.2 16 20 M M 10 13 22 20
23 35 27 31 M 34 0 M M 0 13.2 20 340 M M 10 1 27 340
24 31 19 25 M 40 0 0.00 0.0 0 6.9 14 10 M M 1 1 17 10
25 28 23 26 M 39 0 M M M 7.7 10 350 M M 8 18 16 360
26 29 18 24 M 41 0 M M M 7.2 14 360 M M 2 18 360
27 32 15 24 M 41 0 0.00 0.0 M 8.0 17 210 M M 0 1 23 220
28 52 26 39 M 26 0 0.00 0.0 0 10.1 17 220 M M 1 27 220
29 38 29 34 M 31 0 0.00 0.0 0 8.9 12 340 M M 9 16 10
30 45 28 37 M 28 0 0.00 0.0 0 4.3 13 160 M M 4 18 160
31 59 32 46 M 19 0 0.00 0.0 0 18.8 35 290 M M 2 47 290
================================================================================
SM 1572 1049 698 2 0.26 0.0 292.3 M 100
================================================================================
AV 50.7 33.8 9.4 FASTST M M 3 MAX(MPH)
MISC ----> # 35 290 # 47 290
================================================================================
NOTES:
# LAST OF SEVERAL OCCURRENCES
COLUMN 17 PEAK WIND IN M.P.H.
PRELIMINARY LOCAL CLIMATOLOGICAL DATA (WS FORM: F-6) , PAGE 2
STATION: PRESTON MN
MONTH: OCTOBER
YEAR: 2020
LATITUDE: 43 40 N
LONGITUDE: 92 11 W
[TEMPERATURE DATA] [PRECIPITATION DATA] SYMBOLS USED IN COLUMN 16
AVERAGE MONTHLY: 42.3 TOTAL FOR MONTH: 0.26 1 = FOG OR MIST
DPTR FM NORMAL: M DPTR FM NORMAL: M 2 = FOG REDUCING VISIBILITY
HIGHEST: 80 ON 9 GRTST 24HR 0.20 ON 12-12 TO 1/4 MILE OR LESS
LOWEST: 15 ON 27 3 = THUNDER
SNOW, ICE PELLETS, HAIL 4 = ICE PELLETS
TOTAL MONTH: 0.0 INCH 5 = HAIL
GRTST 24HR 0.0 6 = FREEZING RAIN OR DRIZZLE
GRTST DEPTH: 0 7 = DUSTSTORM OR SANDSTORM:
VSBY 1/2 MILE OR LESS
8 = SMOKE OR HAZE
[NO. OF DAYS WITH] [WEATHER - DAYS WITH] 9 = BLOWING SNOW
X = TORNADO
MAX 32 OR BELOW: 4 0.01 INCH OR MORE: 4
MAX 90 OR ABOVE: 0 0.10 INCH OR MORE: 1
MIN 32 OR BELOW: 17 0.50 INCH OR MORE: 0
MIN 0 OR BELOW: 0 1.00 INCH OR MORE: 0
[HDD (BASE 65) ]
TOTAL THIS MO. 698 CLEAR (SCALE 0-3) 18
DPTR FM NORMAL M PTCLDY (SCALE 4-7) 8
TOTAL FM JUL 1 952 CLOUDY (SCALE 8-10) 5
DPTR FM NORMAL M
[CDD (BASE 65) ]
TOTAL THIS MO. 2
DPTR FM NORMAL M [PRESSURE DATA]
TOTAL FM JAN 1 585 HIGHEST SLP M ON M
DPTR FM NORMAL M LOWEST SLP M ON M
[REMARKS]
#FINAL-10-20#