000
CXUS54 KFWD 250730
CF6PWG
PRELIMINARY LOCAL CLIMATOLOGICAL DATA (WS FORM: F-6)

                                          STATION:   WACO MCGREGOR
                                          MONTH:     MARCH
                                          YEAR:      2019
                                          LATITUDE:   31 28 N
                                          LONGITUDE:  97 19 W

  TEMPERATURE IN F:       :PCPN:    SNOW:  WIND      :SUNSHINE: SKY     :PK WND
================================================================================
1   2   3   4   5  6A  6B    7    8   9   10  11  12  13   14  15   16   17  18
                                     12Z  AVG MX 2MIN
DY MAX MIN AVG DEP HDD CDD  WTR  SNW DPTH SPD SPD DIR MIN PSBL S-S WX    SPD DR
================================================================================

 1  46  37  42 -10  23   0 0.00  0.0    0  5.4 10  20   M    M  10 18      M  M
 2   M   M   M   M   M   M 0.03  0.0    0  8.0 10  20   M    M  10 1       M  M
 3  43  29  36 -17  29   0 0.02  0.0    0 17.0 22 340   M    M   7 1      30 350
 4  32  24  28 -25  37   0 0.00  0.0    0 14.6 22 360   M    M   9        28 360
 5  46  20  33 -21  32   0 0.00  0.0    0  8.5 18  10   M    M   0        22  10
 6  58  22  40 -14  25   0 0.00  0.0    0  9.2 18 170   M    M   3        25 180
 7  77  50  64  10   1   0 0.00  0.0    0 14.9 21 200   M    M   5        30 200
 8  80  61  71  17   0   6 0.00  0.0    0 13.6 21 160   M    M   4        30 170
 9  81  52  67  12   0   2 0.23  0.0    0 10.7 22 170   M    M   4 18     31 170
10  66  45  56   1   9   0    T  0.0    0  8.6 16 350   M    M   7         M  M
11  59  55  57   2   8   0 0.00  0.0    0  9.2 13  50   M    M  10 1       M  M
12  75  56  66  10   0   1 0.00  0.0    0 11.0 22 140   M    M   9 12     39 150
13  75  54  65   9   0   0 0.88  0.0    0 15.2 27 150   M    M   5 1      40 150
14  69  50  60   4   5   0 0.00  0.0    0 11.6 22 280   M    M   1        32 280
15  59  41  50  -6  15   0 0.00  0.0    0 11.0 20  20   M    M   0        25  10
16  60  35  48  -9  17   0 0.00  0.0    0  6.5 13  40   M    M   2        17  10
17  64  36  50  -7  15   0 0.00  0.0    0  4.5  9  70   M    M   0         M  M
18  70  38  54  -3  11   0 0.00  0.0    0  4.4 12 110   M    M   0        16 140
19  71  48  60   3   5   0 0.00  0.0    0  7.6 17 160   M    M   3        21 140
20  70  43  57  -1   8   0 0.00  0.0    0  6.5 14 350   M    M   3        18 290
21  77  36  57  -1   8   0 0.00  0.0    0  5.1  7 260   M    M   0         M  M
22  78  42  60   2   5   0 0.00  0.0    0  7.0 16 140   M    M   0         M  M
23  73  58  66   8   0   1    T  0.0    0 13.2 21 160   M    M   8        27 160
24  81  62  72  13   0   7 0.00  0.0    0 10.8 15 200   M    M   7        21 190
================================================================================
SM 1510  994       253  17  1.16     0.0 234.1          M      107
================================================================================
AV 65.7 43.2                               9.8 FASTST   M    M   4    MAX(MPH)
                                 MISC ---->  # 27 150               # 40  150
================================================================================
NOTES:
# LAST OF SEVERAL OCCURRENCES

COLUMN 17 PEAK WIND IN M.P.H.

PRELIMINARY LOCAL CLIMATOLOGICAL DATA (WS FORM: F-6) , PAGE 2

                                          STATION:  WACO MCGREGOR
                                          MONTH:    MARCH
                                          YEAR:     2019
                                          LATITUDE:   31 28 N
                                          LONGITUDE:  97 19 W

[TEMPERATURE DATA]      [PRECIPITATION DATA]       SYMBOLS USED IN COLUMN 16

AVERAGE MONTHLY: 54.4   TOTAL FOR MONTH:   1.16    1 = FOG OR MIST
DPTR FM NORMAL:  -1.2   DPTR FM NORMAL:   -1.42    2 = FOG REDUCING VISIBILITY
HIGHEST:    81 ON 24, 9 GRTST 24HR  0.88 ON 13-13      TO 1/4 MILE OR LESS
LOWEST:     20 ON  5                               3 = THUNDER
                        SNOW, ICE PELLETS, HAIL    4 = ICE PELLETS
                        TOTAL MONTH:   0.0 INCH    5 = HAIL
                        GRTST 24HR     0.0         6 = FREEZING RAIN OR DRIZZLE
                        GRTST DEPTH:   0           7 = DUSTSTORM OR SANDSTORM:
                                                       VSBY 1/2 MILE OR LESS
                                                   8 = SMOKE OR HAZE
[NO. OF DAYS WITH]      [WEATHER - DAYS WITH]      9 = BLOWING SNOW
                                                   X = TORNADO
MAX 32 OR BELOW:   1    0.01 INCH OR MORE:   4
MAX 90 OR ABOVE:   0    0.10 INCH OR MORE:   2
MIN 32 OR BELOW:   4    0.50 INCH OR MORE:   1
MIN  0 OR BELOW:   0    1.00 INCH OR MORE:   0

[HDD (BASE 65) ]
TOTAL THIS MO.   253    CLEAR  (SCALE 0-3)   9
DPTR FM NORMAL    12    PTCLDY (SCALE 4-7)   9
TOTAL FM JUL 1  2108    CLOUDY (SCALE 8-10)  6
DPTR FM NORMAL   -82

[CDD (BASE 65) ]
TOTAL THIS MO.    17
DPTR FM NORMAL    -1    [PRESSURE DATA]
TOTAL FM JAN 1    38    HIGHEST SLP M ON M
DPTR FM NORMAL    14    LOWEST  SLP M ON M

[REMARKS]
