000
CXUS54 KFWD 260730
CF6PWG
PRELIMINARY LOCAL CLIMATOLOGICAL DATA (WS FORM: F-6)

                                          STATION:   WACO MCGREGOR
                                          MONTH:     MAY
                                          YEAR:      2018
                                          LATITUDE:   31 28 N
                                          LONGITUDE:  97 19 W

  TEMPERATURE IN F:       :PCPN:    SNOW:  WIND      :SUNSHINE: SKY     :PK WND
================================================================================
1   2   3   4   5  6A  6B    7    8   9   10  11  12  13   14  15   16   17  18
                                     12Z  AVG MX 2MIN
DY MAX MIN AVG DEP HDD CDD  WTR  SNW DPTH SPD SPD DIR MIN PSBL S-S WX    SPD DR
================================================================================

 1  79  68  74   6   0   9 0.00  0.0    M 14.2 20 150   M    M  10        30 150
 2  88  70  79  10   0  14 0.00  0.0    M 15.7 25 160   M    M   8 1      38 160
 3  81  70  76   7   0  11 0.08  0.0    0 11.1 22 180   M    M   8 1      28 180
 4  73  62  68  -1   0   3 1.74  0.0    0  7.7 15 100   M    M   8 1      21 340
 5  83  55  69  -1   0   4 0.00  0.0    0  6.2 14 360   M    M   0 1      23 360
 6  86  50  68  -2   0   3 0.00  0.0    0  2.8  8  50   M    M   0         M  M
 7  92  56  74   4   0   9 0.00  0.0    0  5.9  9 170   M    M   0         M  M
 8  91  61  76   6   0  11 0.00  0.0    0 10.5 18 160   M    M   0        24 160
 9  89  64  77   6   0  12 0.00  0.0    0 11.7 17 160   M    M   0        25 180
10  88  65  77   6   0  12 0.00  0.0    0 12.8 21 160   M    M   1        28 180
11   M  69   M   M   M   M 0.00  0.0    0 16.1 23 170   M    M   M        32 170
12   M   M   M   M   M   M    M    M    M   M   M   M   M    M   M         M  M
13   M   M   M   M   M   M    M    M    M   M   M   M   M    M   M         M  M
14  92  72  82  10   0  17 0.00  0.0    0 11.7 16 160   M    M   2        22 190
15  91  70  81   9   0  16 0.00  0.0    0  7.8 14 170   M    M   2         M  M
16  95  64  80   7   0  15 0.00  0.0    0  4.2 10 340   M    M   0         M  M
17  97  65  81   8   0  16 0.00  0.0    0  5.3  9 110   M    M   1         M  M
18  96  65  81   8   0  16 0.00  0.0    0 10.7 17 150   M    M   0 8      23 160
19  93  71  82   8   0  17 0.00  0.0    0 13.7 23 170   M    M   4        31 170
20  81  65  73  -1   0   8 0.77  0.0    0  7.4 15 160   M    M   4 13     23 130
21  86  64  75   1   0  10 0.00  0.0    0  4.3 13 160   M    M   5 13      M  M
22  90  64  77   3   0  12 0.00  0.0    0  5.9 12 150   M    M   3 123    16  99
23  92  66  79   5   0  14 0.00  0.0    0  6.8 15 150   M    M   2 13     21 150
24  92  67  80   5   0  15 0.00  0.0    0  6.3 12 150   M    M   3 1       M  M
25  94  70  82   7   0  17 0.00  0.0    0  8.1 16  90   M    M   1 8      21 100
================================================================================
SM 1949 1493         0 261  2.59     0.0 206.9          M       62
================================================================================
AV 88.6 64.9                               9.0 FASTST   M    M   3    MAX(MPH)
                                 MISC ---->  # 25 160               # 38  160
================================================================================
NOTES:
# LAST OF SEVERAL OCCURRENCES

COLUMN 17 PEAK WIND IN M.P.H.

PRELIMINARY LOCAL CLIMATOLOGICAL DATA (WS FORM: F-6) , PAGE 2

                                          STATION:  WACO MCGREGOR
                                          MONTH:    MAY
                                          YEAR:     2018
                                          LATITUDE:   31 28 N
                                          LONGITUDE:  97 19 W

[TEMPERATURE DATA]      [PRECIPITATION DATA]       SYMBOLS USED IN COLUMN 16

AVERAGE MONTHLY: 76.8   TOTAL FOR MONTH:   2.59    1 = FOG OR MIST
DPTR FM NORMAL:   5.0   DPTR FM NORMAL:   -0.93    2 = FOG REDUCING VISIBILITY
HIGHEST:    97 ON 17    GRTST 24HR  1.74 ON  4- 4      TO 1/4 MILE OR LESS
LOWEST:     50 ON  6                               3 = THUNDER
                        SNOW, ICE PELLETS, HAIL    4 = ICE PELLETS
                        TOTAL MONTH:   0.0 INCH    5 = HAIL
                        GRTST 24HR     0.0         6 = FREEZING RAIN OR DRIZZLE
                        GRTST DEPTH:   0           7 = DUSTSTORM OR SANDSTORM:
                                                       VSBY 1/2 MILE OR LESS
                                                   8 = SMOKE OR HAZE
[NO. OF DAYS WITH]      [WEATHER - DAYS WITH]      9 = BLOWING SNOW
                                                   X = TORNADO
MAX 32 OR BELOW:   0    0.01 INCH OR MORE:   3
MAX 90 OR ABOVE:  12    0.10 INCH OR MORE:   2
MIN 32 OR BELOW:   0    0.50 INCH OR MORE:   2
MIN  0 OR BELOW:   0    1.00 INCH OR MORE:   1

[HDD (BASE 65) ]
TOTAL THIS MO.     0    CLEAR  (SCALE 0-3)  15
DPTR FM NORMAL    -8    PTCLDY (SCALE 4-7)   5
TOTAL FM JUL 1  2089    CLOUDY (SCALE 8-10)  2
DPTR FM NORMAL  -252

[CDD (BASE 65) ]
TOTAL THIS MO.   261
DPTR FM NORMAL    80    [PRESSURE DATA]
TOTAL FM JAN 1   391    HIGHEST SLP M ON M
DPTR FM NORMAL    99    LOWEST  SLP M ON M

[REMARKS]
