000
CXUS54 KFWD 280730
CF6PWG
PRELIMINARY LOCAL CLIMATOLOGICAL DATA (WS FORM: F-6)

                                          STATION:   WACO MCGREGOR
                                          MONTH:     MAY
                                          YEAR:      2020
                                          LATITUDE:   31 28 N
                                          LONGITUDE:  97 19 W

  TEMPERATURE IN F:       :PCPN:    SNOW:  WIND      :SUNSHINE: SKY     :PK WND
================================================================================
1   2   3   4   5  6A  6B    7    8   9   10  11  12  13   14  15   16   17  18
                                     12Z  AVG MX 2MIN
DY MAX MIN AVG DEP HDD CDD  WTR  SNW DPTH SPD SPD DIR MIN PSBL S-S WX    SPD DR
================================================================================

 1  87  59  73   5   0   8 0.00  0.0    0 12.7 21 170   M    M   0        28 170
 2  89  66  78   9   0  13 0.00  0.0    0 16.1 21 170   M    M   2        30 160
 3  91  68  80  11   0  15 0.00  0.0    0 13.5 20 160   M    M   2        24 170
 4  93  70  82  13   0  17 0.00  0.0    0 14.6 22 170   M    M   1        30 170
 5  81  59  70   0   0   5    T  0.0    0 10.5 16  10   M    M   5 3      23  10
 6  83  52  68  -2   0   3 0.00  0.0    0  6.6 13  80   M    M   0         M  M
 7  86  51  69  -1   0   4 0.00  0.0    0 12.7 25 170   M    M   4        36 170
 8  81  55  68  -2   0   3 0.01  0.0    0 13.8 22 350   M    M   5        39 360
 9  76  53  65  -6   0   0 0.00  0.0    0  7.4 15 100   M    M   3        16  30
10  79  47  63  -8   2   0 0.00  0.0    0  5.2 13  50   M    M   0        16 100
11  83  51  67  -4   0   2 0.00  0.0    0  7.8 15 140   M    M   2        22 140
12  79  64  72   0   0   7 0.15  0.0    0 10.2 17 170   M    M   7 13     24 160
13  88  64  76   4   0  11 0.00  0.0    0 10.4 15 140   M    M   7        20 160
14  92  70  81   9   0  16 0.00  0.0    0 12.4 20 160   M    M   5 1      23 150
15  92  68  80   8   0  15 1.36  0.0    0 10.9 15 190   M    M   6 13     21 190
16  71  62  67  -6   0   2 0.98  0.0    0  9.8 15 330   M    M   7 13     23 300
17  88  64  76   3   0  11 0.02  0.0    0  7.5 15 360   M    M   2        22 310
18  93  62  78   5   0  13 0.00  0.0    0  5.6 10 150   M    M   0 8       M  M
19  97  65  81   7   0  16 0.00  0.0    0  7.5 14 160   M    M   0         M  M
20  93  73  83   9   0  18 0.00  0.0    0  8.1 15 130   M    M   3 1       M  M
21  91  70  81   7   0  16 0.00  0.0    0 10.3 17 170   M    M   2 8      24 160
22  95  72  84  10   0  19 0.00  0.0    0 12.3 21 160   M    M   4        47 150
23  94  69  82   8   0  17 0.00  0.0    0 11.0 17 160   M    M   5 3      25 150
24  89  66  78   3   0  13 0.15  0.0    0 12.2 16 140   M    M   4 38     20 140
25  79  64  72  -3   0   7 0.76  0.0    0  7.5 13 320   M    M   6 13     18 320
26  84  62  73  -2   0   8 0.00  0.0    0  5.9 15 300   M    M   3 8      20 300
27  86  57  72  -4   0   7 1.26  0.0    0  3.7  9 100   M    M   2 13     16  99
================================================================================
SM 2340 1683         2 266  4.69     0.0 266.2          M       87
================================================================================
AV 86.7 62.3                               9.9 FASTST   M    M   3    MAX(MPH)
                                 MISC ---->  # 25 170               # 47  150
================================================================================
NOTES:
# LAST OF SEVERAL OCCURRENCES

COLUMN 17 PEAK WIND IN M.P.H.

PRELIMINARY LOCAL CLIMATOLOGICAL DATA (WS FORM: F-6) , PAGE 2

                                          STATION:  WACO MCGREGOR
                                          MONTH:    MAY
                                          YEAR:     2020
                                          LATITUDE:   31 28 N
                                          LONGITUDE:  97 19 W

[TEMPERATURE DATA]      [PRECIPITATION DATA]       SYMBOLS USED IN COLUMN 16

AVERAGE MONTHLY: 74.5   TOTAL FOR MONTH:   4.69    1 = FOG OR MIST
DPTR FM NORMAL:   2.4   DPTR FM NORMAL:    0.88    2 = FOG REDUCING VISIBILITY
HIGHEST:    97 ON 19    GRTST 24HR  1.36 ON 15-15      TO 1/4 MILE OR LESS
LOWEST:     47 ON 10                               3 = THUNDER
                        SNOW, ICE PELLETS, HAIL    4 = ICE PELLETS
                        TOTAL MONTH:   0.0 INCH    5 = HAIL
                        GRTST 24HR     0.0         6 = FREEZING RAIN OR DRIZZLE
                        GRTST DEPTH:   0           7 = DUSTSTORM OR SANDSTORM:
                                                       VSBY 1/2 MILE OR LESS
                                                   8 = SMOKE OR HAZE
[NO. OF DAYS WITH]      [WEATHER - DAYS WITH]      9 = BLOWING SNOW
                                                   X = TORNADO
MAX 32 OR BELOW:   0    0.01 INCH OR MORE:   8
MAX 90 OR ABOVE:  10    0.10 INCH OR MORE:   6
MIN 32 OR BELOW:   0    0.50 INCH OR MORE:   4
MIN  0 OR BELOW:   0    1.00 INCH OR MORE:   2

[HDD (BASE 65) ]
TOTAL THIS MO.     2    CLEAR  (SCALE 0-3)  14
DPTR FM NORMAL    -6    PTCLDY (SCALE 4-7)  13
TOTAL FM JUL 1  1848    CLOUDY (SCALE 8-10)  0
DPTR FM NORMAL  -493

[CDD (BASE 65) ]
TOTAL THIS MO.   266
DPTR FM NORMAL    64    [PRESSURE DATA]
TOTAL FM JAN 1   462    HIGHEST SLP M ON M
DPTR FM NORMAL   149    LOWEST  SLP M ON M

[REMARKS]
