000
CXUS53 KGRB 180936
CF6RRL
PRELIMINARY LOCAL CLIMATOLOGICAL DATA (WS FORM: F-6)

                                          STATION:   MERRILL MUNICIPAL AI
                                          MONTH:     MARCH
                                          YEAR:      2019
                                          LATITUDE:   45 10 N
                                          LONGITUDE:  89 42 W

  TEMPERATURE IN F:       :PCPN:    SNOW:  WIND      :SUNSHINE: SKY     :PK WND
================================================================================
1   2   3   4   5  6A  6B    7    8   9   10  11  12  13   14  15   16   17  18
                                     12Z  AVG MX 2MIN
DY MAX MIN AVG DEP HDD CDD  WTR  SNW DPTH SPD SPD DIR MIN PSBL S-S WX    SPD DR
================================================================================

 1  26 -19   4   M  61   0 0.00  0.0    M  0.6  6 240   M    M   5         M  M
 2  28  -1  14   M  51   0 0.00  0.0    0  4.8 12 340   M    M   8 1       M  M
 3   8 -16  -4   M  69   0 0.02    M    0  6.9 14 240   M    M   0        20 300
 4   5 -21  -8   M  73   0 0.00  0.0    0  8.0 16 260   M    M   4        22 260
 5  13 -15  -1   M  66   0 0.00  0.0    0  7.9 20 310   M    M   7 8      28 310
 6  21 -23  -1   M  66   0 0.00  0.0    0  4.4 16 260   M    M   7        20 260
 7  22 -24  -1   M  66   0 0.00  0.0    0  1.3  8 240   M    M   0         M  M
 8  34 -15  10   M  55   0 0.00  0.0    0  1.6  8 210   M    M   4 1       M  M
 9  36   2  19   M  46   0 0.00  0.0    0  7.6 18 120   M    M   3 1      31  90
10  36  21  29   M  36   0 0.01    M    0 11.2 21 290   M    M   8        29 290
11  33   6  20   M  45   0 0.00  0.0    0  7.6 12 280   M    M   0        22 280
12  42  -7  18   M  47   0 0.23    M    0  4.3 13 230   M    M   5        17 190
13  40  35  38   M  27   0 0.04    M    M  8.5 12 120   M    M  10 1      16 120
14  53  35  44   M  21   0 0.12    M    0  6.1 10 140   M    M  10 2       M  M
15  35  30  33   M  32   0 0.00  0.0    0 13.4 20 310   M    M  10        25 310
16  36  18  27   M  38   0 0.00  0.0    M  7.0 12 320   M    M   4        16 320
17  35   9  22   M  43   0 0.00  0.0    M  1.4  6 310   M    M   2         M  M
================================================================================
SM  503   15       842   0  0.42     0.0 102.6          M       87
================================================================================
AV 29.6  0.9                               6.0 FASTST   M    M   5    MAX(MPH)
                                 MISC ---->  # 21 290               # 31   90
================================================================================
NOTES:
# LAST OF SEVERAL OCCURRENCES

COLUMN 17 PEAK WIND IN M.P.H.

PRELIMINARY LOCAL CLIMATOLOGICAL DATA (WS FORM: F-6) , PAGE 2

                                          STATION:  MERRILL MUNICIPAL AI
                                          MONTH:    MARCH
                                          YEAR:     2019
                                          LATITUDE:   45 10 N
                                          LONGITUDE:  89 42 W

[TEMPERATURE DATA]      [PRECIPITATION DATA]       SYMBOLS USED IN COLUMN 16

AVERAGE MONTHLY: 15.2   TOTAL FOR MONTH:   0.42    1 = FOG OR MIST
DPTR FM NORMAL:     M   DPTR FM NORMAL:       M    2 = FOG REDUCING VISIBILITY
HIGHEST:    53 ON 14    GRTST 24HR  0.23 ON 12-12      TO 1/4 MILE OR LESS
LOWEST:    -24 ON  7                               3 = THUNDER
                        SNOW, ICE PELLETS, HAIL    4 = ICE PELLETS
                        TOTAL MONTH:   0.0 INCH    5 = HAIL
                        GRTST 24HR     0.0         6 = FREEZING RAIN OR DRIZZLE
                        GRTST DEPTH:   0           7 = DUSTSTORM OR SANDSTORM:
                                                       VSBY 1/2 MILE OR LESS
                                                   8 = SMOKE OR HAZE
[NO. OF DAYS WITH]      [WEATHER - DAYS WITH]      9 = BLOWING SNOW
                                                   X = TORNADO
MAX 32 OR BELOW:   7    0.01 INCH OR MORE:   5
MAX 90 OR ABOVE:   0    0.10 INCH OR MORE:   2
MIN 32 OR BELOW:  15    0.50 INCH OR MORE:   0
MIN  0 OR BELOW:   9    1.00 INCH OR MORE:   0

[HDD (BASE 65) ]
TOTAL THIS MO.   842    CLEAR  (SCALE 0-3)   5
DPTR FM NORMAL     M    PTCLDY (SCALE 4-7)   8
TOTAL FM JUL 1  7475    CLOUDY (SCALE 8-10)  4
DPTR FM NORMAL  7095

[CDD (BASE 65) ]
TOTAL THIS MO.     0
DPTR FM NORMAL     M    [PRESSURE DATA]
TOTAL FM JAN 1     0    HIGHEST SLP M ON M
DPTR FM NORMAL     0    LOWEST  SLP M ON M

[REMARKS]
