052
CXUS56 KSTO 131749
CF6MYV
PRELIMINARY LOCAL CLIMATOLOGICAL DATA (WS FORM: F-6)
STATION: MARYSVILLE AIRPORT CA
MONTH: DECEMBER
YEAR: 2020
LATITUDE: 39 5 N
LONGITUDE: 121 34 W
TEMPERATURE IN F: :PCPN: SNOW: WIND :SUNSHINE: SKY :PK WND
================================================================================
1 2 3 4 5 6A 6B 7 8 9 10 11 12 13 14 15 16 17 18
12Z AVG MX 2MIN
DY MAX MIN AVG DEP HDD CDD WTR SNW DPTH SPD SPD DIR MIN PSBL S-S WX SPD DR
================================================================================
1 64 35 50 3 15 0 0.00 0.0 0 2.5 8 360 M M 0 10 350
2 65 32 49 2 16 0 0.00 0.0 0 2.2 7 100 M M 0 1 9 300
3 66 32 49 3 16 0 0.00 0.0 0 2.2 7 340 M M 0 8 320
4 66 33 50 4 15 0 0.00 0.0 0 2.3 8 350 M M 0 1 10 250
5 62 32 47 1 18 0 0.00 0.0 0 3.6 15 270 M M 0 19 260
6 64 36 50 4 15 0 0.00 0.0 0 7.7 18 340 M M 1 23 350
7 73 50 62 16 3 0 0.00 0.0 M 13.8 21 340 M M 0 29 360
8 63 37 50 4 15 0 0.00 0.0 0 4.3 13 160 M M 0 8 16 170
9 65 33 49 3 16 0 0.00 0.0 0 3.1 14 320 M M 0 18 15 330
10 64 31 48 2 17 0 0.00 0.0 0 3.8 13 130 M M 0 15 130
11 52 35 44 -1 21 0 0.04 M 0 6.1 14 160 M M 5 1 16 170
12 57 42 50 5 15 0 0.02 M 0 6.4 15 320 M M 6 1 19 350
13 52 39 46 1 19 0 0.79 0.0 0 8.7 29 160 M M 8 12 35 170
14 56 37 47 2 18 0 0.00 0.0 0 4.6 16 340 M M 5 12 21 330
15 53 35 44 -1 21 0 T 0.0 0 1.9 9 160 M M 4 1 12 160
16 53 34 44 -1 21 0 0.04 0.0 0 3.8 14 140 M M 8 12 18 140
17 57 43 50 5 15 0 0.40 M 0 6.8 24 120 M M 5 18 31 130
18 59 36 48 3 17 0 0.00 0.0 0 6.6 16 340 M M 0 8 24 340
19 57 32 45 0 20 0 0.00 M 0 2.6 9 340 M M 0 1 13 340
20 55 30 43 -2 22 0 T M 0 1.2 7 260 M M 1 128 8 260
21 45 36 41 -4 24 0 0.00 0.0 0 2.5 10 160 M M 7 12 12 170
22 60 41 51 6 14 0 T 0.0 0 10.0 18 340 M M 5 128 25 340
23 52 29 41 -4 24 0 0.00 0.0 0 4.2 15 160 M M 2 128 21 350
24 52 28 40 -5 25 0 0.00 0.0 0 2.4 8 70 M M 6 128 9 70
25 52 38 45 0 20 0 0.17 M 0 8.4 16 150 M M 9 18 21 120
26 60 40 50 5 15 0 T M 0 8.6 17 190 M M 2 22 160
27 52 37 45 0 20 0 T M 0 5.6 10 190 M M 2 14 340
28 55 37 46 1 19 0 0.04 M 0 3.6 9 220 M M 7 1 12 340
29 61 34 48 3 17 0 0.00 0.0 0 5.7 16 350 M M 0 1 21 350
30 56 31 44 -1 21 0 0.02 0.0 0 8.5 23 150 M M 4 31 140
31 59 42 51 6 14 0 0.00 0.0 0 9.1 18 330 M M 2 1 23 350
================================================================================
SM 1807 1107 548 0 1.52 0.0 162.8 M 89
================================================================================
AV 58.3 35.7 5.3 FASTST M M 3 MAX(MPH)
MISC ----> # 29 160 # 35 170
================================================================================
NOTES:
# LAST OF SEVERAL OCCURRENCES
COLUMN 17 PEAK WIND IN M.P.H.
PRELIMINARY LOCAL CLIMATOLOGICAL DATA (WS FORM: F-6) , PAGE 2
STATION: MARYSVILLE AIRPORT CA
MONTH: DECEMBER
YEAR: 2020
LATITUDE: 39 5 N
LONGITUDE: 121 34 W
[TEMPERATURE DATA] [PRECIPITATION DATA] SYMBOLS USED IN COLUMN 16
AVERAGE MONTHLY: 47.0 TOTAL FOR MONTH: 1.52 1 = FOG OR MIST
DPTR FM NORMAL: 1.7 DPTR FM NORMAL: -1.95 2 = FOG REDUCING VISIBILITY
HIGHEST: 73 ON 7 GRTST 24HR 0.79 ON 13-13 TO 1/4 MILE OR LESS
LOWEST: 28 ON 24 3 = THUNDER
SNOW, ICE PELLETS, HAIL 4 = ICE PELLETS
TOTAL MONTH: 0.0 INCH 5 = HAIL
GRTST 24HR 0.0 6 = FREEZING RAIN OR DRIZZLE
GRTST DEPTH: 0 7 = DUSTSTORM OR SANDSTORM:
VSBY 1/2 MILE OR LESS
8 = SMOKE OR HAZE
[NO. OF DAYS WITH] [WEATHER - DAYS WITH] 9 = BLOWING SNOW
X = TORNADO
MAX 32 OR BELOW: 0 0.01 INCH OR MORE: 8
MAX 90 OR ABOVE: 0 0.10 INCH OR MORE: 3
MIN 32 OR BELOW: 9 0.50 INCH OR MORE: 1
MIN 0 OR BELOW: 0 1.00 INCH OR MORE: 0
[HDD (BASE 65) ]
TOTAL THIS MO. 548 CLEAR (SCALE 0-3) 18
DPTR FM NORMAL -61 PTCLDY (SCALE 4-7) 12
TOTAL FM JUL 1 985 CLOUDY (SCALE 8-10) 1
DPTR FM NORMAL -119
[CDD (BASE 65) ]
TOTAL THIS MO. 0
DPTR FM NORMAL 0 [PRESSURE DATA]
TOTAL FM JAN 1 1944 HIGHEST SLP 30.48 ON 19
DPTR FM NORMAL 587 LOWEST SLP 29.75 ON 28
[REMARKS]
#FINAL-12-20#