000
CXUS52 KTBW 011000
CF6FMY
PRELIMINARY LOCAL CLIMATOLOGICAL DATA (WS FORM: F-6)
STATION: FORT MYERS
MONTH: OCTOBER
YEAR: 2023
LATITUDE: 26 34 N
LONGITUDE: 81 52 W
TEMPERATURE IN F: :PCPN: SNOW: WIND :SUNSHINE: SKY :PK WND
================================================================================
1 2 3 4 5 6A 6B 7 8 9 10 11 12 13 14 15 16 17 18
12Z AVG MX 2MIN
DY MAX MIN AVG DEP HDD CDD WTR SNW DPTH SPD SPD DIR MIN PSBL S-S WX SPD DR
================================================================================
1 93 76 85 4 0 20 0.12 0.0 0 7.4 20 50 M M 4 13 28 20
2 90 75 83 2 0 18 0.00 0.0 0 11.7 21 50 M M 3 8 31 60
3 88 73 81 0 0 16 0.00 0.0 0 10.2 18 60 M M 6 18 28 50
4 91 73 82 2 0 17 0.00 0.0 0 8.5 17 60 M M 1 26 70
5 93 74 84 4 0 19 0.00 0.0 0 6.3 12 40 M M 2 18 40
6 93 75 84 4 0 19 0.00 0.0 0 4.8 12 270 M M 1 15 260
7 90 76 83 3 0 18 0.00 0.0 0 7.0 16 250 M M 2 20 230
8 87 72 80 0 0 15 0.00 0.0 0 8.1 15 350 M M 4 19 340
9 82 69 76 -4 0 11 T 0.0 0 8.4 17 30 M M 4 23 20
10 87 71 79 0 0 14 T 0.0 0 5.9 10 70 M M 1 15 60
11 90 75 83 4 0 18 0.44 0.0 0 7.6 16 200 M M 2 18 27 180
12 89 80 85 6 0 20 0.33 0.0 0 12.4 24 210 M M 7 13 40 200
13 87 80 84 5 0 19 1.01 0.0 0 5.4 17 250 M M 7 13 22 260
14 87 76 82 3 0 17 T 0.0 0 7.6 15 300 M M 2 21 290
15 85 71 78 0 0 13 0.00 0.0 0 8.2 20 300 M M 3 26 300
16 78 63 71 -7 0 6 T 0.0 0 11.6 22 290 M M 4 32 290
17 76 58 67 -11 0 2 0.00 0.0 0 10.2 17 10 M M 0 25 10
18 81 56 69 -9 0 4 0.00 0.0 0 6.7 14 30 M M 0 16 30
19 84 64 74 -4 0 9 0.00 0.0 0 7.8 16 50 M M 2 22 50
20 85 67 76 -1 0 11 0.00 0.0 0 6.2 15 310 M M 1 20 310
21 89 69 79 2 0 14 T 0.0 0 5.1 15 290 M M 1 20 280
22 85 67 76 -1 0 11 0.00 0.0 0 3.6 9 270 M M 2 12 13 340
23 88 65 77 1 0 12 0.00 0.0 0 7.1 15 60 M M 0 20 50
24 87 67 77 1 0 12 0.00 0.0 0 10.4 21 60 M M 2 29 50
25 87 66 77 1 0 12 0.00 0.0 0 11.0 20 70 M M 1 28 80
26 87 69 78 2 0 13 0.00 0.0 0 9.6 20 70 M M 1 28 70
27 87 67 77 1 0 12 T 0.0 0 9.5 20 70 M M 1 27 80
28 88 69 79 4 0 14 0.00 0.0 0 9.8 20 80 M M 2 26 40
29 87 67 77 2 0 12 0.00 0.0 0 9.0 18 60 M M 1 25 60
30 89 68 79 4 0 14 0.00 0.0 0 5.9 13 310 M M 1 18 290
31 88 70 79 5 0 14 T 0.0 0 7.5 15 290 M M 0 8 20 280
================================================================================
SM 2698 2168 0 426 1.90 0.0 250.5 M 68
================================================================================
AV 87.0 69.9 8.1 FASTST M M 2 MAX(MPH)
MISC ----> 24 210 40 200
================================================================================
NOTES:
# LAST OF SEVERAL OCCURRENCES
COLUMN 17 PEAK WIND IN M.P.H.
PRELIMINARY LOCAL CLIMATOLOGICAL DATA (WS FORM: F-6) , PAGE 2
STATION: FORT MYERS
MONTH: OCTOBER
YEAR: 2023
LATITUDE: 26 34 N
LONGITUDE: 81 52 W
[TEMPERATURE DATA] [PRECIPITATION DATA] SYMBOLS USED IN COLUMN 16
AVERAGE MONTHLY: 78.5 TOTAL FOR MONTH: 1.90 1 = FOG OR MIST
DPTR FM NORMAL: 0.5 DPTR FM NORMAL: -1.18 2 = FOG REDUCING VISIBILITY
HIGHEST: 93 ON 6, 5 GRTST 24HR 1.08 ON 12-13 TO 1/4 MILE OR LESS
LOWEST: 56 ON 18 3 = THUNDER
SNOW, ICE PELLETS, HAIL 4 = ICE PELLETS
TOTAL MONTH: 0.0 INCH 5 = HAIL
GRTST 24HR 0.0 6 = FREEZING RAIN OR DRIZZLE
GRTST DEPTH: 0 7 = DUSTSTORM OR SANDSTORM:
VSBY 1/2 MILE OR LESS
8 = SMOKE OR HAZE
[NO. OF DAYS WITH] [WEATHER - DAYS WITH] 9 = BLOWING SNOW
X = TORNADO
MAX 32 OR BELOW: 0 0.01 INCH OR MORE: 4
MAX 90 OR ABOVE: 7 0.10 INCH OR MORE: 4
MIN 32 OR BELOW: 0 0.50 INCH OR MORE: 1
MIN 0 OR BELOW: 0 1.00 INCH OR MORE: 1
[HDD (BASE 65) ]
TOTAL THIS MO. 0 CLEAR (SCALE 0-3) 23
DPTR FM NORMAL -2 PTCLDY (SCALE 4-7) 8
TOTAL FM JUL 1 0 CLOUDY (SCALE 8-10) 0
DPTR FM NORMAL 0
[CDD (BASE 65) ]
TOTAL THIS MO. 426
DPTR FM NORMAL 22 [PRESSURE DATA]
TOTAL FM JAN 1 4556 HIGHEST SLP 30.14 ON 25
DPTR FM NORMAL 857 LOWEST SLP 29.70 ON 12
[REMARKS]
#FINAL-10-23#