000
CXUS54 KSJT 011000
CF6ABI
PRELIMINARY LOCAL CLIMATOLOGICAL DATA (WS FORM: F-6)
STATION: ABILENE
MONTH: SEPTEMBER
YEAR: 2021
LATITUDE: 32 25 N
LONGITUDE: 99 41 W
TEMPERATURE IN F: :PCPN: SNOW: WIND :SUNSHINE: SKY :PK WND
================================================================================
1 2 3 4 5 6A 6B 7 8 9 10 11 12 13 14 15 16 17 18
12Z AVG MX 2MIN
DY MAX MIN AVG DEP HDD CDD WTR SNW DPTH SPD SPD DIR MIN PSBL S-S WX SPD DR
================================================================================
1 98 74 86 5 0 21 0.00 0.0 0 10.0 18 130 M M 0 24 130
2 98 76 87 6 0 22 0.00 0.0 0 10.9 20 140 M M 1 8 36 140
3 97 75 86 6 0 21 0.00 0.0 0 10.7 18 130 M M 0 24 130
4 98 74 86 6 0 21 0.00 0.0 0 7.6 18 210 M M 0 25 220
5 95 70 83 3 0 18 0.00 0.0 0 6.9 28 120 M M 1 3 40 110
6 94 73 84 4 0 19 0.02 0.0 0 5.3 15 70 M M 3 22 90
7 98 69 84 5 0 19 0.00 0.0 0 8.1 15 210 M M 0 19 170
8 98 71 85 6 0 20 0.09 0.0 0 7.5 31 10 M M 1 38 41 10
9 93 65 79 0 0 14 0.00 0.0 0 8.9 16 130 M M 0 22 140
10 96 69 83 5 0 18 0.00 0.0 0 11.6 20 140 M M 0 26 170
11 95 69 82 4 0 17 0.00 0.0 0 9.7 16 190 M M 0 21 140
12 92 62 77 -1 0 12 0.00 0.0 0 8.5 17 200 M M 0 23 200
13 91 69 80 2 0 15 0.00 0.0 0 9.4 21 140 M M 0 27 130
14 90 67 79 2 0 14 0.00 0.0 0 9.2 17 110 M M 0 23 130
15 91 63 77 0 0 12 0.00 0.0 0 7.0 17 130 M M 2 1 24 130
16 93 66 80 3 0 15 0.00 0.0 0 8.2 16 160 M M 0 27 140
17 97 70 84 8 0 19 0.00 0.0 0 11.2 16 110 M M 0 21 130
18 96 72 84 8 0 19 0.00 0.0 0 6.2 15 350 M M 1 21 40
19 97 67 82 6 0 17 0.00 0.0 0 6.9 15 130 M M 0 19 150
20 104 73 89 13 0 24 0.00 0.0 0 12.3 22 210 M M 0 30 180
21 85 62 74 -1 0 9 0.00 0.0 0 13.2 29 360 M M 0 40 10
22 84 48 66 -9 0 1 0.00 0.0 0 4.3 14 360 M M 0 20 330
23 88 53 71 -4 0 6 0.00 0.0 0 9.0 16 140 M M 0 27 190
24 86 59 73 -1 0 8 0.00 0.0 0 9.8 20 210 M M 0 26 200
25 90 57 74 0 0 9 0.00 0.0 0 7.2 14 170 M M 0 22 130
26 91 61 76 2 0 11 0.00 0.0 0 10.3 20 150 M M 0 31 210
27 91 61 76 2 0 11 T 0.0 0 8.1 18 200 M M 0 26 220
28 95 67 81 8 0 16 T 0.0 0 10.1 22 240 M M 1 3 30 240
29 94 66 80 7 0 15 0.29 0.0 0 11.8 35 210 M M 1 35 47 200
30 88 65 77 4 0 12 2.18 M M 10.7 28 300 M M 4 138 38 330
================================================================================
SM 2803 1993 0 455 2.58 0.0 270.6 M 15
================================================================================
AV 93.4 66.4 9.0 FASTST M M 1 MAX(MPH)
MISC ----> 35 210 47 200
================================================================================
NOTES:
# LAST OF SEVERAL OCCURRENCES
COLUMN 17 PEAK WIND IN M.P.H.
PRELIMINARY LOCAL CLIMATOLOGICAL DATA (WS FORM: F-6) , PAGE 2
STATION: ABILENE
MONTH: SEPTEMBER
YEAR: 2021
LATITUDE: 32 25 N
LONGITUDE: 99 41 W
[TEMPERATURE DATA] [PRECIPITATION DATA] SYMBOLS USED IN COLUMN 16
AVERAGE MONTHLY: 79.9 TOTAL FOR MONTH: 2.58 1 = FOG OR MIST
DPTR FM NORMAL: 3.1 DPTR FM NORMAL: -0.09 2 = FOG REDUCING VISIBILITY
HIGHEST: 104 ON 20 GRTST 24HR 2.18 ON 30-30 TO 1/4 MILE OR LESS
LOWEST: 48 ON 22 3 = THUNDER
SNOW, ICE PELLETS, HAIL 4 = ICE PELLETS
TOTAL MONTH: 0.0 INCH 5 = HAIL
GRTST 24HR 0.0 6 = FREEZING RAIN OR DRIZZLE
GRTST DEPTH: 0 7 = DUSTSTORM OR SANDSTORM:
VSBY 1/2 MILE OR LESS
8 = SMOKE OR HAZE
[NO. OF DAYS WITH] [WEATHER - DAYS WITH] 9 = BLOWING SNOW
X = TORNADO
MAX 32 OR BELOW: 0 0.01 INCH OR MORE: 4
MAX 90 OR ABOVE: 25 0.10 INCH OR MORE: 2
MIN 32 OR BELOW: 0 0.50 INCH OR MORE: 1
MIN 0 OR BELOW: 0 1.00 INCH OR MORE: 1
[HDD (BASE 65) ]
TOTAL THIS MO. 0 CLEAR (SCALE 0-3) 29
DPTR FM NORMAL -7 PTCLDY (SCALE 4-7) 1
TOTAL FM JUL 1 0 CLOUDY (SCALE 8-10) 0
DPTR FM NORMAL -1
[CDD (BASE 65) ]
TOTAL THIS MO. 455
DPTR FM NORMAL 93 [PRESSURE DATA]
TOTAL FM JAN 1 2360 HIGHEST SLP 30.39 ON 22
DPTR FM NORMAL -165 LOWEST SLP 29.68 ON 28
[REMARKS]
#FINAL-09-21#