000
CXUS54 KLZK 011330
CF6RUE
PRELIMINARY LOCAL CLIMATOLOGICAL DATA (WS FORM: F-6)
STATION: RUSSELLVILLE
MONTH: DECEMBER
YEAR: 2022
LATITUDE: 35 15 N
LONGITUDE: 93 6 W
TEMPERATURE IN F: :PCPN: SNOW: WIND :SUNSHINE: SKY :PK WND
================================================================================
1 2 3 4 5 6A 6B 7 8 9 10 11 12 13 14 15 16 17 18
12Z AVG MX 2MIN
DY MAX MIN AVG DEP HDD CDD WTR SNW DPTH SPD SPD DIR MIN PSBL S-S WX SPD DR
================================================================================
1 50 27 39 -6 26 0 0.00 M M 4.1 10 110 M M 3 17 130
2 58 43 51 6 14 0 0.03 M M 3.0 17 180 M M 10 12 24 180
3 56 32 44 -1 21 0 0.00 M M 4.8 15 10 M M 3 12 21 340
4 40 30 35 -9 30 0 0.11 M M 0.6 7 80 M M 8 1 10 80
5 51 39 45 1 20 0 0.02 M M 0.9 8 110 M M 10 1 12 120
6 70 51 61 17 4 0 0.00 M M 1.8 7 330 M M 8 1 10 320
7 61 56 59 15 6 0 0.25 M M 1.7 8 100 M M 10 18 13 120
8 60 55 58 15 7 0 0.76 M M 0.9 8 50 M M 10 1 11 100
9 65 48 57 14 8 0 0.00 M M 2.5 13 270 M M 5 12 16 270
10 55 48 52 9 13 0 0.30 M M 2.8 18 360 M M 9 1 25 350
11 53 49 51 8 14 0 0.00 M M 3.0 10 50 M M 10 12 110
12 49 45 47 5 18 0 0.00 M M 6.0 12 100 M M 10 1 19 80
13 60 45 53 11 12 0 0.92 M M 5.1 10 110 M M 9 123 18 110
14 57 38 48 6 17 0 0.11 M M 4.5 17 280 M M 7 12 21 290
15 48 31 40 -2 25 0 0.00 M M 10.9 23 280 M M 0 30 280
16 45 29 37 -5 28 0 0.00 M M 7.7 21 270 M M 1 27 280
17 44 25 35 -7 30 0 0.00 M M 9.1 26 280 M M 0 33 280
18 50 20 35 -7 30 0 0.00 M M 0.9 7 240 M M 0 8 220
19 43 33 38 -3 27 0 0.00 M M 4.4 10 100 M M 8 15 100
20 53 30 42 1 23 0 0.00 M M 3.4 12 20 M M 7 15 50
21 48 25 37 -4 28 0 0.00 M M 1.8 10 100 M M 3 15 100
22 43 3 23 -18 42 0 0.01 M M 9.2 28 270 M M 8 1 35 290
23 16 3 10 -31 55 0 0.00 M M 13.9 23 290 M M 2 30 260
24 30 12 21 -20 44 0 0.00 M M 8.5 16 280 M M 1 22 280
25 39 14 27 -14 38 0 0.00 M M 2.2 12 270 M M 0 14 320
26 50 26 38 -2 27 0 0.00 M M 4.6 21 320 M M 9 26 340
27 43 17 30 -10 35 0 0.00 M M 3.4 9 90 M M 0 13 210
28 63 24 44 4 21 0 0.00 M M 5.1 17 180 M M 2 24 180
29 73 59 66 26 0 1 0.01 M M 5.8 16 190 M M 5 22 170
30 62 47 55 15 10 0 0.23 M M 2.2 12 360 M M 6 12 14 340
31 65 44 55 15 10 0 0.00 M M 2.9 10 190 M M 5 1 16 180
================================================================================
SM 1600 1048 683 1 2.75 M 137.7 M 169
================================================================================
AV 51.6 33.8 4.4 FASTST M M 5 MAX(MPH)
MISC ----> 28 270 35 290
================================================================================
NOTES:
# LAST OF SEVERAL OCCURRENCES
COLUMN 17 PEAK WIND IN M.P.H.
PRELIMINARY LOCAL CLIMATOLOGICAL DATA (WS FORM: F-6) , PAGE 2
STATION: RUSSELLVILLE
MONTH: DECEMBER
YEAR: 2022
LATITUDE: 35 15 N
LONGITUDE: 93 6 W
[TEMPERATURE DATA] [PRECIPITATION DATA] SYMBOLS USED IN COLUMN 16
AVERAGE MONTHLY: 42.7 TOTAL FOR MONTH: 2.75 1 = FOG OR MIST
DPTR FM NORMAL: 0.6 DPTR FM NORMAL: -1.50 2 = FOG REDUCING VISIBILITY
HIGHEST: 73 ON 29 GRTST 24HR 0.98 ON 7- 8 TO 1/4 MILE OR LESS
LOWEST: 3 ON 23,22 3 = THUNDER
SNOW, ICE PELLETS, HAIL 4 = ICE PELLETS
TOTAL MONTH: M 5 = HAIL
GRTST 24HR M ON M 6 = FREEZING RAIN OR DRIZZLE
GRTST DEPTH: M ON M 7 = DUSTSTORM OR SANDSTORM:
VSBY 1/2 MILE OR LESS
8 = SMOKE OR HAZE
[NO. OF DAYS WITH] [WEATHER - DAYS WITH] 9 = BLOWING SNOW
X = TORNADO
MAX 32 OR BELOW: 2 0.01 INCH OR MORE: 11
MAX 90 OR ABOVE: 0 0.10 INCH OR MORE: 7
MIN 32 OR BELOW: 16 0.50 INCH OR MORE: 2
MIN 0 OR BELOW: 0 1.00 INCH OR MORE: 0
[HDD (BASE 65) ]
TOTAL THIS MO. 683 CLEAR (SCALE 0-3) 12
DPTR FM NORMAL -27 PTCLDY (SCALE 4-7) 10
TOTAL FM JUL 1 1292 CLOUDY (SCALE 8-10) 9
DPTR FM NORMAL -28
[CDD (BASE 65) ]
TOTAL THIS MO. 1
DPTR FM NORMAL 1 [PRESSURE DATA]
TOTAL FM JAN 1 2214 HIGHEST SLP 30.64 ON 23
DPTR FM NORMAL 227 LOWEST SLP 29.63 ON 13
[REMARKS]
#FINAL-12-22#