000
CXUS52 KTBW 080106
CF6GIF
PRELIMINARY LOCAL CLIMATOLOGICAL DATA (WS FORM: F-6)
STATION: WINTER HAVEN
MONTH: JANUARY
YEAR: 2023
LATITUDE: 28 4 N
LONGITUDE: 81 45 W
TEMPERATURE IN F: :PCPN: SNOW: WIND :SUNSHINE: SKY :PK WND
================================================================================
1 2 3 4 5 6A 6B 7 8 9 10 11 12 13 14 15 16 17 18
12Z AVG MX 2MIN
DY MAX MIN AVG DEP HDD CDD WTR SNW DPTH SPD SPD DIR MIN PSBL S-S WX SPD DR
================================================================================
1 81 66 74 12 0 9 0.00 0.0 0 2.3 8 360 M M 5 128 10 360
2 84 63 74 12 0 9 0.00 0.0 0 4.7 12 90 M M 4 12 16 90
3 85 63 74 12 0 9 0.00 0.0 0 6.2 16 160 M M 3 23 140
4 85 69 77 15 0 12 0.00 0.0 0 8.9 17 220 M M 6 1 24 200
5 80 63 72 10 0 7 0.70 0.0 0 8.1 17 210 M M 7 123 24 220
6 71 53 62 0 3 0 0.00 0.0 0 7.3 15 30 M M 0 20 20
7 73 48 61 -1 4 0 0.00 0.0 0 5.1 13 350 M M 0 16 350
8 77 52 65 3 0 0 0.00 0.0 0 3.7 13 310 M M 2 18 330
9 78 54 66 4 0 1 0.00 0.0 0 4.8 12 290 M M 0 18 17 340
10 74 52 63 1 2 0 0.00 0.0 0 5.0 13 310 M M 0 19 320
11 76 47 62 0 3 0 0.00 0.0 0 2.1 7 330 M M 0 10 340
12 79 51 65 3 0 0 0.00 0.0 0 6.1 15 190 M M 1 12 22 190
13 70 48 59 -3 6 0 0.16 0.0 0 13.8 25 300 M M 6 1 36 300
14 56 41 49 -13 16 0 0.00 0.0 0 13.7 21 320 M M 1 30 330
15 61 37 49 -13 16 0 0.00 0.0 0 5.6 15 360 M M 0 19 360
16 69 39 54 -8 11 0 0.00 0.0 0 1.7 8 340 M M 0 11 170
17 75 44 60 -2 5 0 0.00 0.0 0 4.0 14 220 M M 0 22 220
18 79 51 65 3 0 0 0.00 0.0 0 3.5 13 180 M M 0 12 17 160
19 82 57 70 8 0 5 T 0.0 0 7.6 16 210 M M 1 28 22 190
20 82 62 72 10 0 7 0.00 0.0 0 4.2 10 230 M M 5 14 260
21 72 60 66 4 0 1 T 0.0 0 6.6 13 50 M M 7 16 40
22 82 59 71 9 0 6 T 0.0 0 10.9 26 210 M M 4 36 200
23 71 51 61 -1 4 0 0.18 0.0 0 6.8 21 220 M M 5 1 33 220
24 76 49 63 1 2 0 0.00 0.0 0 9.3 16 100 M M 3 20 100
25 84 66 75 13 0 10 0.06 0.0 0 14.7 23 210 M M 2 1 32 210
26 68 49 59 -3 6 0 0.14 0.0 0 8.4 15 300 M M 5 1 22 300
27 65 46 56 -7 9 0 T 0.0 0 9.1 16 20 M M 0 24 20
28 69 48 59 -4 6 0 T 0.0 0 8.6 16 60 M M 8 21 70
29 83 59 71 8 0 6 0.00 0.0 0 6.0 15 150 M M 2 20 150
30 86 60 73 10 0 8 0.00 0.0 0 2.6 8 170 M M 3 12 170
31 83 61 72 9 0 7 0.00 0.0 0 2.6 10 200 M M 3 1 15 190
================================================================================
SM 2356 1668 93 97 1.24 0.0 204.0 M 83
================================================================================
AV 76.0 53.8 6.6 FASTST M M 3 MAX(MPH)
MISC ----> 26 210 # 36 300
================================================================================
NOTES:
# LAST OF SEVERAL OCCURRENCES
COLUMN 17 PEAK WIND IN M.P.H.
PRELIMINARY LOCAL CLIMATOLOGICAL DATA (WS FORM: F-6) , PAGE 2
STATION: WINTER HAVEN
MONTH: JANUARY
YEAR: 2023
LATITUDE: 28 4 N
LONGITUDE: 81 45 W
[TEMPERATURE DATA] [PRECIPITATION DATA] SYMBOLS USED IN COLUMN 16
AVERAGE MONTHLY: 64.9 TOTAL FOR MONTH: 1.24 1 = FOG OR MIST
DPTR FM NORMAL: 2.7 DPTR FM NORMAL: -1.25 2 = FOG REDUCING VISIBILITY
HIGHEST: 86 ON 30 GRTST 24HR 0.70 ON 5- 5 TO 1/4 MILE OR LESS
LOWEST: 37 ON 15 3 = THUNDER
SNOW, ICE PELLETS, HAIL 4 = ICE PELLETS
TOTAL MONTH: 0.0 INCH 5 = HAIL
GRTST 24HR 0.0 6 = FREEZING RAIN OR DRIZZLE
GRTST DEPTH: 0 7 = DUSTSTORM OR SANDSTORM:
VSBY 1/2 MILE OR LESS
8 = SMOKE OR HAZE
[NO. OF DAYS WITH] [WEATHER - DAYS WITH] 9 = BLOWING SNOW
X = TORNADO
MAX 32 OR BELOW: 0 0.01 INCH OR MORE: 5
MAX 90 OR ABOVE: 0 0.10 INCH OR MORE: 4
MIN 32 OR BELOW: 0 0.50 INCH OR MORE: 1
MIN 0 OR BELOW: 0 1.00 INCH OR MORE: 0
[HDD (BASE 65) ]
TOTAL THIS MO. 93 CLEAR (SCALE 0-3) 20
DPTR FM NORMAL -55 PTCLDY (SCALE 4-7) 10
TOTAL FM JUL 1 188 CLOUDY (SCALE 8-10) 1
DPTR FM NORMAL -101
[CDD (BASE 65) ]
TOTAL THIS MO. 97
DPTR FM NORMAL 35 [PRESSURE DATA]
TOTAL FM JAN 1 97 HIGHEST SLP 30.38 ON 28
DPTR FM NORMAL 35 LOWEST SLP 29.87 ON 13
[REMARKS]
#FINAL-01-23#