000
CXUS52 KTBW 061144
CF6GIF
PRELIMINARY LOCAL CLIMATOLOGICAL DATA (WS FORM: F-6)
STATION: WINTER HAVEN
MONTH: DECEMBER
YEAR: 2023
LATITUDE: 28 4 N
LONGITUDE: 81 45 W
TEMPERATURE IN F: :PCPN: SNOW: WIND :SUNSHINE: SKY :PK WND
================================================================================
1 2 3 4 5 6A 6B 7 8 9 10 11 12 13 14 15 16 17 18
12Z AVG MX 2MIN
DY MAX MIN AVG DEP HDD CDD WTR SNW DPTH SPD SPD DIR MIN PSBL S-S WX SPD DR
================================================================================
1 84 60 72 5 0 7 0.00 0.0 0 3.5 12 190 M M 1 17 170
2 85 69 77 10 0 12 0.00 0.0 0 4.0 13 170 M M 5 12 20 190
3 85 69 77 10 0 12 0.00 0.0 0 5.8 13 330 M M 7 128 17 280
4 84 62 73 7 0 8 0.00 0.0 0 7.0 17 280 M M 3 1 23 280
5 74 55 65 -1 0 0 0.00 0.0 0 5.5 15 300 M M 0 19 310
6 67 49 58 -8 7 0 0.00 0.0 0 9.8 20 330 M M 0 29 340
7 71 46 59 -7 6 0 0.00 0.0 0 6.7 13 350 M M 0 16 350
8 77 53 65 -1 0 0 0.00 0.0 0 5.4 13 110 M M 2 18 120
9 82 59 71 5 0 6 T 0.0 0 4.5 12 140 M M 2 16 140
10 83 63 73 7 0 8 0.68 0.0 0 9.0 23 290 M M 3 13 32 280
11 65 47 56 -9 9 0 0.00 0.0 0 10.4 21 300 M M 3 29 310
12 72 48 60 -5 5 0 0.00 0.0 0 11.7 20 40 M M 2 8 25 30
13 77 58 68 3 0 3 0.00 0.0 0 11.8 22 70 M M 2 30 50
14 74 61 68 3 0 3 0.00 0.0 0 13.8 29 70 M M 1 41 60
15 73 63 68 3 0 3 0.00 0.0 0 14.5 28 70 M M 2 39 70
16 68 64 66 2 0 1 1.52 0.0 0 12.8 26 120 M M 7 1 37 120
17 72 59 66 2 0 1 0.16 0.0 0 16.3 26 180 M M 9 1 38 210
18 68 51 60 -4 5 0 0.00 0.0 0 10.0 18 310 M M 1 26 290
19 63 46 55 -9 10 0 0.00 0.0 0 8.8 14 30 M M 0 21 20
20 69 47 58 -6 7 0 0.00 0.0 0 9.1 16 70 M M 4 22 40
21 73 54 64 0 1 0 0.00 0.0 0 10.1 20 50 M M 3 27 50
22 70 53 62 -2 3 0 0.00 0.0 0 6.2 15 60 M M 2 19 60
23 77 57 67 3 0 2 0.00 0.0 0 7.0 17 50 M M 4 24 50
24 72 55 64 1 1 0 0.00 0.0 0 6.2 17 80 M M 2 24 80
25 72 61 67 4 0 2 0.02 0.0 0 7.4 17 150 M M 5 26 160
26 77 60 69 6 0 4 0.02 0.0 0 6.2 13 280 M M 6 1 17 280
27 73 57 65 2 0 0 0.02 0.0 0 6.5 13 300 M M 6 18 290
28 64 55 60 -3 5 0 0.32 0.0 0 4.6 15 140 M M 9 1 22 150
29 62 46 54 -9 11 0 0.00 0.0 0 7.6 17 300 M M 3 1 25 290
30 62 45 54 -9 11 0 0.00 0.0 0 4.3 12 300 M M 2 16 280
31 68 44 56 -6 9 0 0.00 0.0 0 2.9 13 280 M M 1 1 17 290
================================================================================
SM 2263 1716 90 72 2.74 0.0 249.4 M 97
================================================================================
AV 73.0 55.4 8.0 FASTST M M 3 MAX(MPH)
MISC ----> 29 70 41 60
================================================================================
NOTES:
# LAST OF SEVERAL OCCURRENCES
COLUMN 17 PEAK WIND IN M.P.H.
PRELIMINARY LOCAL CLIMATOLOGICAL DATA (WS FORM: F-6) , PAGE 2
STATION: WINTER HAVEN
MONTH: DECEMBER
YEAR: 2023
LATITUDE: 28 4 N
LONGITUDE: 81 45 W
[TEMPERATURE DATA] [PRECIPITATION DATA] SYMBOLS USED IN COLUMN 16
AVERAGE MONTHLY: 64.2 TOTAL FOR MONTH: 2.74 1 = FOG OR MIST
DPTR FM NORMAL: -0.4 DPTR FM NORMAL: 0.06 2 = FOG REDUCING VISIBILITY
HIGHEST: 85 ON 3, 2 GRTST 24HR 1.68 ON 16-17 TO 1/4 MILE OR LESS
LOWEST: 44 ON 31 3 = THUNDER
SNOW, ICE PELLETS, HAIL 4 = ICE PELLETS
TOTAL MONTH: 0.0 INCH 5 = HAIL
GRTST 24HR 0.0 6 = FREEZING RAIN OR DRIZZLE
GRTST DEPTH: 0 7 = DUSTSTORM OR SANDSTORM:
VSBY 1/2 MILE OR LESS
8 = SMOKE OR HAZE
[NO. OF DAYS WITH] [WEATHER - DAYS WITH] 9 = BLOWING SNOW
X = TORNADO
MAX 32 OR BELOW: 0 0.01 INCH OR MORE: 7
MAX 90 OR ABOVE: 0 0.10 INCH OR MORE: 4
MIN 32 OR BELOW: 0 0.50 INCH OR MORE: 2
MIN 0 OR BELOW: 0 1.00 INCH OR MORE: 1
[HDD (BASE 65) ]
TOTAL THIS MO. 90 CLEAR (SCALE 0-3) 18
DPTR FM NORMAL -17 PTCLDY (SCALE 4-7) 11
TOTAL FM JUL 1 120 CLOUDY (SCALE 8-10) 2
DPTR FM NORMAL -22
[CDD (BASE 65) ]
TOTAL THIS MO. 72
DPTR FM NORMAL -23 [PRESSURE DATA]
TOTAL FM JAN 1 4141 HIGHEST SLP 30.38 ON 21
DPTR FM NORMAL 211 LOWEST SLP 29.48 ON 17
[REMARKS]
#FINAL-12-23#