000
CXUS52 KTBW 071301
CF6GIF
PRELIMINARY LOCAL CLIMATOLOGICAL DATA (WS FORM: F-6)
STATION: WINTER HAVEN
MONTH: DECEMBER
YEAR: 2021
LATITUDE: 28 4 N
LONGITUDE: 81 45 W
TEMPERATURE IN F: :PCPN: SNOW: WIND :SUNSHINE: SKY :PK WND
================================================================================
1 2 3 4 5 6A 6B 7 8 9 10 11 12 13 14 15 16 17 18
12Z AVG MX 2MIN
DY MAX MIN AVG DEP HDD CDD WTR SNW DPTH SPD SPD DIR MIN PSBL S-S WX SPD DR
================================================================================
1 79 50 65 -2 0 0 0.00 0.0 0 1.8 8 110 M M 1 10 110
2 76 56 66 -1 0 1 0.00 0.0 0 4.2 15 350 M M 0 19 360
3 77 51 64 -3 1 0 0.00 0.0 0 3.0 9 350 M M 2 12 14 10
4 78 51 65 -1 0 0 0.00 0.0 0 2.5 7 210 M M 2 12 14 130
5 80 56 68 2 0 3 0.00 0.0 0 4.1 10 130 M M 3 1 13 120
6 83 59 71 5 0 6 0.00 0.0 0 4.0 12 280 M M 3 12 15 230
7 82 61 72 6 0 7 0.00 0.0 0 2.7 10 130 M M 4 128 13 140
8 85 64 75 9 0 10 0.00 0.0 0 6.5 26 210 M M 5 12 36 210
9 82 67 75 9 0 10 0.00 0.0 0 2.5 8 210 M M 6 12 10 180
10 86 65 76 10 0 11 0.00 0.0 0 5.1 10 100 M M 4 12 13 110
11 85 64 75 10 0 10 0.00 0.0 0 3.7 9 220 M M 0 1 17 190
12 86 66 76 11 0 11 0.00 0.0 0 4.9 15 360 M M 3 12 18 360
13 85 63 74 9 0 9 0.00 0.0 0 5.4 13 60 M M 3 15 50
14 83 66 75 10 0 10 0.01 0.0 0 7.9 18 100 M M 6 1 23 90
15 82 64 73 8 0 8 0.08 0.0 0 8.6 20 80 M M 4 1 23 80
16 84 66 75 11 0 10 0.00 0.0 0 7.0 14 130 M M 1 18 120
17 82 62 72 8 0 7 0.00 0.0 0 6.4 14 130 M M 1 1 18 100
18 84 65 75 11 0 10 0.00 0.0 0 5.2 13 170 M M 1 12 16 170
19 84 70 77 13 0 12 0.00 0.0 0 7.0 16 280 M M 4 12 21 280
20 77 64 71 7 0 6 0.02 0.0 0 10.4 18 40 M M 9 18 23 30
21 72 60 66 2 0 1 0.95 0.0 0 11.3 22 60 M M 10 13 29 40
22 66 52 59 -5 6 0 0.00 0.0 0 11.0 20 310 M M 4 24 310
23 71 46 59 -5 6 0 0.00 0.0 0 6.4 13 340 M M 0 17 360
24 77 53 65 2 0 0 0.00 0.0 0 4.0 12 140 M M 0 24 90
25 79 54 67 4 0 2 0.00 0.0 0 3.3 14 280 M M 2 12 17 280
26 80 56 68 5 0 3 0.00 0.0 0 3.2 12 310 M M 0 12 14 300
27 79 57 68 5 0 3 0.00 0.0 0 1.9 8 270 M M 1 12 11 350
28 81 58 70 7 0 5 0.00 0.0 0 2.8 12 180 M M 2 1 19 190
29 83 63 73 10 0 8 0.00 0.0 0 5.4 13 170 M M 3 20 180
30 83 66 75 12 0 10 0.00 0.0 0 4.7 13 180 M M 3 12 16 180
31 84 67 76 14 0 11 0.00 0.0 0 3.7 10 210 M M 6 128 13 190
================================================================================
SM 2495 1862 13 184 1.06 0.0 160.6 M 93
================================================================================
AV 80.5 60.1 5.2 FASTST M M 3 MAX(MPH)
MISC ----> 26 210 36 210
================================================================================
NOTES:
# LAST OF SEVERAL OCCURRENCES
COLUMN 17 PEAK WIND IN M.P.H.
PRELIMINARY LOCAL CLIMATOLOGICAL DATA (WS FORM: F-6) , PAGE 2
STATION: WINTER HAVEN
MONTH: DECEMBER
YEAR: 2021
LATITUDE: 28 4 N
LONGITUDE: 81 45 W
[TEMPERATURE DATA] [PRECIPITATION DATA] SYMBOLS USED IN COLUMN 16
AVERAGE MONTHLY: 70.3 TOTAL FOR MONTH: 1.06 1 = FOG OR MIST
DPTR FM NORMAL: 5.7 DPTR FM NORMAL: -1.62 2 = FOG REDUCING VISIBILITY
HIGHEST: 86 ON 12,10 GRTST 24HR 0.97 ON 20-21 TO 1/4 MILE OR LESS
LOWEST: 46 ON 23 3 = THUNDER
SNOW, ICE PELLETS, HAIL 4 = ICE PELLETS
TOTAL MONTH: 0.0 INCH 5 = HAIL
GRTST 24HR 0.0 6 = FREEZING RAIN OR DRIZZLE
GRTST DEPTH: 0 7 = DUSTSTORM OR SANDSTORM:
VSBY 1/2 MILE OR LESS
8 = SMOKE OR HAZE
[NO. OF DAYS WITH] [WEATHER - DAYS WITH] 9 = BLOWING SNOW
X = TORNADO
MAX 32 OR BELOW: 0 0.01 INCH OR MORE: 4
MAX 90 OR ABOVE: 0 0.10 INCH OR MORE: 1
MIN 32 OR BELOW: 0 0.50 INCH OR MORE: 1
MIN 0 OR BELOW: 0 1.00 INCH OR MORE: 0
[HDD (BASE 65) ]
TOTAL THIS MO. 13 CLEAR (SCALE 0-3) 17
DPTR FM NORMAL -94 PTCLDY (SCALE 4-7) 12
TOTAL FM JUL 1 47 CLOUDY (SCALE 8-10) 2
DPTR FM NORMAL -95
[CDD (BASE 65) ]
TOTAL THIS MO. 184
DPTR FM NORMAL 89 [PRESSURE DATA]
TOTAL FM JAN 1 4140 HIGHEST SLP 30.35 ON 14
DPTR FM NORMAL 210 LOWEST SLP 29.66 ON 21
[REMARKS]
#FINAL-12-21#