000
CXUS52 KTBW 011000
CF6GIF
PRELIMINARY LOCAL CLIMATOLOGICAL DATA (WS FORM: F-6)
STATION: Winter Haven
MONTH: AUGUST
YEAR: 2020
LATITUDE: 28 4 N
LONGITUDE: 81 45 W
TEMPERATURE IN F: :PCPN: SNOW: WIND :SUNSHINE: SKY :PK WND
================================================================================
1 2 3 4 5 6A 6B 7 8 9 10 11 12 13 14 15 16 17 18
12Z AVG MX 2MIN
DY MAX MIN AVG DEP HDD CDD WTR SNW DPTH SPD SPD DIR MIN PSBL S-S WX SPD DR
================================================================================
1 96 79 88 5 0 23 0.00 0.0 0 6.9 17 70 M M 2 21 80
2 90 78 84 1 0 19 0.14 0.0 0 10.4 23 40 M M 3 138 28 40
3 94 76 85 2 0 20 0.00 0.0 0 6.2 13 290 M M 1 16 230
4 95 76 86 3 0 21 0.60 0.0 0 3.7 21 100 M M 5 13 26 250
5 92 76 84 1 0 19 0.05 0.0 0 4.8 23 180 M M 1 13 30 170
6 95 76 86 3 0 21 0.03 0.0 0 5.5 13 190 M M 1 3 16 190
7 95 76 86 3 0 21 0.17 0.0 0 3.4 22 270 M M 1 3 30 270
8 97 75 86 3 0 21 0.13 0.0 0 3.1 14 150 M M 2 13 17 160
9 97 78 88 5 0 23 0.09 0.0 0 4.3 20 320 M M 2 3 24 320
10 96 74 85 2 0 20 1.22 0.0 0 4.2 26 290 M M 2 13 36 260
11 95 76 86 3 0 21 0.00 0.0 0 2.9 17 350 M M 1 3 23 100
12 96 75 86 3 0 21 0.06 0.0 0 3.3 17 100 M M 0 13 22 90
13 96 76 86 3 0 21 0.04 0.0 0 5.2 14 10 M M 1 3 19 10
14 95 79 87 4 0 22 0.00 0.0 0 5.6 21 110 M M 1 27 130
15 93 78 86 3 0 21 0.04 0.0 0 4.4 24 240 M M 0 3 35 240
16 91 78 85 2 0 20 0.01 0.0 0 4.4 12 270 M M 0 3 16 230
17 95 77 86 3 0 21 0.01 0.0 0 4.0 24 290 M M 1 13 33 270
18 91 75 83 0 0 18 0.09 0.0 0 4.6 16 240 M M 3 13 23 240
19 84 75 80 -3 0 15 0.03 0.0 0 4.6 12 180 M M 0 1 23 210
20 93 74 84 1 0 19 0.58 0.0 0 6.9 21 100 M M 2 13 27 290
21 91 74 83 0 0 18 0.18 0.0 0 6.9 23 310 M M 3 3 32 310
22 90 75 83 0 0 18 0.58 0.0 0 5.4 21 80 M M 3 13 26 140
23 95 76 86 3 0 21 0.00 0.0 0 9.8 18 100 M M 2 25 100
24 95 80 88 5 0 23 T 0.0 0 12.5 25 100 M M 3 30 100
25 96 80 88 5 0 23 0.00 0.0 0 10.9 18 100 M M 2 22 100
26 95 79 87 4 0 22 0.03 0.0 0 8.5 21 90 M M 2 38 26 90
27 96 78 87 4 0 22 0.87 0.0 0 6.6 21 150 M M 2 138 26 140
28 94 77 86 3 0 21 0.00 0.0 0 4.5 18 310 M M 1 38 22 310
29 93 78 86 3 0 21 0.57 0.0 0 4.6 13 130 M M 3 13 17 210
30 86 75 81 -2 0 16 0.33 0.0 0 6.3 22 210 M M 3 13 29 240
31 87 75 81 -2 0 16 0.90 0.0 0 6.4 22 360 M M 2 138 26 360
================================================================================
SM 2894 2374 0 628 6.75 0.0 180.8 M 55
================================================================================
AV 93.4 76.6 5.8 FASTST M M 2 MAX(MPH)
MISC ----> # 26 290 # 36 260
================================================================================
NOTES:
# LAST OF SEVERAL OCCURRENCES
COLUMN 17 PEAK WIND IN M.P.H.
PRELIMINARY LOCAL CLIMATOLOGICAL DATA (WS FORM: F-6) , PAGE 2
STATION: Winter Haven
MONTH: AUGUST
YEAR: 2020
LATITUDE: 28 4 N
LONGITUDE: 81 45 W
[TEMPERATURE DATA] [PRECIPITATION DATA] SYMBOLS USED IN COLUMN 16
AVERAGE MONTHLY: 85.0 TOTAL FOR MONTH: 6.75 1 = FOG OR MIST
DPTR FM NORMAL: 1.8 DPTR FM NORMAL: -1.11 2 = FOG REDUCING VISIBILITY
HIGHEST: 97 ON 9, 8 GRTST 24HR 1.22 ON 10-10 TO 1/4 MILE OR LESS
LOWEST: 74 ON 21,20 3 = THUNDER
SNOW, ICE PELLETS, HAIL 4 = ICE PELLETS
TOTAL MONTH: 0.0 INCH 5 = HAIL
GRTST 24HR 0.0 6 = FREEZING RAIN OR DRIZZLE
GRTST DEPTH: 0 7 = DUSTSTORM OR SANDSTORM:
VSBY 1/2 MILE OR LESS
8 = SMOKE OR HAZE
[NO. OF DAYS WITH] [WEATHER - DAYS WITH] 9 = BLOWING SNOW
X = TORNADO
MAX 32 OR BELOW: 0 0.01 INCH OR MORE: 23
MAX 90 OR ABOVE: 28 0.10 INCH OR MORE: 12
MIN 32 OR BELOW: 0 0.50 INCH OR MORE: 7
MIN 0 OR BELOW: 0 1.00 INCH OR MORE: 1
[HDD (BASE 65) ]
TOTAL THIS MO. 0 CLEAR (SCALE 0-3) 30
DPTR FM NORMAL 0 PTCLDY (SCALE 4-7) 1
TOTAL FM JUL 1 0 CLOUDY (SCALE 8-10) 0
DPTR FM NORMAL 0
[CDD (BASE 65) ]
TOTAL THIS MO. 628
DPTR FM NORMAL 70 [PRESSURE DATA]
TOTAL FM JAN 1 3159 HIGHEST SLP 30.19 ON 8
DPTR FM NORMAL 670 LOWEST SLP 29.83 ON 2
[REMARKS]
#FINAL-08-20#