000
CXUS54 KBMX 261010
CF6MGM
PRELIMINARY LOCAL CLIMATOLOGICAL DATA (WS FORM: F-6)
STATION: MONTGOMERY
MONTH: APRIL
YEAR: 2024
LATITUDE: 32 17 N
LONGITUDE: 86 24 W
TEMPERATURE IN F: :PCPN: SNOW: WIND :SUNSHINE: SKY :PK WND
================================================================================
1 2 3 4 5 6A 6B 7 8 9 10 11 12 13 14 15 16 17 18
12Z AVG MX 2MIN
DY MAX MIN AVG DEP HDD CDD WTR SNW DPTH SPD SPD DIR MIN PSBL S-S WX SPD DR
================================================================================
1 81 62 72 10 0 7 0.00 0.0 M 5.9 14 190 M M 4 1 21 180
2 82 66 74 11 0 9 0.31 0.0 M 9.9 30 270 M M 7 13 45 270
3 70 49 60 -3 5 0 0.00 0.0 0 14.1 25 280 M M 4 38 240
4 69 43 56 -7 9 0 0.00 0.0 M 10.9 25 290 M M 0 35 290
5 71 39 55 -8 10 0 0.00 0.0 M 6.1 17 280 M M 0 24 270
6 69 41 55 -9 10 0 0.00 0.0 M 3.7 10 340 M M 0 16 40
7 79 42 61 -3 4 0 0.00 0.0 0 4.2 12 160 M M 0 16 180
8 78 52 65 1 0 0 0.08 0.0 0 4.6 13 150 M M 5 1 18 160
9 74 61 68 4 0 3 T 0.0 0 8.8 17 110 M M 6 1 23 110
10 74 59 67 3 0 2 1.10 0.0 0 11.2 38 100 M M 5 13 51 100
11 72 51 62 -3 3 0 0.01 0.0 0 12.1 31 260 M M 7 1 45 260
12 74 48 61 -4 4 0 0.00 0.0 0 11.1 25 300 M M 0 38 320
13 82 41 62 -3 3 0 0.00 0.0 0 4.7 12 280 M M 0 18 290
14 85 50 68 3 0 3 0.00 0.0 0 5.0 12 220 M M 0 20 250
15 84 49 67 1 0 2 0.00 0.0 0 4.3 13 210 M M 0 8 15 210
16 84 62 73 7 0 8 0.00 0.0 0 6.4 16 180 M M 3 8 20 150
17 81 60 71 5 0 6 0.00 0.0 0 4.2 13 230 M M 1 20 230
18 83 65 74 8 0 9 0.00 0.0 0 4.9 15 260 M M 3 18 21 270
19 86 65 76 10 0 11 0.00 0.0 0 3.8 12 230 M M 5 1 15 250
20 82 62 72 5 0 7 0.84 0.0 0 5.0 18 310 M M 4 1238 23 300
21 68 49 59 -8 6 0 0.24 0.0 0 9.5 20 280 M M 6 1 25 310
22 70 41 56 -11 9 0 0.00 0.0 0 5.4 15 30 M M 0 23 340
23 76 41 59 -8 6 0 0.00 0.0 0 4.3 13 150 M M 0 1 19 170
24 80 50 65 -3 0 0 0.00 0.0 M 4.8 13 280 M M 2 1 18 240
25 85 58 72 4 0 7 0.00 0.0 M 1.6 9 200 M M 2 1 13 210
================================================================================
SM 1939 1306 69 74 2.58 0.0 166.5 M 64
================================================================================
AV 77.6 52.2 6.7 FASTST M M 3 MAX(MPH)
MISC ----> 38 100 51 100
================================================================================
NOTES:
# LAST OF SEVERAL OCCURRENCES
COLUMN 17 PEAK WIND IN M.P.H.
PRELIMINARY LOCAL CLIMATOLOGICAL DATA (WS FORM: F-6) , PAGE 2
STATION: MONTGOMERY
MONTH: APRIL
YEAR: 2024
LATITUDE: 32 17 N
LONGITUDE: 86 24 W
[TEMPERATURE DATA] [PRECIPITATION DATA] SYMBOLS USED IN COLUMN 16
AVERAGE MONTHLY: 64.9 TOTAL FOR MONTH: 2.58 1 = FOG OR MIST
DPTR FM NORMAL: -0.2 DPTR FM NORMAL: -0.82 2 = FOG REDUCING VISIBILITY
HIGHEST: 86 ON 19 GRTST 24HR 1.11 ON 10-11 TO 1/4 MILE OR LESS
LOWEST: 39 ON 5 3 = THUNDER
SNOW, ICE PELLETS, HAIL 4 = ICE PELLETS
TOTAL MONTH: 0.0 INCH 5 = HAIL
GRTST 24HR 0.0 6 = FREEZING RAIN OR DRIZZLE
GRTST DEPTH: 0 7 = DUSTSTORM OR SANDSTORM:
VSBY 1/2 MILE OR LESS
8 = SMOKE OR HAZE
[NO. OF DAYS WITH] [WEATHER - DAYS WITH] 9 = BLOWING SNOW
X = TORNADO
MAX 32 OR BELOW: 0 0.01 INCH OR MORE: 6
MAX 90 OR ABOVE: 0 0.10 INCH OR MORE: 4
MIN 32 OR BELOW: 0 0.50 INCH OR MORE: 2
MIN 0 OR BELOW: 0 1.00 INCH OR MORE: 1
[HDD (BASE 65) ]
TOTAL THIS MO. 69 CLEAR (SCALE 0-3) 13
DPTR FM NORMAL 0 PTCLDY (SCALE 4-7) 12
TOTAL FM JUL 1 1849 CLOUDY (SCALE 8-10) 0
DPTR FM NORMAL -136
[CDD (BASE 65) ]
TOTAL THIS MO. 74
DPTR FM NORMAL 3 [PRESSURE DATA]
TOTAL FM JAN 1 97 HIGHEST SLP M ON M
DPTR FM NORMAL -26 LOWEST SLP 29.53 ON 3
[REMARKS]