000
CXUS54 KFWD 010731
CF6ILE
PRELIMINARY LOCAL CLIMATOLOGICAL DATA (WS FORM: F-6)
STATION: KILLEEN SKYLARK
MONTH: APRIL
YEAR: 2020
LATITUDE: 31 4 N
LONGITUDE: 97 41 W
TEMPERATURE IN F: :PCPN: SNOW: WIND :SUNSHINE: SKY :PK WND
================================================================================
1 2 3 4 5 6A 6B 7 8 9 10 11 12 13 14 15 16 17 18
12Z AVG MX 2MIN
DY MAX MIN AVG DEP HDD CDD WTR SNW DPTH SPD SPD DIR MIN PSBL S-S WX SPD DR
================================================================================
1 75 50 63 1 2 0 0.00 0.0 0 9.8 17 160 M M 0 23 150
2 70 59 65 3 0 0 0.07 0.0 0 11.6 17 160 M M 9 138 23 160
3 73 42 58 -4 7 0 0.04 0.0 0 10.2 16 330 M M 10 13 22 330
4 51 42 47 -16 18 0 T 0.0 0 8.7 14 340 M M 10 13 M M
5 65 47 56 -7 9 0 0.00 0.0 0 5.8 10 130 M M 10 1 M M
6 74 60 67 4 0 2 0.00 0.0 0 5.5 10 150 M M 7 18 M M
7 91 67 79 16 0 14 0.00 0.0 0 9.5 14 200 M M 2 1 17 200
8 93 71 82 18 0 17 0.00 0.0 0 7.5 13 270 M M 1 1 21 260
9 84 63 74 10 0 9 0.03 0.0 0 4.7 13 30 M M 2 13 17 360
10 73 55 64 0 1 0 0.00 0.0 0 9.0 13 50 M M 0 16 120
11 72 57 65 1 0 0 T 0.0 0 9.3 14 170 M M 8 1 21 170
12 83 51 67 2 0 2 0.45 0.0 0 12.7 21 280 M M 4 13 37 260
13 59 40 50 -15 15 0 0.00 0.0 0 12.8 20 360 M M 0 28 360
14 60 43 52 -13 13 0 0.00 0.0 0 11.3 16 20 M M 5 18 20
15 66 37 52 -13 13 0 0.00 0.0 0 4.7 9 130 M M 0 M M
16 76 48 62 -4 3 0 0.00 0.0 0 11.5 17 170 M M 0 30 140
17 66 52 59 -7 6 0 T 0.0 0 9.9 16 340 M M 9 1 23 340
18 61 52 57 -9 8 0 T 0.0 0 7.7 13 20 M M 10 1 M M
19 89 57 73 7 0 8 0.01 0.0 0 7.7 24 280 M M 4 1 32 300
20 79 58 69 3 0 4 0.00 0.0 0 6.8 10 120 M M 3 1 M M
21 84 63 74 7 0 9 0.00 0.0 0 10.1 17 150 M M 4 1 23 150
22 85 63 74 7 0 9 0.00 0.0 0 9.7 15 180 M M 6 13 21 160
23 85 59 72 5 0 7 0.00 0.0 0 8.0 12 330 M M 0 M M
24 96 61 79 12 0 14 0.00 0.0 0 12.9 20 250 M M 0 32 330
25 77 57 67 -1 0 2 0.00 0.0 0 9.3 15 10 M M 3 23 10
26 83 50 67 -1 0 2 0.00 0.0 0 6.4 14 140 M M 0 20 140
27 86 61 74 6 0 9 0.00 0.0 0 14.2 23 160 M M 0 32 180
28 90 71 81 13 0 16 0.00 0.0 0 14.2 21 160 M M 5 31 160
29 81 59 70 1 0 5 0.90 0.0 0 11.1 18 350 M M 3 13 30 10
30 84 50 67 -2 0 2 0.00 0.0 0 5.6 10 140 M M 0 M M
================================================================================
SM 2311 1645 95 131 1.50 0.0 278.2 M 115
================================================================================
AV 77.0 54.8 9.3 FASTST M M 4 MAX(MPH)
MISC ----> # 24 280 # 37 260
================================================================================
NOTES:
# LAST OF SEVERAL OCCURRENCES
COLUMN 17 PEAK WIND IN M.P.H.
PRELIMINARY LOCAL CLIMATOLOGICAL DATA (WS FORM: F-6) , PAGE 2
STATION: KILLEEN SKYLARK
MONTH: APRIL
YEAR: 2020
LATITUDE: 31 4 N
LONGITUDE: 97 41 W
[TEMPERATURE DATA] [PRECIPITATION DATA] SYMBOLS USED IN COLUMN 16
AVERAGE MONTHLY: 65.9 TOTAL FOR MONTH: 1.50 1 = FOG OR MIST
DPTR FM NORMAL: 0.5 DPTR FM NORMAL: -0.60 2 = FOG REDUCING VISIBILITY
HIGHEST: 96 ON 24 GRTST 24HR 0.90 ON 29-29 TO 1/4 MILE OR LESS
LOWEST: 37 ON 15 3 = THUNDER
SNOW, ICE PELLETS, HAIL 4 = ICE PELLETS
TOTAL MONTH: 0.0 INCH 5 = HAIL
GRTST 24HR 0.0 6 = FREEZING RAIN OR DRIZZLE
GRTST DEPTH: 0 7 = DUSTSTORM OR SANDSTORM:
VSBY 1/2 MILE OR LESS
8 = SMOKE OR HAZE
[NO. OF DAYS WITH] [WEATHER - DAYS WITH] 9 = BLOWING SNOW
X = TORNADO
MAX 32 OR BELOW: 0 0.01 INCH OR MORE: 6
MAX 90 OR ABOVE: 4 0.10 INCH OR MORE: 2
MIN 32 OR BELOW: 0 0.50 INCH OR MORE: 1
MIN 0 OR BELOW: 0 1.00 INCH OR MORE: 0
[HDD (BASE 65) ]
TOTAL THIS MO. 95 CLEAR (SCALE 0-3) 15
DPTR FM NORMAL 13 PTCLDY (SCALE 4-7) 8
TOTAL FM JUL 1 1796 CLOUDY (SCALE 8-10) 7
DPTR FM NORMAL -360
[CDD (BASE 65) ]
TOTAL THIS MO. 131
DPTR FM NORMAL 38 [PRESSURE DATA]
TOTAL FM JAN 1 250 HIGHEST SLP M ON M
DPTR FM NORMAL 121 LOWEST SLP M ON M
[REMARKS]
#FINAL-04-20#