000
CDUS43 KFSD 080633
CLIHON

CLIMATE REPORT
NATIONAL WEATHER SERVICE SIOUX FALLS SD
133 AM CDT WED APR 08 2020

...................................

...THE HURON CLIMATE SUMMARY FOR APRIL 7 2020...

CLIMATE NORMAL PERIOD: 1981 TO 2010
CLIMATE RECORD PERIOD: 1881 TO 2020


WEATHER ITEM   OBSERVED TIME   RECORD YEAR NORMAL DEPARTURE LAST
                VALUE   (LST)  VALUE       VALUE  FROM      YEAR
                                                  NORMAL
...................................................................
TEMPERATURE (F)
 YESTERDAY
  MAXIMUM         73   4:40 PM  82    1970  55     18       72
                                      1988
  MINIMUM         45  11:29 PM   9    1936  31     14       48
                                      2018
  AVERAGE         59                        43     16       60

PRECIPITATION (IN)
  YESTERDAY        0.00          1.10 2000   0.07  -0.07     0.01
  MONTH TO DATE    0.21                      0.46  -0.25     0.10
  SINCE MAR 1      1.09                      1.92  -0.83     2.29
  SINCE JAN 1      2.63                      3.02  -0.39     4.17

SNOWFALL (IN)
  YESTERDAY        0.0          11.0  2000   0.2   -0.2      0.0
  MONTH TO DATE    0.7                       1.3   -0.6      0.7
  SINCE MAR 1      1.3                      10.2   -8.9      8.4
  SINCE JUL 1     48.4                      41.2    7.2     44.4
  SNOW DEPTH       0

DEGREE DAYS
 HEATING
  YESTERDAY        6                        22    -16        5
  MONTH TO DATE  162                       165     -3      134
  SINCE MAR 1   1035                      1152   -117     1375
  SINCE JUL 1   6908                      6984    -76     7791

 COOLING
  YESTERDAY        0                         0      0        0
  MONTH TO DATE    0                         0      0        0
  SINCE MAR 1      0                         0      0        0
  SINCE JAN 1      0                         0      0        0
...................................................................


WIND (MPH)
  HIGHEST WIND SPEED    22   HIGHEST WIND DIRECTION    NW (300)
  HIGHEST GUST SPEED    30   HIGHEST GUST DIRECTION     W (290)
  AVERAGE WIND SPEED     6.1


SKY COVER
  POSSIBLE SUNSHINE  MM
  AVERAGE SKY COVER 0.1


WEATHER CONDITIONS
THE FOLLOWING WEATHER WAS RECORDED YESTERDAY.
  NO SIGNIFICANT WEATHER WAS OBSERVED.


RELATIVE HUMIDITY (PERCENT)
 HIGHEST    93           3:00 AM
 LOWEST     34           5:00 PM
 AVERAGE    64

..........................................................


THE HURON CLIMATE NORMALS FOR TODAY
                         NORMAL    RECORD    YEAR
 MAXIMUM TEMPERATURE (F)   55        94      1887
 MINIMUM TEMPERATURE (F)   31         7      2007


SUNRISE AND SUNSET
APRIL  8 2020.........SUNRISE   7:00 AM CDT   SUNSET   8:10 PM CDT
APRIL  9 2020.........SUNRISE   6:59 AM CDT   SUNSET   8:11 PM CDT


-  INDICATES NEGATIVE NUMBERS.
R  INDICATES RECORD WAS SET OR TIED.
MM INDICATES DATA IS MISSING.
T  INDICATES TRACE AMOUNT.




$$
