878
CXUS54 KHGX 011602
CF6GLS
PRELIMINARY LOCAL CLIMATOLOGICAL DATA (WS FORM: F-6)
STATION: GALVESTON
MONTH: JANUARY
YEAR: 2021
LATITUDE: 29 16 N
LONGITUDE: 94 52 W
TEMPERATURE IN F: :PCPN: SNOW: WIND :SUNSHINE: SKY :PK WND
================================================================================
1 2 3 4 5 6A 6B 7 8 9 10 11 12 13 14 15 16 17 18
12Z AVG MX 2MIN
DY MAX MIN AVG DEP HDD CDD WTR SNW DPTH SPD SPD DIR MIN PSBL S-S WX SPD DR
================================================================================
1 56 42 49 -6 16 0 0.00 0.0 0 11.3 23 280 M M 0 29 230
2 59 43 51 -4 14 0 0.00 0.0 0 8.0 16 310 M M 3 21 320
3 64 46 55 0 10 0 0.00 0.0 0 8.1 17 170 M M 0 21 180
4 72 56 64 9 1 0 0.00 0.0 0 6.2 13 200 M M 0 1 17 220
5 65 55 60 5 5 0 0.00 0.0 0 8.8 16 90 M M 4 12 21 100
6 70 54 62 7 3 0 0.21 0.0 0 13.9 31 180 M M 5 13 39 270
7 61 50 56 1 9 0 0.00 0.0 0 15.6 21 340 M M 1 27 350
8 54 46 50 -5 15 0 0.00 0.0 0 15.0 23 350 M M 6 30 360
9 53 44 49 -6 16 0 0.00 0.0 0 8.8 14 30 M M 2 19 30
10 51 40 46 -9 19 0 0.44 0.0 0 19.8 32 360 M M 10 1 40 360
11 47 39 43 -12 22 0 0.00 0.0 0 18.4 28 340 M M 10 33 340
12 48 39 44 -11 21 0 0.00 0.0 0 6.7 15 340 M M 5 8 18 350
13 57 42 50 -5 15 0 0.00 0.0 0 7.7 15 190 M M 2 18 180
14 69 47 58 3 7 0 0.00 0.0 0 11.5 26 220 M M 0 35 220
15 62 46 54 -1 11 0 0.00 0.0 0 13.0 26 280 M M 0 35 280
16 61 44 53 -2 12 0 0.00 0.0 0 7.6 16 280 M M 4 8 20 270
17 68 44 56 1 9 0 0.00 0.0 0 4.5 12 190 M M 2 13 200
18 65 47 56 1 9 0 0.00 0.0 0 10.4 21 140 M M 4 26 140
19 70 60 65 10 0 0 0.00 0.0 0 12.9 22 130 M M 5 27 150
20 63 59 61 6 4 0 0.00 0.0 0 8.8 14 100 M M 10 128 17 70
21 70 61 66 11 0 1 0.14 0.0 0 9.2 15 190 M M 10 128 20 200
22 70 61 66 11 0 1 T 0.0 0 4.4 10 30 M M 10 18 14 120
23 64 60 62 7 3 0 0.02 0.0 0 12.1 18 80 M M 10 128 24 80
24 73 61 67 12 0 2 0.00 0.0 0 14.0 24 160 M M 9 128 31 170
25 74 64 69 14 0 4 T 0.0 0 10.6 16 170 M M 10 18 20 140
26 75 63 69 14 0 4 0.00 0.0 0 9.9 20 80 M M 9 1 25 80
27 70 55 63 8 2 0 0.00 0.0 0 19.7 33 350 M M 4 12 40 350
28 58 45 52 -4 13 0 0.00 0.0 0 11.7 24 10 M M 0 28 30
29 61 51 56 0 9 0 0.00 0.0 0 11.8 20 90 M M 4 24 80
30 72 59 66 10 0 1 0.00 0.0 0 13.0 23 160 M M 8 1 27 160
31 72 56 64 8 1 0 0.00 0.0 0 15.9 30 340 M M 3 1 35 350
================================================================================
SM 1974 1579 246 13 0.81 0.0 349.3 M 150
================================================================================
AV 63.7 50.9 11.3 FASTST M M 5 MAX(MPH)
MISC ----> 33 350 # 40 360
================================================================================
NOTES:
# LAST OF SEVERAL OCCURRENCES
COLUMN 17 PEAK WIND IN M.P.H.
PRELIMINARY LOCAL CLIMATOLOGICAL DATA (WS FORM: F-6) , PAGE 2
STATION: GALVESTON
MONTH: JANUARY
YEAR: 2021
LATITUDE: 29 16 N
LONGITUDE: 94 52 W
[TEMPERATURE DATA] [PRECIPITATION DATA] SYMBOLS USED IN COLUMN 16
AVERAGE MONTHLY: 57.3 TOTAL FOR MONTH: 0.81 1 = FOG OR MIST
DPTR FM NORMAL: 2.1 DPTR FM NORMAL: -3.39 2 = FOG REDUCING VISIBILITY
HIGHEST: 75 ON 26 GRTST 24HR 1.24 ON 9-10 TO 1/4 MILE OR LESS
LOWEST: 39 ON 11,12 3 = THUNDER
SNOW, ICE PELLETS, HAIL 4 = ICE PELLETS
TOTAL MONTH: 0.0 INCH 5 = HAIL
GRTST 24HR 0.0 6 = FREEZING RAIN OR DRIZZLE
GRTST DEPTH: 0 7 = DUSTSTORM OR SANDSTORM:
VSBY 1/2 MILE OR LESS
8 = SMOKE OR HAZE
[NO. OF DAYS WITH] [WEATHER - DAYS WITH] 9 = BLOWING SNOW
X = TORNADO
MAX 32 OR BELOW: 0 0.01 INCH OR MORE: 4
MAX 90 OR ABOVE: 0 0.10 INCH OR MORE: 3
MIN 32 OR BELOW: 0 0.50 INCH OR MORE: 0
MIN 0 OR BELOW: 0 1.00 INCH OR MORE: 0
[HDD (BASE 65) ]
TOTAL THIS MO. 246 CLEAR (SCALE 0-3) 12
DPTR FM NORMAL -63 PTCLDY (SCALE 4-7) 9
TOTAL FM JUL 1 484 CLOUDY (SCALE 8-10) 10
DPTR FM NORMAL -186
[CDD (BASE 65) ]
TOTAL THIS MO. 13
DPTR FM NORMAL 8 [PRESSURE DATA]
TOTAL FM JAN 1 13 HIGHEST SLP 30.58 ON 28
DPTR FM NORMAL 8 LOWEST SLP 29.70 ON 25
[REMARKS]
#FINAL-01-21#